185.215.232.215 - - [08/Aug/2026:16:50:03 -0400] "GET /?o=99750224790 HTTP/1.1" 200 30102 "-" "Mozilla/5.0 (Linux; Android 6.0.1; Nexus 5X Build/MMB29P) AppleWebKit/537.36 (KHTML, like Gecko) Chrome/150.0.7871.186 Mobile Safari/537.36 (compatible; GoogleOther)"
185.215.232.215 - - [08/Aug/2026:16:50:03 -0400] "GET /?j=17741193841 HTTP/1.1" 200 28948 "-" "Mozilla/5.0 (Linux; Android 6.0.1; Nexus 5X Build/MMB29P) AppleWebKit/537.36 (KHTML, like Gecko) Chrome/150.0.7871.186 Mobile Safari/537.36 (compatible; Googlebot/2.1; +http://www.google.com/bot.html)"
37.32.19.3 - - [08/Aug/2026:16:50:04 -0400] "POST /wp-admin/admin-ajax.php HTTP/1.1" 200 233 "https://shambazaar.ir/my-account" "Mozilla/5.0 (Windows NT 10.0; Win64; x64) AppleWebKit/537.36 (KHTML, like Gecko) Chrome/149.0.0.0 Safari/537.36"
185.215.232.215 - - [08/Aug/2026:16:50:05 -0400] "GET /?b=70539264988 HTTP/1.1" 200 29375 "-" "Mozilla/5.0 (Linux; Android 6.0.1; Nexus 5X Build/MMB29P) AppleWebKit/537.36 (KHTML, like Gecko) Chrome/150.0.7871.186 Mobile Safari/537.36 (compatible; GoogleOther)"
37.32.19.3 - - [08/Aug/2026:16:50:06 -0400] "POST /wp-admin/admin-ajax.php HTTP/1.1" 200 121 "https://shambazaar.ir/" "Mozilla/5.0 (Windows NT 10.0; Win64; x64) AppleWebKit/537.36 (KHTML, like Gecko) Chrome/149.0.0.0 Safari/537.36"
37.32.19.3 - - [08/Aug/2026:16:50:07 -0400] "POST /my-account HTTP/1.1" 302 5 "https://shambazaar.ir/my-account" "Mozilla/5.0 (Windows NT 10.0; Win64; x64) AppleWebKit/537.36 (KHTML, like Gecko) Chrome/149.0.0.0 Safari/537.36"
185.215.232.215 - - [08/Aug/2026:16:50:07 -0400] "GET /?o=99750309777 HTTP/1.1" 200 29998 "-" "Mozilla/5.0 (Linux; Android 6.0.1; Nexus 5X Build/MMB29P) AppleWebKit/537.36 (KHTML, like Gecko) Chrome/150.0.7871.186 Mobile Safari/537.36 (compatible; GoogleOther)"
185.215.232.215 - - [08/Aug/2026:16:50:08 -0400] "GET /hiroshi.php?u=87848125483 HTTP/1.1" 200 29536 "-" "Mozilla/5.0 (Linux; Android 6.0.1; Nexus 5X Build/MMB29P) AppleWebKit/537.36 (KHTML, like Gecko) Chrome/150.0.7871.186 Mobile Safari/537.36 (compatible; GoogleOther)"
37.32.19.3 - - [08/Aug/2026:16:50:08 -0400] "GET /%D8%AD%D8%B3%D8%A7%D8%A8-%DA%A9%D8%A7%D8%B1%D8%A8%D8%B1%DB%8C-%D8%B4%D9%85%D8%B9-%D8%A8%D8%A7%D8%B2%D8%A7%D8%B1-%D8%AD%D8%B3%D8%A7%D8%A8-%DA%A9%D8%A7%D8%B1%D8%A8%D8%B1%DB%8C-%D9%85%D9%86-%D8%B4%D9%85 HTTP/1.1" 301 5 "https://shambazaar.ir/my-account" "Mozilla/5.0 (Windows NT 10.0; Win64; x64) AppleWebKit/537.36 (KHTML, like Gecko) Chrome/149.0.0.0 Safari/537.36"
185.215.232.215 - - [08/Aug/2026:16:50:10 -0400] "GET /?f=39967155609 HTTP/1.1" 200 29665 "-" "Mozilla/5.0 (Linux; Android 6.0.1; Nexus 5X Build/MMB29P) AppleWebKit/537.36 (KHTML, like Gecko) Chrome/150.0.7871.186 Mobile Safari/537.36 (compatible; GoogleOther)"
37.32.19.3 - - [08/Aug/2026:16:50:10 -0400] "GET /%D8%AD%D8%B3%D8%A7%D8%A8-%DA%A9%D8%A7%D8%B1%D8%A8%D8%B1%DB%8C-%D8%B4%D9%85%D8%B9-%D8%A8%D8%A7%D8%B2%D8%A7%D8%B1-%D8%AD%D8%B3%D8%A7%D8%A8-%DA%A9%D8%A7%D8%B1%D8%A8%D8%B1%DB%8C-%D9%85%D9%86-%D8%B4%D9%85/ HTTP/1.1" 200 27271 "https://shambazaar.ir/my-account" "Mozilla/5.0 (Windows NT 10.0; Win64; x64) AppleWebKit/537.36 (KHTML, like Gecko) Chrome/149.0.0.0 Safari/537.36"
185.215.232.215 - - [08/Aug/2026:16:50:10 -0400] "GET /?j=17741142989 HTTP/1.1" 200 29667 "-" "Mozilla/5.0 (Linux; Android 6.0.1; Nexus 5X Build/MMB29P) AppleWebKit/537.36 (KHTML, like Gecko) Chrome/150.0.7871.186 Mobile Safari/537.36 (compatible; GoogleOther)"
37.32.19.3 - - [08/Aug/2026:16:50:12 -0400] "POST /wp-admin/admin-ajax.php HTTP/1.1" 200 121 "https://shambazaar.ir/" "Mozilla/5.0 (Windows NT 10.0; Win64; x64) AppleWebKit/537.36 (KHTML, like Gecko) Chrome/149.0.0.0 Safari/537.36"
185.215.232.215 - - [08/Aug/2026:16:50:12 -0400] "GET /?o=9975085383 HTTP/1.1" 200 29147 "-" "Mozilla/5.0 (Linux; Android 6.0.1; Nexus 5X Build/MMB29P) AppleWebKit/537.36 (KHTML, like Gecko) Chrome/150.0.7871.186 Mobile Safari/537.36 (compatible; Googlebot/2.1; +http://www.google.com/bot.html)"
185.215.232.215 - - [08/Aug/2026:16:50:13 -0400] "GET /?f=3996729940 HTTP/1.1" 200 29062 "-" "Mozilla/5.0 (Linux; Android 6.0.1; Nexus 5X Build/MMB29P) AppleWebKit/537.36 (KHTML, like Gecko) Chrome/150.0.7871.186 Mobile Safari/537.36 (compatible; GoogleOther)"
185.215.232.215 - - [08/Aug/2026:16:50:13 -0400] "GET /?p=28381198221 HTTP/1.1" 200 29390 "-" "Mozilla/5.0 (Linux; Android 6.0.1; Nexus 5X Build/MMB29P) AppleWebKit/537.36 (KHTML, like Gecko) Chrome/150.0.7871.186 Mobile Safari/537.36 (compatible; Googlebot/2.1; +http://www.google.com/bot.html)"
37.32.19.3 - - [08/Aug/2026:16:50:13 -0400] "POST /wp-admin/admin-ajax.php HTTP/1.1" 200 58 "https://shambazaar.ir/wp-admin/admin.php?page=kamangir-smart-login" "Mozilla/5.0 (Windows NT 10.0; Win64; x64) AppleWebKit/537.36 (KHTML, like Gecko) Chrome/149.0.0.0 Safari/537.36"
37.32.19.3 - - [08/Aug/2026:16:50:13 -0400] "POST /wp-admin/admin-ajax.php HTTP/1.1" 200 121 "https://shambazaar.ir/%D8%AD%D8%B3%D8%A7%D8%A8-%DA%A9%D8%A7%D8%B1%D8%A8%D8%B1%DB%8C-%D8%B4%D9%85%D8%B9-%D8%A8%D8%A7%D8%B2%D8%A7%D8%B1-%D8%AD%D8%B3%D8%A7%D8%A8-%DA%A9%D8%A7%D8%B1%D8%A8%D8%B1%DB%8C-%D9%85%D9%86-%D8%B4%D9%85/" "Mozilla/5.0 (Windows NT 10.0; Win64; x64) AppleWebKit/537.36 (KHTML, like Gecko) Chrome/149.0.0.0 Safari/537.36"
37.32.19.3 - - [08/Aug/2026:16:50:13 -0400] "POST /?wc-ajax=get_refreshed_fragments HTTP/1.1" 200 1217 "https://shambazaar.ir/%D8%AD%D8%B3%D8%A7%D8%A8-%DA%A9%D8%A7%D8%B1%D8%A8%D8%B1%DB%8C-%D8%B4%D9%85%D8%B9-%D8%A8%D8%A7%D8%B2%D8%A7%D8%B1-%D8%AD%D8%B3%D8%A7%D8%A8-%DA%A9%D8%A7%D8%B1%D8%A8%D8%B1%DB%8C-%D9%85%D9%86-%D8%B4%D9%85/" "Mozilla/5.0 (Windows NT 10.0; Win64; x64) AppleWebKit/537.36 (KHTML, like Gecko) Chrome/149.0.0.0 Safari/537.36"
37.32.19.3 - - [08/Aug/2026:16:50:14 -0400] "POST /wp-admin/admin-ajax.php HTTP/1.1" 200 31 "https://shambazaar.ir/%D8%AD%D8%B3%D8%A7%D8%A8-%DA%A9%D8%A7%D8%B1%D8%A8%D8%B1%DB%8C-%D8%B4%D9%85%D8%B9-%D8%A8%D8%A7%D8%B2%D8%A7%D8%B1-%D8%AD%D8%B3%D8%A7%D8%A8-%DA%A9%D8%A7%D8%B1%D8%A8%D8%B1%DB%8C-%D9%85%D9%86-%D8%B4%D9%85/" "Mozilla/5.0 (Windows NT 10.0; Win64; x64) AppleWebKit/537.36 (KHTML, like Gecko) Chrome/149.0.0.0 Safari/537.36"
185.215.232.215 - - [08/Aug/2026:16:50:15 -0400] "GET /hiroshi.php?a=6601443994 HTTP/1.1" 200 29864 "-" "Mozilla/5.0 (Linux; Android 6.0.1; Nexus 5X Build/MMB29P) AppleWebKit/537.36 (KHTML, like Gecko) Chrome/150.0.7871.186 Mobile Safari/537.36 (compatible; GoogleOther)"
37.32.19.3 - - [08/Aug/2026:16:50:15 -0400] "POST /wp-admin/admin-ajax.php HTTP/1.1" 200 147 "https://shambazaar.ir/wp-admin/admin.php?page=kamangir-smart-login" "Mozilla/5.0 (Windows NT 10.0; Win64; x64) AppleWebKit/537.36 (KHTML, like Gecko) Chrome/149.0.0.0 Safari/537.36"
185.215.232.215 - - [08/Aug/2026:16:50:16 -0400] "GET /?f=3996724505 HTTP/1.1" 200 29345 "-" "Mozilla/5.0 (Linux; Android 6.0.1; Nexus 5X Build/MMB29P) AppleWebKit/537.36 (KHTML, like Gecko) Chrome/150.0.7871.186 Mobile Safari/537.36 (compatible; GoogleOther)"
37.32.19.3 - - [08/Aug/2026:16:50:17 -0400] "POST /wp-admin/admin-ajax.php HTTP/1.1" 200 121 "https://shambazaar.ir/" "Mozilla/5.0 (Windows NT 10.0; Win64; x64) AppleWebKit/537.36 (KHTML, like Gecko) Chrome/149.0.0.0 Safari/537.36"
37.32.19.3 - - [08/Aug/2026:16:50:19 -0400] "POST /wp-admin/admin-ajax.php HTTP/1.1" 200 32 "https://shambazaar.ir/%D8%AD%D8%B3%D8%A7%D8%A8-%DA%A9%D8%A7%D8%B1%D8%A8%D8%B1%DB%8C-%D8%B4%D9%85%D8%B9-%D8%A8%D8%A7%D8%B2%D8%A7%D8%B1-%D8%AD%D8%B3%D8%A7%D8%A8-%DA%A9%D8%A7%D8%B1%D8%A8%D8%B1%DB%8C-%D9%85%D9%86-%D8%B4%D9%85/" "Mozilla/5.0 (Windows NT 10.0; Win64; x64) AppleWebKit/537.36 (KHTML, like Gecko) Chrome/149.0.0.0 Safari/537.36"
185.215.232.215 - - [08/Aug/2026:16:50:19 -0400] "GET /?b=70539225895 HTTP/1.1" 200 29199 "-" "Mozilla/5.0 (Linux; Android 6.0.1; Nexus 5X Build/MMB29P) AppleWebKit/537.36 (KHTML, like Gecko) Chrome/150.0.7871.186 Mobile Safari/537.36 (compatible; GoogleOther)"
37.32.19.3 - - [08/Aug/2026:16:50:21 -0400] "POST /wp-admin/admin-ajax.php HTTP/1.1" 200 121 "https://shambazaar.ir/%D8%AD%D8%B3%D8%A7%D8%A8-%DA%A9%D8%A7%D8%B1%D8%A8%D8%B1%DB%8C-%D8%B4%D9%85%D8%B9-%D8%A8%D8%A7%D8%B2%D8%A7%D8%B1-%D8%AD%D8%B3%D8%A7%D8%A8-%DA%A9%D8%A7%D8%B1%D8%A8%D8%B1%DB%8C-%D9%85%D9%86-%D8%B4%D9%85/" "Mozilla/5.0 (Windows NT 10.0; Win64; x64) AppleWebKit/537.36 (KHTML, like Gecko) Chrome/149.0.0.0 Safari/537.36"
37.32.19.3 - - [08/Aug/2026:16:50:23 -0400] "POST /wp-admin/admin-ajax.php HTTP/1.1" 200 121 "https://shambazaar.ir/" "Mozilla/5.0 (Windows NT 10.0; Win64; x64) AppleWebKit/537.36 (KHTML, like Gecko) Chrome/149.0.0.0 Safari/537.36"
185.215.232.215 - - [08/Aug/2026:16:50:24 -0400] "GET /?j=17741110789 HTTP/1.1" 200 29068 "-" "Mozilla/5.0 (Linux; Android 6.0.1; Nexus 5X Build/MMB29P) AppleWebKit/537.36 (KHTML, like Gecko) Chrome/150.0.7871.186 Mobile Safari/537.36 (compatible; Googlebot/2.1; +http://www.google.com/bot.html)"
185.215.232.215 - - [08/Aug/2026:16:50:26 -0400] "GET /hiroshi.php?n=85683242504 HTTP/1.1" 200 29990 "-" "Mozilla/5.0 (Linux; Android 6.0.1; Nexus 5X Build/MMB29P) AppleWebKit/537.36 (KHTML, like Gecko) Chrome/150.0.7871.186 Mobile Safari/537.36 (compatible; GoogleOther)"
185.215.232.215 - - [08/Aug/2026:16:50:26 -0400] "GET /?r=6132521897 HTTP/1.1" 200 29577 "-" "Mozilla/5.0 (Linux; Android 6.0.1; Nexus 5X Build/MMB29P) AppleWebKit/537.36 (KHTML, like Gecko) Chrome/150.0.7871.186 Mobile Safari/537.36 (compatible; GoogleOther)"
94.101.182.3 - - [08/Aug/2026:16:50:26 -0400] "POST /wp-cron.php?doing_wp_cron=1786222226.3995220661163330078125 HTTP/1.1" 200 31 "-" "WordPress/6.7.6; https://shambazaar.ir"
37.32.19.3 - - [08/Aug/2026:16:50:26 -0400] "POST /wp-admin/admin-ajax.php HTTP/1.1" 200 121 "https://shambazaar.ir/%D8%AD%D8%B3%D8%A7%D8%A8-%DA%A9%D8%A7%D8%B1%D8%A8%D8%B1%DB%8C-%D8%B4%D9%85%D8%B9-%D8%A8%D8%A7%D8%B2%D8%A7%D8%B1-%D8%AD%D8%B3%D8%A7%D8%A8-%DA%A9%D8%A7%D8%B1%D8%A8%D8%B1%DB%8C-%D9%85%D9%86-%D8%B4%D9%85/" "Mozilla/5.0 (Windows NT 10.0; Win64; x64) AppleWebKit/537.36 (KHTML, like Gecko) Chrome/149.0.0.0 Safari/537.36"
185.215.232.215 - - [08/Aug/2026:16:50:28 -0400] "GET /?s=77056168114 HTTP/1.1" 200 30340 "-" "Mozilla/5.0 (Linux; Android 6.0.1; Nexus 5X Build/MMB29P) AppleWebKit/537.36 (KHTML, like Gecko) Chrome/150.0.7871.186 Mobile Safari/537.36 (compatible; GoogleOther)"
185.215.232.215 - - [08/Aug/2026:16:50:29 -0400] "GET /?o=99750235483 HTTP/1.1" 200 28899 "-" "Mozilla/5.0 (Linux; Android 6.0.1; Nexus 5X Build/MMB29P) AppleWebKit/537.36 (KHTML, like Gecko) Chrome/150.0.7871.186 Mobile Safari/537.36 (compatible; GoogleOther)"
185.215.232.215 - - [08/Aug/2026:16:50:31 -0400] "GET /hiroshi.php?b=44279174794 HTTP/1.1" 200 29965 "-" "Mozilla/5.0 (Linux; Android 6.0.1; Nexus 5X Build/MMB29P) AppleWebKit/537.36 (KHTML, like Gecko) Chrome/150.0.7871.186 Mobile Safari/537.36 (compatible; GoogleOther)"
37.32.19.3 - - [08/Aug/2026:16:50:34 -0400] "POST /wp-admin/admin-ajax.php HTTP/1.1" 200 121 "https://shambazaar.ir/%D8%AD%D8%B3%D8%A7%D8%A8-%DA%A9%D8%A7%D8%B1%D8%A8%D8%B1%DB%8C-%D8%B4%D9%85%D8%B9-%D8%A8%D8%A7%D8%B2%D8%A7%D8%B1-%D8%AD%D8%B3%D8%A7%D8%A8-%DA%A9%D8%A7%D8%B1%D8%A8%D8%B1%DB%8C-%D9%85%D9%86-%D8%B4%D9%85/" "Mozilla/5.0 (Windows NT 10.0; Win64; x64) AppleWebKit/537.36 (KHTML, like Gecko) Chrome/149.0.0.0 Safari/537.36"
185.215.232.215 - - [08/Aug/2026:16:50:35 -0400] "GET /?b=70539142693 HTTP/1.1" 200 29539 "-" "Mozilla/5.0 (Linux; Android 6.0.1; Nexus 5X Build/MMB29P) AppleWebKit/537.36 (KHTML, like Gecko) Chrome/150.0.7871.186 Mobile Safari/537.36 (compatible; GoogleOther)"
185.215.232.215 - - [08/Aug/2026:16:50:36 -0400] "GET /?q=61454137516 HTTP/1.1" 200 30244 "-" "Mozilla/5.0 (Linux; Android 6.0.1; Nexus 5X Build/MMB29P) AppleWebKit/537.36 (KHTML, like Gecko) Chrome/150.0.7871.186 Mobile Safari/537.36 (compatible; Googlebot/2.1; +http://www.google.com/bot.html)"
185.215.232.215 - - [08/Aug/2026:16:50:37 -0400] "GET /?f=39967239666 HTTP/1.1" 200 29915 "-" "Mozilla/5.0 (Linux; Android 6.0.1; Nexus 5X Build/MMB29P) AppleWebKit/537.36 (KHTML, like Gecko) Chrome/150.0.7871.186 Mobile Safari/537.36 (compatible; GoogleOther)"
37.32.19.3 - - [08/Aug/2026:16:50:39 -0400] "POST /wp-admin/admin-ajax.php HTTP/1.1" 200 121 "https://shambazaar.ir/%D8%AD%D8%B3%D8%A7%D8%A8-%DA%A9%D8%A7%D8%B1%D8%A8%D8%B1%DB%8C-%D8%B4%D9%85%D8%B9-%D8%A8%D8%A7%D8%B2%D8%A7%D8%B1-%D8%AD%D8%B3%D8%A7%D8%A8-%DA%A9%D8%A7%D8%B1%D8%A8%D8%B1%DB%8C-%D9%85%D9%86-%D8%B4%D9%85/" "Mozilla/5.0 (Windows NT 10.0; Win64; x64) AppleWebKit/537.36 (KHTML, like Gecko) Chrome/149.0.0.0 Safari/537.36"
185.215.232.215 - - [08/Aug/2026:16:50:42 -0400] "GET /hiroshi.php?a=66014127764 HTTP/1.1" 200 29310 "-" "Mozilla/5.0 (Linux; Android 6.0.1; Nexus 5X Build/MMB29P) AppleWebKit/537.36 (KHTML, like Gecko) Chrome/150.0.7871.186 Mobile Safari/537.36 (compatible; GoogleOther)"
185.215.232.215 - - [08/Aug/2026:16:50:42 -0400] "GET /?r=6132532856 HTTP/1.1" 200 29882 "-" "Mozilla/5.0 (Linux; Android 6.0.1; Nexus 5X Build/MMB29P) AppleWebKit/537.36 (KHTML, like Gecko) Chrome/150.0.7871.186 Mobile Safari/537.36 (compatible; GoogleOther)"
185.215.232.215 - - [08/Aug/2026:16:50:45 -0400] "GET /?b=70539219203 HTTP/1.1" 200 29437 "-" "Mozilla/5.0 (Linux; Android 6.0.1; Nexus 5X Build/MMB29P) AppleWebKit/537.36 (KHTML, like Gecko) Chrome/150.0.7871.186 Mobile Safari/537.36 (compatible; GoogleOther)"
37.32.19.3 - - [08/Aug/2026:16:50:45 -0400] "POST /wp-admin/admin-ajax.php HTTP/1.1" 200 121 "https://shambazaar.ir/%D8%AD%D8%B3%D8%A7%D8%A8-%DA%A9%D8%A7%D8%B1%D8%A8%D8%B1%DB%8C-%D8%B4%D9%85%D8%B9-%D8%A8%D8%A7%D8%B2%D8%A7%D8%B1-%D8%AD%D8%B3%D8%A7%D8%A8-%DA%A9%D8%A7%D8%B1%D8%A8%D8%B1%DB%8C-%D9%85%D9%86-%D8%B4%D9%85/" "Mozilla/5.0 (Windows NT 10.0; Win64; x64) AppleWebKit/537.36 (KHTML, like Gecko) Chrome/149.0.0.0 Safari/537.36"
185.215.232.215 - - [08/Aug/2026:16:50:48 -0400] "GET /hiroshi.php?h=251497717 HTTP/1.1" 200 29126 "-" "Mozilla/5.0 (Linux; Android 6.0.1; Nexus 5X Build/MMB29P) AppleWebKit/537.36 (KHTML, like Gecko) Chrome/150.0.7871.186 Mobile Safari/537.36 (compatible; GoogleOther)"
185.215.232.215 - - [08/Aug/2026:16:50:50 -0400] "GET /?b=7053965032 HTTP/1.1" 200 30770 "-" "Mozilla/5.0 (Linux; Android 6.0.1; Nexus 5X Build/MMB29P) AppleWebKit/537.36 (KHTML, like Gecko) Chrome/150.0.7871.186 Mobile Safari/537.36 (compatible; GoogleOther)"
37.32.19.3 - - [08/Aug/2026:16:50:50 -0400] "POST /wp-admin/admin-ajax.php HTTP/1.1" 200 121 "https://shambazaar.ir/%D8%AD%D8%B3%D8%A7%D8%A8-%DA%A9%D8%A7%D8%B1%D8%A8%D8%B1%DB%8C-%D8%B4%D9%85%D8%B9-%D8%A8%D8%A7%D8%B2%D8%A7%D8%B1-%D8%AD%D8%B3%D8%A7%D8%A8-%DA%A9%D8%A7%D8%B1%D8%A8%D8%B1%DB%8C-%D9%85%D9%86-%D8%B4%D9%85/" "Mozilla/5.0 (Windows NT 10.0; Win64; x64) AppleWebKit/537.36 (KHTML, like Gecko) Chrome/149.0.0.0 Safari/537.36"
185.215.232.215 - - [08/Aug/2026:16:50:51 -0400] "GET /?f=39967173049 HTTP/1.1" 200 29406 "-" "Mozilla/5.0 (Linux; Android 6.0.1; Nexus 5X Build/MMB29P) AppleWebKit/537.36 (KHTML, like Gecko) Chrome/150.0.7871.186 Mobile Safari/537.36 (compatible; Googlebot/2.1; +http://www.google.com/bot.html)"
185.215.232.215 - - [08/Aug/2026:16:50:52 -0400] "GET /?b=70539119201 HTTP/1.1" 200 30016 "-" "Mozilla/5.0 (Linux; Android 6.0.1; Nexus 5X Build/MMB29P) AppleWebKit/537.36 (KHTML, like Gecko) Chrome/150.0.7871.186 Mobile Safari/537.36 (compatible; GoogleOther)"
37.32.19.3 - - [08/Aug/2026:16:50:54 -0400] "POST /wp-admin/admin-ajax.php HTTP/1.1" 200 121 "https://shambazaar.ir/%D8%AD%D8%B3%D8%A7%D8%A8-%DA%A9%D8%A7%D8%B1%D8%A8%D8%B1%DB%8C-%D8%B4%D9%85%D8%B9-%D8%A8%D8%A7%D8%B2%D8%A7%D8%B1-%D8%AD%D8%B3%D8%A7%D8%A8-%DA%A9%D8%A7%D8%B1%D8%A8%D8%B1%DB%8C-%D9%85%D9%86-%D8%B4%D9%85/" "Mozilla/5.0 (Windows NT 10.0; Win64; x64) AppleWebKit/537.36 (KHTML, like Gecko) Chrome/149.0.0.0 Safari/537.36"
185.215.232.215 - - [08/Aug/2026:16:50:55 -0400] "GET /?s=7705622477 HTTP/1.1" 200 30489 "-" "Mozilla/5.0 (Linux; Android 6.0.1; Nexus 5X Build/MMB29P) AppleWebKit/537.36 (KHTML, like Gecko) Chrome/150.0.7871.186 Mobile Safari/537.36 (compatible; GoogleOther)"
185.215.232.215 - - [08/Aug/2026:16:50:58 -0400] "GET /?f=39967148007 HTTP/1.1" 200 29702 "-" "Mozilla/5.0 (Linux; Android 6.0.1; Nexus 5X Build/MMB29P) AppleWebKit/537.36 (KHTML, like Gecko) Chrome/150.0.7871.186 Mobile Safari/537.36 (compatible; GoogleOther)"
185.215.232.215 - - [08/Aug/2026:16:50:59 -0400] "GET /hiroshi.php?b=44279110251 HTTP/1.1" 200 29674 "-" "Mozilla/5.0 (Linux; Android 6.0.1; Nexus 5X Build/MMB29P) AppleWebKit/537.36 (KHTML, like Gecko) Chrome/150.0.7871.186 Mobile Safari/537.36 (compatible; GoogleOther)"
37.32.19.3 - - [08/Aug/2026:16:51:00 -0400] "POST /wp-admin/admin-ajax.php HTTP/1.1" 200 121 "https://shambazaar.ir/%D8%AD%D8%B3%D8%A7%D8%A8-%DA%A9%D8%A7%D8%B1%D8%A8%D8%B1%DB%8C-%D8%B4%D9%85%D8%B9-%D8%A8%D8%A7%D8%B2%D8%A7%D8%B1-%D8%AD%D8%B3%D8%A7%D8%A8-%DA%A9%D8%A7%D8%B1%D8%A8%D8%B1%DB%8C-%D9%85%D9%86-%D8%B4%D9%85/" "Mozilla/5.0 (Windows NT 10.0; Win64; x64) AppleWebKit/537.36 (KHTML, like Gecko) Chrome/149.0.0.0 Safari/537.36"
185.215.232.215 - - [08/Aug/2026:16:51:01 -0400] "GET /?o=99750297971 HTTP/1.1" 200 28940 "-" "Mozilla/5.0 (Linux; Android 6.0.1; Nexus 5X Build/MMB29P) AppleWebKit/537.36 (KHTML, like Gecko) Chrome/150.0.7871.186 Mobile Safari/537.36 (compatible; GoogleOther)"
185.215.232.215 - - [08/Aug/2026:16:51:02 -0400] "GET /?a=2948495754 HTTP/1.1" 200 28924 "-" "Mozilla/5.0 (Linux; Android 6.0.1; Nexus 5X Build/MMB29P) AppleWebKit/537.36 (KHTML, like Gecko) Chrome/150.0.7871.186 Mobile Safari/537.36 (compatible; GoogleOther)"
185.215.232.215 - - [08/Aug/2026:16:51:04 -0400] "GET /?o=99750274591 HTTP/1.1" 200 29166 "-" "Mozilla/5.0 (Linux; Android 6.0.1; Nexus 5X Build/MMB29P) AppleWebKit/537.36 (KHTML, like Gecko) Chrome/150.0.7871.186 Mobile Safari/537.36 (compatible; GoogleOther)"
37.32.19.3 - - [08/Aug/2026:16:51:05 -0400] "POST /wp-admin/admin-ajax.php HTTP/1.1" 200 121 "https://shambazaar.ir/%D8%AD%D8%B3%D8%A7%D8%A8-%DA%A9%D8%A7%D8%B1%D8%A8%D8%B1%DB%8C-%D8%B4%D9%85%D8%B9-%D8%A8%D8%A7%D8%B2%D8%A7%D8%B1-%D8%AD%D8%B3%D8%A7%D8%A8-%DA%A9%D8%A7%D8%B1%D8%A8%D8%B1%DB%8C-%D9%85%D9%86-%D8%B4%D9%85/" "Mozilla/5.0 (Windows NT 10.0; Win64; x64) AppleWebKit/537.36 (KHTML, like Gecko) Chrome/149.0.0.0 Safari/537.36"
185.215.232.215 - - [08/Aug/2026:16:51:05 -0400] "GET /?b=705396502 HTTP/1.1" 200 29997 "-" "Mozilla/5.0 (Linux; Android 6.0.1; Nexus 5X Build/MMB29P) AppleWebKit/537.36 (KHTML, like Gecko) Chrome/150.0.7871.186 Mobile Safari/537.36 (compatible; Googlebot/2.1; +http://www.google.com/bot.html)"
185.215.232.215 - - [08/Aug/2026:16:51:07 -0400] "GET /hiroshi.php?a=660143355 HTTP/1.1" 200 30497 "-" "Mozilla/5.0 (Linux; Android 6.0.1; Nexus 5X Build/MMB29P) AppleWebKit/537.36 (KHTML, like Gecko) Chrome/150.0.7871.186 Mobile Safari/537.36 (compatible; GoogleOther)"
185.215.232.215 - - [08/Aug/2026:16:51:07 -0400] "GET /?a=29484275055 HTTP/1.1" 200 30734 "-" "Mozilla/5.0 (Linux; Android 6.0.1; Nexus 5X Build/MMB29P) AppleWebKit/537.36 (KHTML, like Gecko) Chrome/150.0.7871.186 Mobile Safari/537.36 (compatible; Googlebot/2.1; +http://www.google.com/bot.html)"
185.215.232.215 - - [08/Aug/2026:16:51:08 -0400] "GET /?o=99750134945 HTTP/1.1" 200 29446 "-" "Mozilla/5.0 (Linux; Android 6.0.1; Nexus 5X Build/MMB29P) AppleWebKit/537.36 (KHTML, like Gecko) Chrome/150.0.7871.186 Mobile Safari/537.36 (compatible; Googlebot/2.1; +http://www.google.com/bot.html)"
185.215.232.215 - - [08/Aug/2026:16:51:08 -0400] "GET /hiroshi.php?l=31627106069 HTTP/1.1" 200 31115 "-" "Mozilla/5.0 (Linux; Android 6.0.1; Nexus 5X Build/MMB29P) AppleWebKit/537.36 (KHTML, like Gecko) Chrome/150.0.7871.186 Mobile Safari/537.36 (compatible; GoogleOther)"
185.215.232.215 - - [08/Aug/2026:16:51:08 -0400] "GET /?j=17741246674 HTTP/1.1" 200 29634 "-" "Mozilla/5.0 (Linux; Android 6.0.1; Nexus 5X Build/MMB29P) AppleWebKit/537.36 (KHTML, like Gecko) Chrome/150.0.7871.186 Mobile Safari/537.36 (compatible; Googlebot/2.1; +http://www.google.com/bot.html)"
37.32.19.3 - - [08/Aug/2026:16:51:09 -0400] "POST /wp-admin/admin-ajax.php HTTP/1.1" 200 121 "https://shambazaar.ir/%D8%AD%D8%B3%D8%A7%D8%A8-%DA%A9%D8%A7%D8%B1%D8%A8%D8%B1%DB%8C-%D8%B4%D9%85%D8%B9-%D8%A8%D8%A7%D8%B2%D8%A7%D8%B1-%D8%AD%D8%B3%D8%A7%D8%A8-%DA%A9%D8%A7%D8%B1%D8%A8%D8%B1%DB%8C-%D9%85%D9%86-%D8%B4%D9%85/" "Mozilla/5.0 (Windows NT 10.0; Win64; x64) AppleWebKit/537.36 (KHTML, like Gecko) Chrome/149.0.0.0 Safari/537.36"
185.215.232.215 - - [08/Aug/2026:16:51:10 -0400] "GET /?o=99750285311 HTTP/1.1" 200 29538 "-" "Mozilla/5.0 (Linux; Android 6.0.1; Nexus 5X Build/MMB29P) AppleWebKit/537.36 (KHTML, like Gecko) Chrome/150.0.7871.186 Mobile Safari/537.36 (compatible; GoogleOther)"
185.215.232.215 - - [08/Aug/2026:16:51:11 -0400] "GET /?j=1774169700 HTTP/1.1" 200 29089 "-" "Mozilla/5.0 (Linux; Android 6.0.1; Nexus 5X Build/MMB29P) AppleWebKit/537.36 (KHTML, like Gecko) Chrome/150.0.7871.186 Mobile Safari/537.36 (compatible; Googlebot/2.1; +http://www.google.com/bot.html)"
37.32.19.3 - - [08/Aug/2026:16:51:14 -0400] "POST /wp-admin/admin-ajax.php HTTP/1.1" 200 58 "https://shambazaar.ir/wp-admin/admin.php?page=kamangir-smart-login" "Mozilla/5.0 (Windows NT 10.0; Win64; x64) AppleWebKit/537.36 (KHTML, like Gecko) Chrome/149.0.0.0 Safari/537.36"
185.215.232.215 - - [08/Aug/2026:16:51:14 -0400] "GET /?f=3996721321 HTTP/1.1" 200 31360 "-" "Mozilla/5.0 (Linux; Android 6.0.1; Nexus 5X Build/MMB29P) AppleWebKit/537.36 (KHTML, like Gecko) Chrome/150.0.7871.186 Mobile Safari/537.36 (compatible; GoogleOther)"
37.32.19.3 - - [08/Aug/2026:16:51:15 -0400] "POST /wp-admin/admin-ajax.php HTTP/1.1" 200 121 "https://shambazaar.ir/%D8%AD%D8%B3%D8%A7%D8%A8-%DA%A9%D8%A7%D8%B1%D8%A8%D8%B1%DB%8C-%D8%B4%D9%85%D8%B9-%D8%A8%D8%A7%D8%B2%D8%A7%D8%B1-%D8%AD%D8%B3%D8%A7%D8%A8-%DA%A9%D8%A7%D8%B1%D8%A8%D8%B1%DB%8C-%D9%85%D9%86-%D8%B4%D9%85/" "Mozilla/5.0 (Windows NT 10.0; Win64; x64) AppleWebKit/537.36 (KHTML, like Gecko) Chrome/149.0.0.0 Safari/537.36"
185.215.232.215 - - [08/Aug/2026:16:51:15 -0400] "GET /?j=1774189095 HTTP/1.1" 200 28897 "-" "Mozilla/5.0 (Linux; Android 6.0.1; Nexus 5X Build/MMB29P) AppleWebKit/537.36 (KHTML, like Gecko) Chrome/150.0.7871.186 Mobile Safari/537.36 (compatible; Googlebot/2.1; +http://www.google.com/bot.html)"
185.215.232.215 - - [08/Aug/2026:16:51:15 -0400] "GET /?f=39967173805 HTTP/1.1" 200 29101 "-" "Mozilla/5.0 (Linux; Android 6.0.1; Nexus 5X Build/MMB29P) AppleWebKit/537.36 (KHTML, like Gecko) Chrome/150.0.7871.186 Mobile Safari/537.36 (compatible; GoogleOther)"
185.215.232.215 - - [08/Aug/2026:16:51:18 -0400] "GET /?b=7053957976 HTTP/1.1" 200 29402 "-" "Mozilla/5.0 (Linux; Android 6.0.1; Nexus 5X Build/MMB29P) AppleWebKit/537.36 (KHTML, like Gecko) Chrome/150.0.7871.186 Mobile Safari/537.36 (compatible; Googlebot/2.1; +http://www.google.com/bot.html)"
185.215.232.215 - - [08/Aug/2026:16:51:19 -0400] "GET /?o=99750191978 HTTP/1.1" 200 29256 "-" "Mozilla/5.0 (Linux; Android 6.0.1; Nexus 5X Build/MMB29P) AppleWebKit/537.36 (KHTML, like Gecko) Chrome/150.0.7871.186 Mobile Safari/537.36 (compatible; GoogleOther)"
37.32.19.3 - - [08/Aug/2026:16:51:19 -0400] "POST /wp-admin/admin-ajax.php HTTP/1.1" 200 121 "https://shambazaar.ir/%D8%AD%D8%B3%D8%A7%D8%A8-%DA%A9%D8%A7%D8%B1%D8%A8%D8%B1%DB%8C-%D8%B4%D9%85%D8%B9-%D8%A8%D8%A7%D8%B2%D8%A7%D8%B1-%D8%AD%D8%B3%D8%A7%D8%A8-%DA%A9%D8%A7%D8%B1%D8%A8%D8%B1%DB%8C-%D9%85%D9%86-%D8%B4%D9%85/" "Mozilla/5.0 (Windows NT 10.0; Win64; x64) AppleWebKit/537.36 (KHTML, like Gecko) Chrome/149.0.0.0 Safari/537.36"
185.215.232.215 - - [08/Aug/2026:16:51:20 -0400] "GET /hiroshi.php?l=31627190723 HTTP/1.1" 200 29348 "-" "Mozilla/5.0 (Linux; Android 6.0.1; Nexus 5X Build/MMB29P) AppleWebKit/537.36 (KHTML, like Gecko) Chrome/150.0.7871.186 Mobile Safari/537.36 (compatible; GoogleOther)"
185.215.232.215 - - [08/Aug/2026:16:51:21 -0400] "GET /?j=1774169117 HTTP/1.1" 200 29372 "-" "Mozilla/5.0 (Linux; Android 6.0.1; Nexus 5X Build/MMB29P) AppleWebKit/537.36 (KHTML, like Gecko) Chrome/150.0.7871.186 Mobile Safari/537.36 (compatible; Googlebot/2.1; +http://www.google.com/bot.html)"
185.215.232.215 - - [08/Aug/2026:16:51:23 -0400] "GET /?a=2948415796 HTTP/1.1" 200 28435 "-" "Mozilla/5.0 (Linux; Android 6.0.1; Nexus 5X Build/MMB29P) AppleWebKit/537.36 (KHTML, like Gecko) Chrome/150.0.7871.186 Mobile Safari/537.36 (compatible; GoogleOther)"
185.215.232.215 - - [08/Aug/2026:16:51:24 -0400] "GET /?p=28381229031 HTTP/1.1" 200 29473 "-" "Mozilla/5.0 (Linux; Android 6.0.1; Nexus 5X Build/MMB29P) AppleWebKit/537.36 (KHTML, like Gecko) Chrome/150.0.7871.186 Mobile Safari/537.36 (compatible; GoogleOther)"
185.215.232.215 - - [08/Aug/2026:16:51:24 -0400] "GET /?j=1774116732 HTTP/1.1" 200 29317 "-" "Mozilla/5.0 (Linux; Android 6.0.1; Nexus 5X Build/MMB29P) AppleWebKit/537.36 (KHTML, like Gecko) Chrome/150.0.7871.186 Mobile Safari/537.36 (compatible; Googlebot/2.1; +http://www.google.com/bot.html)"
37.32.19.3 - - [08/Aug/2026:16:51:24 -0400] "POST /wp-admin/admin-ajax.php HTTP/1.1" 200 121 "https://shambazaar.ir/%D8%AD%D8%B3%D8%A7%D8%A8-%DA%A9%D8%A7%D8%B1%D8%A8%D8%B1%DB%8C-%D8%B4%D9%85%D8%B9-%D8%A8%D8%A7%D8%B2%D8%A7%D8%B1-%D8%AD%D8%B3%D8%A7%D8%A8-%DA%A9%D8%A7%D8%B1%D8%A8%D8%B1%DB%8C-%D9%85%D9%86-%D8%B4%D9%85/" "Mozilla/5.0 (Windows NT 10.0; Win64; x64) AppleWebKit/537.36 (KHTML, like Gecko) Chrome/149.0.0.0 Safari/537.36"
185.215.232.215 - - [08/Aug/2026:16:51:27 -0400] "GET /?f=39967107613 HTTP/1.1" 200 29092 "-" "Mozilla/5.0 (Linux; Android 6.0.1; Nexus 5X Build/MMB29P) AppleWebKit/537.36 (KHTML, like Gecko) Chrome/150.0.7871.186 Mobile Safari/537.36 (compatible; GoogleOther)"
185.215.232.215 - - [08/Aug/2026:16:51:27 -0400] "GET /?j=1774165114 HTTP/1.1" 200 29593 "-" "Mozilla/5.0 (Linux; Android 6.0.1; Nexus 5X Build/MMB29P) AppleWebKit/537.36 (KHTML, like Gecko) Chrome/150.0.7871.186 Mobile Safari/537.36 (compatible; Googlebot/2.1; +http://www.google.com/bot.html)"
185.215.232.215 - - [08/Aug/2026:16:51:28 -0400] "GET /?a=2948441400 HTTP/1.1" 200 29114 "-" "Mozilla/5.0 (Linux; Android 6.0.1; Nexus 5X Build/MMB29P) AppleWebKit/537.36 (KHTML, like Gecko) Chrome/150.0.7871.186 Mobile Safari/537.36 (compatible; GoogleOther)"
94.101.183.2 - - [08/Aug/2026:16:51:30 -0400] "POST /wp-cron.php?doing_wp_cron=1786222290.1542379856109619140625 HTTP/1.1" 200 31 "-" "WordPress/6.7.6; https://shambazaar.ir"
37.32.19.3 - - [08/Aug/2026:16:51:30 -0400] "POST /wp-admin/admin-ajax.php HTTP/1.1" 200 121 "https://shambazaar.ir/%D8%AD%D8%B3%D8%A7%D8%A8-%DA%A9%D8%A7%D8%B1%D8%A8%D8%B1%DB%8C-%D8%B4%D9%85%D8%B9-%D8%A8%D8%A7%D8%B2%D8%A7%D8%B1-%D8%AD%D8%B3%D8%A7%D8%A8-%DA%A9%D8%A7%D8%B1%D8%A8%D8%B1%DB%8C-%D9%85%D9%86-%D8%B4%D9%85/" "Mozilla/5.0 (Windows NT 10.0; Win64; x64) AppleWebKit/537.36 (KHTML, like Gecko) Chrome/149.0.0.0 Safari/537.36"
185.215.232.215 - - [08/Aug/2026:16:51:33 -0400] "GET /?b=70539127891 HTTP/1.1" 200 29970 "-" "Mozilla/5.0 (Linux; Android 6.0.1; Nexus 5X Build/MMB29P) AppleWebKit/537.36 (KHTML, like Gecko) Chrome/150.0.7871.186 Mobile Safari/537.36 (compatible; GoogleOther)"
185.215.232.215 - - [08/Aug/2026:16:51:34 -0400] "GET /?j=17741110311 HTTP/1.1" 200 29914 "-" "Mozilla/5.0 (Linux; Android 6.0.1; Nexus 5X Build/MMB29P) AppleWebKit/537.36 (KHTML, like Gecko) Chrome/150.0.7871.186 Mobile Safari/537.36 (compatible; Googlebot/2.1; +http://www.google.com/bot.html)"
37.32.19.3 - - [08/Aug/2026:16:51:34 -0400] "POST /wp-admin/admin-ajax.php HTTP/1.1" 200 121 "https://shambazaar.ir/%D8%AD%D8%B3%D8%A7%D8%A8-%DA%A9%D8%A7%D8%B1%D8%A8%D8%B1%DB%8C-%D8%B4%D9%85%D8%B9-%D8%A8%D8%A7%D8%B2%D8%A7%D8%B1-%D8%AD%D8%B3%D8%A7%D8%A8-%DA%A9%D8%A7%D8%B1%D8%A8%D8%B1%DB%8C-%D9%85%D9%86-%D8%B4%D9%85/" "Mozilla/5.0 (Windows NT 10.0; Win64; x64) AppleWebKit/537.36 (KHTML, like Gecko) Chrome/149.0.0.0 Safari/537.36"
185.215.232.215 - - [08/Aug/2026:16:51:35 -0400] "GET /hiroshi.php?b=94199155225 HTTP/1.1" 200 29373 "-" "Mozilla/5.0 (Linux; Android 6.0.1; Nexus 5X Build/MMB29P) AppleWebKit/537.36 (KHTML, like Gecko) Chrome/150.0.7871.186 Mobile Safari/537.36 (compatible; GoogleOther)"
185.215.232.215 - - [08/Aug/2026:16:51:36 -0400] "GET /?r=6132540999 HTTP/1.1" 200 29087 "-" "Mozilla/5.0 (Linux; Android 6.0.1; Nexus 5X Build/MMB29P) AppleWebKit/537.36 (KHTML, like Gecko) Chrome/150.0.7871.186 Mobile Safari/537.36 (compatible; GoogleOther)"
37.32.19.3 - - [08/Aug/2026:16:51:40 -0400] "POST /wp-admin/admin-ajax.php HTTP/1.1" 200 121 "https://shambazaar.ir/%D8%AD%D8%B3%D8%A7%D8%A8-%DA%A9%D8%A7%D8%B1%D8%A8%D8%B1%DB%8C-%D8%B4%D9%85%D8%B9-%D8%A8%D8%A7%D8%B2%D8%A7%D8%B1-%D8%AD%D8%B3%D8%A7%D8%A8-%DA%A9%D8%A7%D8%B1%D8%A8%D8%B1%DB%8C-%D9%85%D9%86-%D8%B4%D9%85/" "Mozilla/5.0 (Windows NT 10.0; Win64; x64) AppleWebKit/537.36 (KHTML, like Gecko) Chrome/149.0.0.0 Safari/537.36"
185.215.232.215 - - [08/Aug/2026:16:51:40 -0400] "GET /?b=70539222207 HTTP/1.1" 200 29361 "-" "Mozilla/5.0 (Linux; Android 6.0.1; Nexus 5X Build/MMB29P) AppleWebKit/537.36 (KHTML, like Gecko) Chrome/150.0.7871.186 Mobile Safari/537.36 (compatible; GoogleOther)"
185.215.232.215 - - [08/Aug/2026:16:51:40 -0400] "GET /?b=70539214095 HTTP/1.1" 200 31456 "-" "Mozilla/5.0 (Linux; Android 6.0.1; Nexus 5X Build/MMB29P) AppleWebKit/537.36 (KHTML, like Gecko) Chrome/150.0.7871.186 Mobile Safari/537.36 (compatible; Googlebot/2.1; +http://www.google.com/bot.html)"
185.215.232.215 - - [08/Aug/2026:16:51:43 -0400] "GET /?r=61325173756 HTTP/1.1" 200 29162 "-" "Mozilla/5.0 (Linux; Android 6.0.1; Nexus 5X Build/MMB29P) AppleWebKit/537.36 (KHTML, like Gecko) Chrome/150.0.7871.186 Mobile Safari/537.36 (compatible; GoogleOther)"
37.32.19.3 - - [08/Aug/2026:16:51:45 -0400] "POST /wp-admin/admin-ajax.php HTTP/1.1" 200 121 "https://shambazaar.ir/%D8%AD%D8%B3%D8%A7%D8%A8-%DA%A9%D8%A7%D8%B1%D8%A8%D8%B1%DB%8C-%D8%B4%D9%85%D8%B9-%D8%A8%D8%A7%D8%B2%D8%A7%D8%B1-%D8%AD%D8%B3%D8%A7%D8%A8-%DA%A9%D8%A7%D8%B1%D8%A8%D8%B1%DB%8C-%D9%85%D9%86-%D8%B4%D9%85/" "Mozilla/5.0 (Windows NT 10.0; Win64; x64) AppleWebKit/537.36 (KHTML, like Gecko) Chrome/149.0.0.0 Safari/537.36"
185.215.232.215 - - [08/Aug/2026:16:51:46 -0400] "GET /hiroshi.php?l=31627203290 HTTP/1.1" 200 29903 "-" "Mozilla/5.0 (Linux; Android 6.0.1; Nexus 5X Build/MMB29P) AppleWebKit/537.36 (KHTML, like Gecko) Chrome/150.0.7871.186 Mobile Safari/537.36 (compatible; GoogleOther)"
185.215.232.215 - - [08/Aug/2026:16:51:47 -0400] "GET /?r=61325173551 HTTP/1.1" 200 30316 "-" "Mozilla/5.0 (Linux; Android 6.0.1; Nexus 5X Build/MMB29P) AppleWebKit/537.36 (KHTML, like Gecko) Chrome/150.0.7871.186 Mobile Safari/537.36 (compatible; Googlebot/2.1; +http://www.google.com/bot.html)"
37.32.19.3 - - [08/Aug/2026:16:51:50 -0400] "POST /wp-admin/admin-ajax.php HTTP/1.1" 200 121 "https://shambazaar.ir/%D8%AD%D8%B3%D8%A7%D8%A8-%DA%A9%D8%A7%D8%B1%D8%A8%D8%B1%DB%8C-%D8%B4%D9%85%D8%B9-%D8%A8%D8%A7%D8%B2%D8%A7%D8%B1-%D8%AD%D8%B3%D8%A7%D8%A8-%DA%A9%D8%A7%D8%B1%D8%A8%D8%B1%DB%8C-%D9%85%D9%86-%D8%B4%D9%85/" "Mozilla/5.0 (Windows NT 10.0; Win64; x64) AppleWebKit/537.36 (KHTML, like Gecko) Chrome/149.0.0.0 Safari/537.36"
185.215.232.215 - - [08/Aug/2026:16:51:51 -0400] "GET /?f=39967137918 HTTP/1.1" 200 29293 "-" "Mozilla/5.0 (Linux; Android 6.0.1; Nexus 5X Build/MMB29P) AppleWebKit/537.36 (KHTML, like Gecko) Chrome/150.0.7871.186 Mobile Safari/537.36 (compatible; GoogleOther)"
185.215.232.215 - - [08/Aug/2026:16:51:54 -0400] "GET /?o=99750139821 HTTP/1.1" 200 29072 "-" "Mozilla/5.0 (Linux; Android 6.0.1; Nexus 5X Build/MMB29P) AppleWebKit/537.36 (KHTML, like Gecko) Chrome/150.0.7871.186 Mobile Safari/537.36 (compatible; Googlebot/2.1; +http://www.google.com/bot.html)"
185.215.232.215 - - [08/Aug/2026:16:51:54 -0400] "GET /?j=1774159343 HTTP/1.1" 200 29432 "-" "Mozilla/5.0 (Linux; Android 6.0.1; Nexus 5X Build/MMB29P) AppleWebKit/537.36 (KHTML, like Gecko) Chrome/150.0.7871.186 Mobile Safari/537.36 (compatible; GoogleOther)"
37.32.19.3 - - [08/Aug/2026:16:51:55 -0400] "POST /wp-admin/admin-ajax.php HTTP/1.1" 200 121 "https://shambazaar.ir/%D8%AD%D8%B3%D8%A7%D8%A8-%DA%A9%D8%A7%D8%B1%D8%A8%D8%B1%DB%8C-%D8%B4%D9%85%D8%B9-%D8%A8%D8%A7%D8%B2%D8%A7%D8%B1-%D8%AD%D8%B3%D8%A7%D8%A8-%DA%A9%D8%A7%D8%B1%D8%A8%D8%B1%DB%8C-%D9%85%D9%86-%D8%B4%D9%85/" "Mozilla/5.0 (Windows NT 10.0; Win64; x64) AppleWebKit/537.36 (KHTML, like Gecko) Chrome/149.0.0.0 Safari/537.36"
37.32.19.3 - - [08/Aug/2026:16:52:00 -0400] "POST /wp-admin/admin-ajax.php HTTP/1.1" 200 121 "https://shambazaar.ir/%D8%AD%D8%B3%D8%A7%D8%A8-%DA%A9%D8%A7%D8%B1%D8%A8%D8%B1%DB%8C-%D8%B4%D9%85%D8%B9-%D8%A8%D8%A7%D8%B2%D8%A7%D8%B1-%D8%AD%D8%B3%D8%A7%D8%A8-%DA%A9%D8%A7%D8%B1%D8%A8%D8%B1%DB%8C-%D9%85%D9%86-%D8%B4%D9%85/" "Mozilla/5.0 (Windows NT 10.0; Win64; x64) AppleWebKit/537.36 (KHTML, like Gecko) Chrome/149.0.0.0 Safari/537.36"
185.215.232.215 - - [08/Aug/2026:16:52:01 -0400] "GET /hiroshi.php?u=8784890018 HTTP/1.1" 200 29660 "-" "Mozilla/5.0 (Linux; Android 6.0.1; Nexus 5X Build/MMB29P) AppleWebKit/537.36 (KHTML, like Gecko) Chrome/150.0.7871.186 Mobile Safari/537.36 (compatible; GoogleOther)"
185.215.232.215 - - [08/Aug/2026:16:52:01 -0400] "GET /?o=99750102078 HTTP/1.1" 200 29778 "-" "Mozilla/5.0 (Linux; Android 6.0.1; Nexus 5X Build/MMB29P) AppleWebKit/537.36 (KHTML, like Gecko) Chrome/150.0.7871.186 Mobile Safari/537.36 (compatible; GoogleOther)"
185.215.232.215 - - [08/Aug/2026:16:52:04 -0400] "GET /?s=77056126607 HTTP/1.1" 200 29554 "-" "Mozilla/5.0 (Linux; Android 6.0.1; Nexus 5X Build/MMB29P) AppleWebKit/537.36 (KHTML, like Gecko) Chrome/150.0.7871.186 Mobile Safari/537.36 (compatible; GoogleOther)"
37.32.19.3 - - [08/Aug/2026:16:52:05 -0400] "POST /wp-admin/admin-ajax.php HTTP/1.1" 200 121 "https://shambazaar.ir/%D8%AD%D8%B3%D8%A7%D8%A8-%DA%A9%D8%A7%D8%B1%D8%A8%D8%B1%DB%8C-%D8%B4%D9%85%D8%B9-%D8%A8%D8%A7%D8%B2%D8%A7%D8%B1-%D8%AD%D8%B3%D8%A7%D8%A8-%DA%A9%D8%A7%D8%B1%D8%A8%D8%B1%DB%8C-%D9%85%D9%86-%D8%B4%D9%85/" "Mozilla/5.0 (Windows NT 10.0; Win64; x64) AppleWebKit/537.36 (KHTML, like Gecko) Chrome/149.0.0.0 Safari/537.36"
185.215.232.215 - - [08/Aug/2026:16:52:05 -0400] "GET /?r=61325232137 HTTP/1.1" 200 29431 "-" "Mozilla/5.0 (Linux; Android 6.0.1; Nexus 5X Build/MMB29P) AppleWebKit/537.36 (KHTML, like Gecko) Chrome/150.0.7871.186 Mobile Safari/537.36 (compatible; GoogleOther)"
185.215.232.215 - - [08/Aug/2026:16:52:07 -0400] "GET /?a=29484250159 HTTP/1.1" 200 29479 "-" "Mozilla/5.0 (Linux; Android 6.0.1; Nexus 5X Build/MMB29P) AppleWebKit/537.36 (KHTML, like Gecko) Chrome/150.0.7871.186 Mobile Safari/537.36 (compatible; GoogleOther)"
185.215.232.215 - - [08/Aug/2026:16:52:09 -0400] "GET /?o=99750228893 HTTP/1.1" 200 30215 "-" "Mozilla/5.0 (Linux; Android 6.0.1; Nexus 5X Build/MMB29P) AppleWebKit/537.36 (KHTML, like Gecko) Chrome/150.0.7871.186 Mobile Safari/537.36 (compatible; Googlebot/2.1; +http://www.google.com/bot.html)"
37.32.19.3 - - [08/Aug/2026:16:52:10 -0400] "POST /wp-admin/admin-ajax.php HTTP/1.1" 200 121 "https://shambazaar.ir/%D8%AD%D8%B3%D8%A7%D8%A8-%DA%A9%D8%A7%D8%B1%D8%A8%D8%B1%DB%8C-%D8%B4%D9%85%D8%B9-%D8%A8%D8%A7%D8%B2%D8%A7%D8%B1-%D8%AD%D8%B3%D8%A7%D8%A8-%DA%A9%D8%A7%D8%B1%D8%A8%D8%B1%DB%8C-%D9%85%D9%86-%D8%B4%D9%85/" "Mozilla/5.0 (Windows NT 10.0; Win64; x64) AppleWebKit/537.36 (KHTML, like Gecko) Chrome/149.0.0.0 Safari/537.36"
185.215.232.215 - - [08/Aug/2026:16:52:11 -0400] "GET /?r=6132561514 HTTP/1.1" 200 29353 "-" "Mozilla/5.0 (Linux; Android 6.0.1; Nexus 5X Build/MMB29P) AppleWebKit/537.36 (KHTML, like Gecko) Chrome/150.0.7871.186 Mobile Safari/537.36 (compatible; Googlebot/2.1; +http://www.google.com/bot.html)"
185.215.232.215 - - [08/Aug/2026:16:52:12 -0400] "GET /?q=61454103218 HTTP/1.1" 200 30016 "-" "Mozilla/5.0 (Linux; Android 6.0.1; Nexus 5X Build/MMB29P) AppleWebKit/537.36 (KHTML, like Gecko) Chrome/150.0.7871.186 Mobile Safari/537.36 (compatible; GoogleOther)"
185.215.232.215 - - [08/Aug/2026:16:52:13 -0400] "GET /hiroshi.php?l=31627244375 HTTP/1.1" 200 29434 "-" "Mozilla/5.0 (Linux; Android 6.0.1; Nexus 5X Build/MMB29P) AppleWebKit/537.36 (KHTML, like Gecko) Chrome/150.0.7871.186 Mobile Safari/537.36 (compatible; GoogleOther)"
37.32.19.3 - - [08/Aug/2026:16:52:15 -0400] "POST /wp-admin/admin-ajax.php HTTP/1.1" 200 121 "https://shambazaar.ir/%D8%AD%D8%B3%D8%A7%D8%A8-%DA%A9%D8%A7%D8%B1%D8%A8%D8%B1%DB%8C-%D8%B4%D9%85%D8%B9-%D8%A8%D8%A7%D8%B2%D8%A7%D8%B1-%D8%AD%D8%B3%D8%A7%D8%A8-%DA%A9%D8%A7%D8%B1%D8%A8%D8%B1%DB%8C-%D9%85%D9%86-%D8%B4%D9%85/" "Mozilla/5.0 (Windows NT 10.0; Win64; x64) AppleWebKit/537.36 (KHTML, like Gecko) Chrome/149.0.0.0 Safari/537.36"
185.215.232.215 - - [08/Aug/2026:16:52:15 -0400] "GET /?r=6132522341 HTTP/1.1" 200 30032 "-" "Mozilla/5.0 (Linux; Android 6.0.1; Nexus 5X Build/MMB29P) AppleWebKit/537.36 (KHTML, like Gecko) Chrome/150.0.7871.186 Mobile Safari/537.36 (compatible; GoogleOther)"
185.215.232.215 - - [08/Aug/2026:16:52:20 -0400] "GET /?b=70539231269 HTTP/1.1" 200 30103 "-" "Mozilla/5.0 (Linux; Android 6.0.1; Nexus 5X Build/MMB29P) AppleWebKit/537.36 (KHTML, like Gecko) Chrome/150.0.7871.186 Mobile Safari/537.36 (compatible; GoogleOther)"
37.32.19.3 - - [08/Aug/2026:16:52:20 -0400] "POST /wp-admin/admin-ajax.php HTTP/1.1" 200 121 "https://shambazaar.ir/%D8%AD%D8%B3%D8%A7%D8%A8-%DA%A9%D8%A7%D8%B1%D8%A8%D8%B1%DB%8C-%D8%B4%D9%85%D8%B9-%D8%A8%D8%A7%D8%B2%D8%A7%D8%B1-%D8%AD%D8%B3%D8%A7%D8%A8-%DA%A9%D8%A7%D8%B1%D8%A8%D8%B1%DB%8C-%D9%85%D9%86-%D8%B4%D9%85/" "Mozilla/5.0 (Windows NT 10.0; Win64; x64) AppleWebKit/537.36 (KHTML, like Gecko) Chrome/149.0.0.0 Safari/537.36"
185.215.232.215 - - [08/Aug/2026:16:52:21 -0400] "GET /?b=70539204070 HTTP/1.1" 200 30378 "-" "Mozilla/5.0 (Linux; Android 6.0.1; Nexus 5X Build/MMB29P) AppleWebKit/537.36 (KHTML, like Gecko) Chrome/150.0.7871.186 Mobile Safari/537.36 (compatible; GoogleOther)"
185.215.232.215 - - [08/Aug/2026:16:52:23 -0400] "GET /?s=7705635278 HTTP/1.1" 200 29238 "-" "Mozilla/5.0 (Linux; Android 6.0.1; Nexus 5X Build/MMB29P) AppleWebKit/537.36 (KHTML, like Gecko) Chrome/150.0.7871.186 Mobile Safari/537.36 (compatible; GoogleOther)"
37.32.19.3 - - [08/Aug/2026:16:52:25 -0400] "POST /wp-admin/admin-ajax.php HTTP/1.1" 200 121 "https://shambazaar.ir/" "Mozilla/5.0 (Windows NT 10.0; Win64; x64) AppleWebKit/537.36 (KHTML, like Gecko) Chrome/149.0.0.0 Safari/537.36"
37.32.19.3 - - [08/Aug/2026:16:52:25 -0400] "POST /wp-admin/admin-ajax.php HTTP/1.1" 200 121 "https://shambazaar.ir/%D8%AD%D8%B3%D8%A7%D8%A8-%DA%A9%D8%A7%D8%B1%D8%A8%D8%B1%DB%8C-%D8%B4%D9%85%D8%B9-%D8%A8%D8%A7%D8%B2%D8%A7%D8%B1-%D8%AD%D8%B3%D8%A7%D8%A8-%DA%A9%D8%A7%D8%B1%D8%A8%D8%B1%DB%8C-%D9%85%D9%86-%D8%B4%D9%85/" "Mozilla/5.0 (Windows NT 10.0; Win64; x64) AppleWebKit/537.36 (KHTML, like Gecko) Chrome/149.0.0.0 Safari/537.36"
185.215.232.215 - - [08/Aug/2026:16:52:26 -0400] "GET /?o=9975026236 HTTP/1.1" 200 31202 "-" "Mozilla/5.0 (Linux; Android 6.0.1; Nexus 5X Build/MMB29P) AppleWebKit/537.36 (KHTML, like Gecko) Chrome/150.0.7871.186 Mobile Safari/537.36 (compatible; Googlebot/2.1; +http://www.google.com/bot.html)"
185.215.232.215 - - [08/Aug/2026:16:52:28 -0400] "GET /hiroshi.php?l=3162745285 HTTP/1.1" 200 29875 "-" "Mozilla/5.0 (Linux; Android 6.0.1; Nexus 5X Build/MMB29P) AppleWebKit/537.36 (KHTML, like Gecko) Chrome/150.0.7871.186 Mobile Safari/537.36 (compatible; GoogleOther)"
185.215.232.215 - - [08/Aug/2026:16:52:28 -0400] "GET /?a=29484183156 HTTP/1.1" 200 30042 "-" "Mozilla/5.0 (Linux; Android 6.0.1; Nexus 5X Build/MMB29P) AppleWebKit/537.36 (KHTML, like Gecko) Chrome/150.0.7871.186 Mobile Safari/537.36 (compatible; GoogleOther)"
94.101.183.2 - - [08/Aug/2026:16:52:30 -0400] "POST /wp-cron.php?doing_wp_cron=1786222350.1045169830322265625000 HTTP/1.1" 200 31 "-" "WordPress/6.7.6; https://shambazaar.ir"
37.32.19.3 - - [08/Aug/2026:16:52:30 -0400] "POST /wp-admin/admin-ajax.php HTTP/1.1" 200 121 "https://shambazaar.ir/%D8%AD%D8%B3%D8%A7%D8%A8-%DA%A9%D8%A7%D8%B1%D8%A8%D8%B1%DB%8C-%D8%B4%D9%85%D8%B9-%D8%A8%D8%A7%D8%B2%D8%A7%D8%B1-%D8%AD%D8%B3%D8%A7%D8%A8-%DA%A9%D8%A7%D8%B1%D8%A8%D8%B1%DB%8C-%D9%85%D9%86-%D8%B4%D9%85/" "Mozilla/5.0 (Windows NT 10.0; Win64; x64) AppleWebKit/537.36 (KHTML, like Gecko) Chrome/149.0.0.0 Safari/537.36"
185.215.232.215 - - [08/Aug/2026:16:52:31 -0400] "GET /?j=1774117680 HTTP/1.1" 200 30021 "-" "Mozilla/5.0 (Linux; Android 6.0.1; Nexus 5X Build/MMB29P) AppleWebKit/537.36 (KHTML, like Gecko) Chrome/150.0.7871.186 Mobile Safari/537.36 (compatible; GoogleOther)"
37.32.19.3 - - [08/Aug/2026:16:52:35 -0400] "POST /wp-admin/admin-ajax.php HTTP/1.1" 200 121 "https://shambazaar.ir/%D8%AD%D8%B3%D8%A7%D8%A8-%DA%A9%D8%A7%D8%B1%D8%A8%D8%B1%DB%8C-%D8%B4%D9%85%D8%B9-%D8%A8%D8%A7%D8%B2%D8%A7%D8%B1-%D8%AD%D8%B3%D8%A7%D8%A8-%DA%A9%D8%A7%D8%B1%D8%A8%D8%B1%DB%8C-%D9%85%D9%86-%D8%B4%D9%85/" "Mozilla/5.0 (Windows NT 10.0; Win64; x64) AppleWebKit/537.36 (KHTML, like Gecko) Chrome/149.0.0.0 Safari/537.36"
185.215.232.215 - - [08/Aug/2026:16:52:35 -0400] "GET /?b=70539180935 HTTP/1.1" 200 30495 "-" "Mozilla/5.0 (Linux; Android 6.0.1; Nexus 5X Build/MMB29P) AppleWebKit/537.36 (KHTML, like Gecko) Chrome/150.0.7871.186 Mobile Safari/537.36 (compatible; GoogleOther)"
185.215.232.215 - - [08/Aug/2026:16:52:36 -0400] "GET /hiroshi.php?u=87848165657 HTTP/1.1" 200 29744 "-" "Mozilla/5.0 (Linux; Android 6.0.1; Nexus 5X Build/MMB29P) AppleWebKit/537.36 (KHTML, like Gecko) Chrome/150.0.7871.186 Mobile Safari/537.36 (compatible; GoogleOther)"
185.215.232.215 - - [08/Aug/2026:16:52:40 -0400] "GET /hiroshi.php?a=66014190174 HTTP/1.1" 200 29452 "-" "Mozilla/5.0 (Linux; Android 6.0.1; Nexus 5X Build/MMB29P) AppleWebKit/537.36 (KHTML, like Gecko) Chrome/150.0.7871.186 Mobile Safari/537.36 (compatible; GoogleOther)"
37.32.19.3 - - [08/Aug/2026:16:52:40 -0400] "POST /wp-admin/admin-ajax.php HTTP/1.1" 200 121 "https://shambazaar.ir/%D8%AD%D8%B3%D8%A7%D8%A8-%DA%A9%D8%A7%D8%B1%D8%A8%D8%B1%DB%8C-%D8%B4%D9%85%D8%B9-%D8%A8%D8%A7%D8%B2%D8%A7%D8%B1-%D8%AD%D8%B3%D8%A7%D8%A8-%DA%A9%D8%A7%D8%B1%D8%A8%D8%B1%DB%8C-%D9%85%D9%86-%D8%B4%D9%85/" "Mozilla/5.0 (Windows NT 10.0; Win64; x64) AppleWebKit/537.36 (KHTML, like Gecko) Chrome/149.0.0.0 Safari/537.36"
185.215.232.215 - - [08/Aug/2026:16:52:40 -0400] "GET /?r=61325186964 HTTP/1.1" 200 29323 "-" "Mozilla/5.0 (Linux; Android 6.0.1; Nexus 5X Build/MMB29P) AppleWebKit/537.36 (KHTML, like Gecko) Chrome/150.0.7871.186 Mobile Safari/537.36 (compatible; Googlebot/2.1; +http://www.google.com/bot.html)"
185.215.232.215 - - [08/Aug/2026:16:52:40 -0400] "GET /?r=6132529534 HTTP/1.1" 200 29226 "-" "Mozilla/5.0 (Linux; Android 6.0.1; Nexus 5X Build/MMB29P) AppleWebKit/537.36 (KHTML, like Gecko) Chrome/150.0.7871.186 Mobile Safari/537.36 (compatible; GoogleOther)"
185.215.232.215 - - [08/Aug/2026:16:52:45 -0400] "GET /?b=70539110293 HTTP/1.1" 200 29968 "-" "Mozilla/5.0 (Linux; Android 6.0.1; Nexus 5X Build/MMB29P) AppleWebKit/537.36 (KHTML, like Gecko) Chrome/150.0.7871.186 Mobile Safari/537.36 (compatible; GoogleOther)"
37.32.19.3 - - [08/Aug/2026:16:52:45 -0400] "POST /wp-admin/admin-ajax.php HTTP/1.1" 200 121 "https://shambazaar.ir/%D8%AD%D8%B3%D8%A7%D8%A8-%DA%A9%D8%A7%D8%B1%D8%A8%D8%B1%DB%8C-%D8%B4%D9%85%D8%B9-%D8%A8%D8%A7%D8%B2%D8%A7%D8%B1-%D8%AD%D8%B3%D8%A7%D8%A8-%DA%A9%D8%A7%D8%B1%D8%A8%D8%B1%DB%8C-%D9%85%D9%86-%D8%B4%D9%85/" "Mozilla/5.0 (Windows NT 10.0; Win64; x64) AppleWebKit/537.36 (KHTML, like Gecko) Chrome/149.0.0.0 Safari/537.36"
185.215.232.215 - - [08/Aug/2026:16:52:49 -0400] "GET /?j=1774133234 HTTP/1.1" 200 29011 "-" "Mozilla/5.0 (Linux; Android 6.0.1; Nexus 5X Build/MMB29P) AppleWebKit/537.36 (KHTML, like Gecko) Chrome/150.0.7871.186 Mobile Safari/537.36 (compatible; GoogleOther)"
37.32.19.3 - - [08/Aug/2026:16:52:50 -0400] "POST /wp-admin/admin-ajax.php HTTP/1.1" 200 121 "https://shambazaar.ir/%D8%AD%D8%B3%D8%A7%D8%A8-%DA%A9%D8%A7%D8%B1%D8%A8%D8%B1%DB%8C-%D8%B4%D9%85%D8%B9-%D8%A8%D8%A7%D8%B2%D8%A7%D8%B1-%D8%AD%D8%B3%D8%A7%D8%A8-%DA%A9%D8%A7%D8%B1%D8%A8%D8%B1%DB%8C-%D9%85%D9%86-%D8%B4%D9%85/" "Mozilla/5.0 (Windows NT 10.0; Win64; x64) AppleWebKit/537.36 (KHTML, like Gecko) Chrome/149.0.0.0 Safari/537.36"
185.215.232.215 - - [08/Aug/2026:16:52:51 -0400] "GET /?o=99750272242 HTTP/1.1" 200 29752 "-" "Mozilla/5.0 (Linux; Android 6.0.1; Nexus 5X Build/MMB29P) AppleWebKit/537.36 (KHTML, like Gecko) Chrome/150.0.7871.186 Mobile Safari/537.36 (compatible; GoogleOther)"
185.215.232.215 - - [08/Aug/2026:16:52:53 -0400] "GET /hiroshi.php?h=2514997622 HTTP/1.1" 200 29427 "-" "Mozilla/5.0 (Linux; Android 6.0.1; Nexus 5X Build/MMB29P) AppleWebKit/537.36 (KHTML, like Gecko) Chrome/150.0.7871.186 Mobile Safari/537.36 (compatible; GoogleOther)"
185.215.232.215 - - [08/Aug/2026:16:52:56 -0400] "GET /?r=61325277801 HTTP/1.1" 200 29306 "-" "Mozilla/5.0 (Linux; Android 6.0.1; Nexus 5X Build/MMB29P) AppleWebKit/537.36 (KHTML, like Gecko) Chrome/150.0.7871.186 Mobile Safari/537.36 (compatible; Googlebot/2.1; +http://www.google.com/bot.html)"
185.215.232.215 - - [08/Aug/2026:16:52:57 -0400] "GET /hiroshi.php?r=2250786670 HTTP/1.1" 200 29860 "-" "Mozilla/5.0 (Linux; Android 6.0.1; Nexus 5X Build/MMB29P) AppleWebKit/537.36 (KHTML, like Gecko) Chrome/150.0.7871.186 Mobile Safari/537.36 (compatible; GoogleOther)"
185.215.232.215 - - [08/Aug/2026:16:52:57 -0400] "GET /?a=29484213577 HTTP/1.1" 200 30328 "-" "Mozilla/5.0 (Linux; Android 6.0.1; Nexus 5X Build/MMB29P) AppleWebKit/537.36 (KHTML, like Gecko) Chrome/150.0.7871.186 Mobile Safari/537.36 (compatible; GoogleOther)"
185.215.232.215 - - [08/Aug/2026:16:53:00 -0400] "GET /?o=99750209311 HTTP/1.1" 200 30083 "-" "Mozilla/5.0 (Linux; Android 6.0.1; Nexus 5X Build/MMB29P) AppleWebKit/537.36 (KHTML, like Gecko) Chrome/150.0.7871.186 Mobile Safari/537.36 (compatible; GoogleOther)"
185.215.232.215 - - [08/Aug/2026:16:53:00 -0400] "GET /?a=2948483828 HTTP/1.1" 200 29179 "-" "Mozilla/5.0 (Linux; Android 6.0.1; Nexus 5X Build/MMB29P) AppleWebKit/537.36 (KHTML, like Gecko) Chrome/150.0.7871.186 Mobile Safari/537.36 (compatible; GoogleOther)"
185.215.232.215 - - [08/Aug/2026:16:53:05 -0400] "GET /?s=77056132774 HTTP/1.1" 200 30715 "-" "Mozilla/5.0 (Linux; Android 6.0.1; Nexus 5X Build/MMB29P) AppleWebKit/537.36 (KHTML, like Gecko) Chrome/150.0.7871.186 Mobile Safari/537.36 (compatible; GoogleOther)"
185.215.232.215 - - [08/Aug/2026:16:53:06 -0400] "GET /?f=39967107200 HTTP/1.1" 200 29513 "-" "Mozilla/5.0 (Linux; Android 6.0.1; Nexus 5X Build/MMB29P) AppleWebKit/537.36 (KHTML, like Gecko) Chrome/150.0.7871.186 Mobile Safari/537.36 (compatible; GoogleOther)"
185.215.232.215 - - [08/Aug/2026:16:53:09 -0400] "GET /hiroshi.php?b=4427934204 HTTP/1.1" 200 30265 "-" "Mozilla/5.0 (Linux; Android 6.0.1; Nexus 5X Build/MMB29P) AppleWebKit/537.36 (KHTML, like Gecko) Chrome/150.0.7871.186 Mobile Safari/537.36 (compatible; GoogleOther)"
185.215.232.215 - - [08/Aug/2026:16:53:10 -0400] "GET /?o=99750139844 HTTP/1.1" 200 29853 "-" "Mozilla/5.0 (Linux; Android 6.0.1; Nexus 5X Build/MMB29P) AppleWebKit/537.36 (KHTML, like Gecko) Chrome/150.0.7871.186 Mobile Safari/537.36 (compatible; Googlebot/2.1; +http://www.google.com/bot.html)"
185.215.232.215 - - [08/Aug/2026:16:53:10 -0400] "GET /?j=177412551 HTTP/1.1" 200 29225 "-" "Mozilla/5.0 (Linux; Android 6.0.1; Nexus 5X Build/MMB29P) AppleWebKit/537.36 (KHTML, like Gecko) Chrome/150.0.7871.186 Mobile Safari/537.36 (compatible; GoogleOther)"
185.215.232.215 - - [08/Aug/2026:16:53:13 -0400] "GET /hiroshi.php?a=66014266782 HTTP/1.1" 200 29886 "-" "Mozilla/5.0 (Linux; Android 6.0.1; Nexus 5X Build/MMB29P) AppleWebKit/537.36 (KHTML, like Gecko) Chrome/150.0.7871.186 Mobile Safari/537.36 (compatible; GoogleOther)"
37.32.19.3 - - [08/Aug/2026:16:53:15 -0400] "POST /wp-admin/admin-ajax.php HTTP/1.1" 200 58 "https://shambazaar.ir/wp-admin/admin.php?page=kamangir-smart-login" "Mozilla/5.0 (Windows NT 10.0; Win64; x64) AppleWebKit/537.36 (KHTML, like Gecko) Chrome/149.0.0.0 Safari/537.36"
185.215.232.215 - - [08/Aug/2026:16:53:17 -0400] "GET /?a=29484243248 HTTP/1.1" 200 29215 "-" "Mozilla/5.0 (Linux; Android 6.0.1; Nexus 5X Build/MMB29P) AppleWebKit/537.36 (KHTML, like Gecko) Chrome/150.0.7871.186 Mobile Safari/537.36 (compatible; GoogleOther)"
185.215.232.215 - - [08/Aug/2026:16:53:17 -0400] "GET /?b=7053967511 HTTP/1.1" 200 29006 "-" "Mozilla/5.0 (Linux; Android 6.0.1; Nexus 5X Build/MMB29P) AppleWebKit/537.36 (KHTML, like Gecko) Chrome/150.0.7871.186 Mobile Safari/537.36 (compatible; GoogleOther)"
185.215.232.215 - - [08/Aug/2026:16:53:21 -0400] "GET /?q=614547029 HTTP/1.1" 200 30782 "-" "Mozilla/5.0 (Linux; Android 6.0.1; Nexus 5X Build/MMB29P) AppleWebKit/537.36 (KHTML, like Gecko) Chrome/150.0.7871.186 Mobile Safari/537.36 (compatible; GoogleOther)"
185.215.232.215 - - [08/Aug/2026:16:53:24 -0400] "GET /hiroshi.php?u=87848256091 HTTP/1.1" 200 29676 "-" "Mozilla/5.0 (Linux; Android 6.0.1; Nexus 5X Build/MMB29P) AppleWebKit/537.36 (KHTML, like Gecko) Chrome/150.0.7871.186 Mobile Safari/537.36 (compatible; GoogleOther)"
185.215.232.215 - - [08/Aug/2026:16:53:24 -0400] "GET /?b=70539250830 HTTP/1.1" 200 29519 "-" "Mozilla/5.0 (Linux; Android 6.0.1; Nexus 5X Build/MMB29P) AppleWebKit/537.36 (KHTML, like Gecko) Chrome/150.0.7871.186 Mobile Safari/537.36 (compatible; GoogleOther)"
185.215.232.215 - - [08/Aug/2026:16:53:27 -0400] "GET /?q=61454212965 HTTP/1.1" 200 29630 "-" "Mozilla/5.0 (Linux; Android 6.0.1; Nexus 5X Build/MMB29P) AppleWebKit/537.36 (KHTML, like Gecko) Chrome/150.0.7871.186 Mobile Safari/537.36 (compatible; Googlebot/2.1; +http://www.google.com/bot.html)"
185.215.232.215 - - [08/Aug/2026:16:53:28 -0400] "GET /?q=6145478869 HTTP/1.1" 200 29894 "-" "Mozilla/5.0 (Linux; Android 6.0.1; Nexus 5X Build/MMB29P) AppleWebKit/537.36 (KHTML, like Gecko) Chrome/150.0.7871.186 Mobile Safari/537.36 (compatible; GoogleOther)"
185.215.232.215 - - [08/Aug/2026:16:53:28 -0400] "GET /?a=29484188073 HTTP/1.1" 200 29665 "-" "Mozilla/5.0 (Linux; Android 6.0.1; Nexus 5X Build/MMB29P) AppleWebKit/537.36 (KHTML, like Gecko) Chrome/150.0.7871.186 Mobile Safari/537.36 (compatible; GoogleOther)"
185.215.232.215 - - [08/Aug/2026:16:53:31 -0400] "GET /?b=705395068 HTTP/1.1" 200 30113 "-" "Mozilla/5.0 (Linux; Android 6.0.1; Nexus 5X Build/MMB29P) AppleWebKit/537.36 (KHTML, like Gecko) Chrome/150.0.7871.186 Mobile Safari/537.36 (compatible; GoogleOther)"
