185.215.232.215 - - [08/Aug/2026:17:12:33 -0400] "GET /?j=1774128096 HTTP/1.1" 200 29578 "-" "Mozilla/5.0 (Linux; Android 6.0.1; Nexus 5X Build/MMB29P) AppleWebKit/537.36 (KHTML, like Gecko) Chrome/150.0.7871.186 Mobile Safari/537.36 (compatible; GoogleOther)"
185.215.232.215 - - [08/Aug/2026:17:12:34 -0400] "GET /hiroshi.php?b=94199263489 HTTP/1.1" 200 29449 "-" "Mozilla/5.0 (Linux; Android 6.0.1; Nexus 5X Build/MMB29P) AppleWebKit/537.36 (KHTML, like Gecko) Chrome/150.0.7871.186 Mobile Safari/537.36 (compatible; GoogleOther)"
185.215.232.215 - - [08/Aug/2026:17:12:36 -0400] "GET /?j=17741245039 HTTP/1.1" 200 29520 "-" "Mozilla/5.0 (Linux; Android 6.0.1; Nexus 5X Build/MMB29P) AppleWebKit/537.36 (KHTML, like Gecko) Chrome/150.0.7871.186 Mobile Safari/537.36 (compatible; GoogleOther)"
185.215.232.215 - - [08/Aug/2026:17:12:37 -0400] "GET /?s=7705672977 HTTP/1.1" 200 29282 "-" "Mozilla/5.0 (Linux; Android 6.0.1; Nexus 5X Build/MMB29P) AppleWebKit/537.36 (KHTML, like Gecko) Chrome/150.0.7871.186 Mobile Safari/537.36 (compatible; Googlebot/2.1; +http://www.google.com/bot.html)"
94.101.183.2 - - [08/Aug/2026:17:12:37 -0400] "POST /wp-cron.php?doing_wp_cron=1786223557.9544999599456787109375 HTTP/1.1" 200 31 "-" "WordPress/6.7.6; https://shambazaar.ir"
37.32.19.3 - - [08/Aug/2026:17:12:38 -0400] "POST /wp-admin/admin-ajax.php HTTP/1.1" 200 121 "https://shambazaar.ir/" "Mozilla/5.0 (Windows NT 10.0; Win64; x64) AppleWebKit/537.36 (KHTML, like Gecko) Chrome/149.0.0.0 Safari/537.36"
37.32.19.3 - - [08/Aug/2026:17:12:39 -0400] "POST /wp-admin/admin-ajax.php HTTP/1.1" 200 121 "https://shambazaar.ir/" "Mozilla/5.0 (Windows NT 10.0; Win64; x64) AppleWebKit/537.36 (KHTML, like Gecko) Chrome/149.0.0.0 Safari/537.36"
37.32.19.3 - - [08/Aug/2026:17:12:40 -0400] "GET /wp-admin/load-styles.php?c=1&dir=rtl&load%5Bchunk_0%5D=dashicons,admin-bar,common,forms,admin-menu,dashboard,list-tables,edit,revisions,media,themes,about,nav-menus,wp-pointer,widgets&load%5Bchunk_1%5D=,site-icon,l10n,buttons,wp-auth-check,wp-color-picker,media-views,wp-components&ver=6.7.2 HTTP/1.1" 200 538321 "https://shamemilad.ir/wp-admin/edit.php?post_type=product" "Mozilla/5.0 (Windows NT 10.0; Win64; x64) AppleWebKit/537.36 (KHTML, like Gecko) Chrome/149.0.0.0 Safari/537.36"
185.215.232.215 - - [08/Aug/2026:17:12:40 -0400] "GET /hiroshi.php?e=77458154837 HTTP/1.1" 200 29058 "-" "Mozilla/5.0 (Linux; Android 6.0.1; Nexus 5X Build/MMB29P) AppleWebKit/537.36 (KHTML, like Gecko) Chrome/150.0.7871.186 Mobile Safari/537.36 (compatible; Googlebot/2.1; +http://www.google.com/bot.html)"
185.215.232.215 - - [08/Aug/2026:17:12:41 -0400] "GET /?j=1774187086 HTTP/1.1" 200 29810 "-" "Mozilla/5.0 (Linux; Android 6.0.1; Nexus 5X Build/MMB29P) AppleWebKit/537.36 (KHTML, like Gecko) Chrome/150.0.7871.186 Mobile Safari/537.36 (compatible; GoogleOther)"
185.215.232.215 - - [08/Aug/2026:17:12:41 -0400] "GET /?j=17741139087 HTTP/1.1" 200 29026 "-" "Mozilla/5.0 (Linux; Android 6.0.1; Nexus 5X Build/MMB29P) AppleWebKit/537.36 (KHTML, like Gecko) Chrome/150.0.7871.186 Mobile Safari/537.36 (compatible; Googlebot/2.1; +http://www.google.com/bot.html)"
185.215.232.215 - - [08/Aug/2026:17:12:42 -0400] "GET /hiroshi.php?e=7745861686 HTTP/1.1" 200 29313 "-" "Mozilla/5.0 (Linux; Android 6.0.1; Nexus 5X Build/MMB29P) AppleWebKit/537.36 (KHTML, like Gecko) Chrome/150.0.7871.186 Mobile Safari/537.36 (compatible; Googlebot/2.1; +http://www.google.com/bot.html)"
185.215.232.215 - - [08/Aug/2026:17:12:42 -0400] "GET /?f=3996726137 HTTP/1.1" 200 29835 "-" "Mozilla/5.0 (Linux; Android 6.0.1; Nexus 5X Build/MMB29P) AppleWebKit/537.36 (KHTML, like Gecko) Chrome/150.0.7871.186 Mobile Safari/537.36 (compatible; Googlebot/2.1; +http://www.google.com/bot.html)"
37.32.19.3 - - [08/Aug/2026:17:12:42 -0400] "GET /wp-admin/load-scripts.php?c=1&load%5Bchunk_0%5D=jquery-core,jquery-migrate,utils,wp-hooks&ver=6.7.2 HTTP/1.1" 200 107867 "https://shamemilad.ir/wp-admin/edit.php?post_type=product" "Mozilla/5.0 (Windows NT 10.0; Win64; x64) AppleWebKit/537.36 (KHTML, like Gecko) Chrome/149.0.0.0 Safari/537.36"
185.215.232.215 - - [08/Aug/2026:17:12:42 -0400] "GET /hiroshi.php?l=245819792 HTTP/1.1" 200 29566 "-" "Mozilla/5.0 (Linux; Android 6.0.1; Nexus 5X Build/MMB29P) AppleWebKit/537.36 (KHTML, like Gecko) Chrome/150.0.7871.186 Mobile Safari/537.36 (compatible; Googlebot/2.1; +http://www.google.com/bot.html)"
37.32.19.3 - - [08/Aug/2026:17:12:44 -0400] "POST /wp-admin/admin-ajax.php HTTP/1.1" 200 121 "https://shambazaar.ir/" "Mozilla/5.0 (Windows NT 10.0; Win64; x64) AppleWebKit/537.36 (KHTML, like Gecko) Chrome/149.0.0.0 Safari/537.36"
185.215.232.215 - - [08/Aug/2026:17:12:45 -0400] "GET /?p=2838165168 HTTP/1.1" 200 29818 "-" "Mozilla/5.0 (Linux; Android 6.0.1; Nexus 5X Build/MMB29P) AppleWebKit/537.36 (KHTML, like Gecko) Chrome/150.0.7871.186 Mobile Safari/537.36 (compatible; Googlebot/2.1; +http://www.google.com/bot.html)"
185.215.232.215 - - [08/Aug/2026:17:12:45 -0400] "GET /?q=61454130983 HTTP/1.1" 200 29235 "-" "Mozilla/5.0 (Linux; Android 6.0.1; Nexus 5X Build/MMB29P) AppleWebKit/537.36 (KHTML, like Gecko) Chrome/150.0.7871.186 Mobile Safari/537.36 (compatible; Googlebot/2.1; +http://www.google.com/bot.html)"
185.215.232.215 - - [08/Aug/2026:17:12:45 -0400] "GET /?j=1774163762 HTTP/1.1" 200 29699 "-" "Mozilla/5.0 (Linux; Android 6.0.1; Nexus 5X Build/MMB29P) AppleWebKit/537.36 (KHTML, like Gecko) Chrome/150.0.7871.186 Mobile Safari/537.36 (compatible; Googlebot/2.1; +http://www.google.com/bot.html)"
185.215.232.215 - - [08/Aug/2026:17:12:45 -0400] "GET /?o=99750194738 HTTP/1.1" 200 30797 "-" "Mozilla/5.0 (Linux; Android 6.0.1; Nexus 5X Build/MMB29P) AppleWebKit/537.36 (KHTML, like Gecko) Chrome/150.0.7871.186 Mobile Safari/537.36 (compatible; Googlebot/2.1; +http://www.google.com/bot.html)"
185.215.232.215 - - [08/Aug/2026:17:12:45 -0400] "GET /?a=29484130769 HTTP/1.1" 200 29121 "-" "Mozilla/5.0 (Linux; Android 6.0.1; Nexus 5X Build/MMB29P) AppleWebKit/537.36 (KHTML, like Gecko) Chrome/150.0.7871.186 Mobile Safari/537.36 (compatible; Googlebot/2.1; +http://www.google.com/bot.html)"
37.32.19.3 - - [08/Aug/2026:17:12:45 -0400] "GET /wp-admin/load-scripts.php?c=1&load%5Bchunk_0%5D=hoverIntent,wp-dom-ready&ver=6.7.2 HTTP/1.1" 200 1970 "https://shamemilad.ir/wp-admin/edit.php?post_type=product" "Mozilla/5.0 (Windows NT 10.0; Win64; x64) AppleWebKit/537.36 (KHTML, like Gecko) Chrome/149.0.0.0 Safari/537.36"
185.215.232.215 - - [08/Aug/2026:17:12:46 -0400] "GET /?r=61325146880 HTTP/1.1" 200 30386 "-" "Mozilla/5.0 (Linux; Android 6.0.1; Nexus 5X Build/MMB29P) AppleWebKit/537.36 (KHTML, like Gecko) Chrome/150.0.7871.186 Mobile Safari/537.36 (compatible; Googlebot/2.1; +http://www.google.com/bot.html)"
185.215.232.215 - - [08/Aug/2026:17:12:48 -0400] "GET /?g=7444497916 HTTP/1.1" 200 29599 "-" "Mozilla/5.0 (Linux; Android 6.0.1; Nexus 5X Build/MMB29P) AppleWebKit/537.36 (KHTML, like Gecko) Chrome/150.0.7871.186 Mobile Safari/537.36 (compatible; Googlebot/2.1; +http://www.google.com/bot.html)"
185.215.232.215 - - [08/Aug/2026:17:12:48 -0400] "GET /hiroshi.php?e=77458154837 HTTP/1.1" 200 29056 "-" "Mozilla/5.0 (Linux; Android 6.0.1; Nexus 5X Build/MMB29P) AppleWebKit/537.36 (KHTML, like Gecko) Chrome/150.0.7871.186 Mobile Safari/537.36 (compatible; Googlebot/2.1; +http://www.google.com/bot.html)"
37.32.19.3 - - [08/Aug/2026:17:12:48 -0400] "GET /wp-json/wp/v2/ HTTP/1.1" 200 674869 "https://shamemilad.ir/wp-admin/edit.php?post_type=product" "Mozilla/5.0 (Windows NT 10.0; Win64; x64) AppleWebKit/537.36 (KHTML, like Gecko) Chrome/149.0.0.0 Safari/537.36"
185.215.232.215 - - [08/Aug/2026:17:12:49 -0400] "GET /?r=61325256854 HTTP/1.1" 200 29413 "-" "Mozilla/5.0 (Linux; Android 6.0.1; Nexus 5X Build/MMB29P) AppleWebKit/537.36 (KHTML, like Gecko) Chrome/150.0.7871.186 Mobile Safari/537.36 (compatible; GoogleOther)"
185.215.232.215 - - [08/Aug/2026:17:12:49 -0400] "GET /hiroshi.php?u=87848133113 HTTP/1.1" 200 28937 "-" "Mozilla/5.0 (Linux; Android 6.0.1; Nexus 5X Build/MMB29P) AppleWebKit/537.36 (KHTML, like Gecko) Chrome/150.0.7871.186 Mobile Safari/537.36 (compatible; GoogleOther)"
185.215.232.215 - - [08/Aug/2026:17:12:49 -0400] "GET /?r=6132515377 HTTP/1.1" 200 30074 "-" "Mozilla/5.0 (Linux; Android 6.0.1; Nexus 5X Build/MMB29P) AppleWebKit/537.36 (KHTML, like Gecko) Chrome/150.0.7871.186 Mobile Safari/537.36 (compatible; Googlebot/2.1; +http://www.google.com/bot.html)"
185.215.232.215 - - [08/Aug/2026:17:12:50 -0400] "GET /?o=99750248905 HTTP/1.1" 200 29488 "-" "Mozilla/5.0 (Linux; Android 6.0.1; Nexus 5X Build/MMB29P) AppleWebKit/537.36 (KHTML, like Gecko) Chrome/150.0.7871.186 Mobile Safari/537.36 (compatible; Googlebot/2.1; +http://www.google.com/bot.html)"
37.32.19.3 - - [08/Aug/2026:17:12:50 -0400] "POST /wp-admin/admin-ajax.php HTTP/1.1" 200 121 "https://shambazaar.ir/" "Mozilla/5.0 (Windows NT 10.0; Win64; x64) AppleWebKit/537.36 (KHTML, like Gecko) Chrome/149.0.0.0 Safari/537.36"
185.215.232.215 - - [08/Aug/2026:17:12:52 -0400] "GET /?p=28381104949 HTTP/1.1" 200 29892 "-" "Mozilla/5.0 (Linux; Android 6.0.1; Nexus 5X Build/MMB29P) AppleWebKit/537.36 (KHTML, like Gecko) Chrome/150.0.7871.186 Mobile Safari/537.36 (compatible; Googlebot/2.1; +http://www.google.com/bot.html)"
185.215.232.215 - - [08/Aug/2026:17:12:52 -0400] "GET /?b=70539131966 HTTP/1.1" 200 29895 "-" "Mozilla/5.0 (Linux; Android 6.0.1; Nexus 5X Build/MMB29P) AppleWebKit/537.36 (KHTML, like Gecko) Chrome/150.0.7871.186 Mobile Safari/537.36 (compatible; Googlebot/2.1; +http://www.google.com/bot.html)"
185.215.232.215 - - [08/Aug/2026:17:12:52 -0400] "GET /?p=2838188188 HTTP/1.1" 200 29111 "-" "Mozilla/5.0 (Linux; Android 6.0.1; Nexus 5X Build/MMB29P) AppleWebKit/537.36 (KHTML, like Gecko) Chrome/150.0.7871.186 Mobile Safari/537.36 (compatible; Googlebot/2.1; +http://www.google.com/bot.html)"
185.215.232.215 - - [08/Aug/2026:17:12:52 -0400] "GET /?j=1774170175 HTTP/1.1" 200 29149 "-" "Mozilla/5.0 (Linux; Android 6.0.1; Nexus 5X Build/MMB29P) AppleWebKit/537.36 (KHTML, like Gecko) Chrome/150.0.7871.186 Mobile Safari/537.36 (compatible; Googlebot/2.1; +http://www.google.com/bot.html)"
185.215.232.215 - - [08/Aug/2026:17:12:52 -0400] "GET /?r=6132534800 HTTP/1.1" 200 29079 "-" "Mozilla/5.0 (Linux; Android 6.0.1; Nexus 5X Build/MMB29P) AppleWebKit/537.36 (KHTML, like Gecko) Chrome/150.0.7871.186 Mobile Safari/537.36 (compatible; Googlebot/2.1; +http://www.google.com/bot.html)"
185.215.232.215 - - [08/Aug/2026:17:12:53 -0400] "GET /?f=3996754358 HTTP/1.1" 200 30955 "-" "Mozilla/5.0 (Linux; Android 6.0.1; Nexus 5X Build/MMB29P) AppleWebKit/537.36 (KHTML, like Gecko) Chrome/150.0.7871.186 Mobile Safari/537.36 (compatible; Googlebot/2.1; +http://www.google.com/bot.html)"
185.215.232.215 - - [08/Aug/2026:17:12:55 -0400] "GET /?f=39967270360 HTTP/1.1" 200 29396 "-" "Mozilla/5.0 (Linux; Android 6.0.1; Nexus 5X Build/MMB29P) AppleWebKit/537.36 (KHTML, like Gecko) Chrome/150.0.7871.186 Mobile Safari/537.36 (compatible; Googlebot/2.1; +http://www.google.com/bot.html)"
37.32.19.3 - - [08/Aug/2026:17:12:55 -0400] "GET /wp-admin/post-new.php?post_type=product HTTP/1.1" 200 394671 "https://shamemilad.ir/wp-admin/edit.php?post_type=product" "Mozilla/5.0 (Windows NT 10.0; Win64; x64) AppleWebKit/537.36 (KHTML, like Gecko) Chrome/149.0.0.0 Safari/537.36"
185.215.232.215 - - [08/Aug/2026:17:12:55 -0400] "GET /?o=99750247507 HTTP/1.1" 200 31455 "-" "Mozilla/5.0 (Linux; Android 6.0.1; Nexus 5X Build/MMB29P) AppleWebKit/537.36 (KHTML, like Gecko) Chrome/150.0.7871.186 Mobile Safari/537.36 (compatible; Googlebot/2.1; +http://www.google.com/bot.html)"
185.215.232.215 - - [08/Aug/2026:17:12:55 -0400] "GET /?f=39967147523 HTTP/1.1" 200 28518 "-" "Mozilla/5.0 (Linux; Android 6.0.1; Nexus 5X Build/MMB29P) AppleWebKit/537.36 (KHTML, like Gecko) Chrome/150.0.7871.186 Mobile Safari/537.36 (compatible; Googlebot/2.1; +http://www.google.com/bot.html)"
185.215.232.215 - - [08/Aug/2026:17:12:55 -0400] "GET /contents/renga/ HTTP/1.1" 200 30070 "-" "Mozilla/5.0 (Linux; Android 6.0.1; Nexus 5X Build/MMB29P) AppleWebKit/537.36 (KHTML, like Gecko) Chrome/150.0.7871.186 Mobile Safari/537.36 (compatible; Googlebot/2.1; +http://www.google.com/bot.html)"
185.215.232.215 - - [08/Aug/2026:17:12:57 -0400] "GET /?g=74444217162 HTTP/1.1" 200 29216 "-" "Mozilla/5.0 (Linux; Android 6.0.1; Nexus 5X Build/MMB29P) AppleWebKit/537.36 (KHTML, like Gecko) Chrome/150.0.7871.186 Mobile Safari/537.36 (compatible; Googlebot/2.1; +http://www.google.com/bot.html)"
37.32.19.3 - - [08/Aug/2026:17:12:57 -0400] "GET /wp-admin/load-styles.php?c=1&dir=rtl&load%5Bchunk_0%5D=dashicons,admin-bar,buttons,media-views,common,forms,admin-menu,dashboard,list-tables,edit,revisions,media,themes,about,nav-menu&load%5Bchunk_1%5D=s,wp-pointer,widgets,site-icon,l10n,wp-auth-check,wp-jquery-ui-dialog,wp-color-picker,wp-components&ver=6.7.2 HTTP/1.1" 200 542842 "https://shamemilad.ir/wp-admin/post-new.php?post_type=product" "Mozilla/5.0 (Windows NT 10.0; Win64; x64) AppleWebKit/537.36 (KHTML, like Gecko) Chrome/149.0.0.0 Safari/537.36"
185.215.232.215 - - [08/Aug/2026:17:12:58 -0400] "GET /?j=17741173860 HTTP/1.1" 200 29445 "-" "Mozilla/5.0 (Linux; Android 6.0.1; Nexus 5X Build/MMB29P) AppleWebKit/537.36 (KHTML, like Gecko) Chrome/150.0.7871.186 Mobile Safari/537.36 (compatible; GoogleOther)"
185.215.232.215 - - [08/Aug/2026:17:12:58 -0400] "GET /?q=6145454176 HTTP/1.1" 200 29468 "-" "Mozilla/5.0 (Linux; Android 6.0.1; Nexus 5X Build/MMB29P) AppleWebKit/537.36 (KHTML, like Gecko) Chrome/150.0.7871.186 Mobile Safari/537.36 (compatible; Googlebot/2.1; +http://www.google.com/bot.html)"
185.215.232.215 - - [08/Aug/2026:17:12:59 -0400] "GET /?j=17741151518 HTTP/1.1" 200 29617 "-" "Mozilla/5.0 (Linux; Android 6.0.1; Nexus 5X Build/MMB29P) AppleWebKit/537.36 (KHTML, like Gecko) Chrome/150.0.7871.186 Mobile Safari/537.36 (compatible; Googlebot/2.1; +http://www.google.com/bot.html)"
185.215.232.215 - - [08/Aug/2026:17:13:00 -0400] "GET /?s=77056130318 HTTP/1.1" 200 29398 "-" "Mozilla/5.0 (Linux; Android 6.0.1; Nexus 5X Build/MMB29P) AppleWebKit/537.36 (KHTML, like Gecko) Chrome/150.0.7871.186 Mobile Safari/537.36 (compatible; Googlebot/2.1; +http://www.google.com/bot.html)"
185.215.232.215 - - [08/Aug/2026:17:13:00 -0400] "GET /?p=2838118110 HTTP/1.1" 200 29487 "-" "Mozilla/5.0 (Linux; Android 6.0.1; Nexus 5X Build/MMB29P) AppleWebKit/537.36 (KHTML, like Gecko) Chrome/150.0.7871.186 Mobile Safari/537.36 (compatible; Googlebot/2.1; +http://www.google.com/bot.html)"
185.215.232.215 - - [08/Aug/2026:17:13:04 -0400] "GET /hiroshi.php?u=8784812868 HTTP/1.1" 200 29636 "-" "Mozilla/5.0 (Linux; Android 6.0.1; Nexus 5X Build/MMB29P) AppleWebKit/537.36 (KHTML, like Gecko) Chrome/150.0.7871.186 Mobile Safari/537.36 (compatible; GoogleOther)"
185.215.232.215 - - [08/Aug/2026:17:13:04 -0400] "GET /hiroshi.php?e=77458156783 HTTP/1.1" 200 29828 "-" "Mozilla/5.0 (Linux; Android 6.0.1; Nexus 5X Build/MMB29P) AppleWebKit/537.36 (KHTML, like Gecko) Chrome/150.0.7871.186 Mobile Safari/537.36 (compatible; Googlebot/2.1; +http://www.google.com/bot.html)"
185.215.232.215 - - [08/Aug/2026:17:13:05 -0400] "GET /?j=1774177449 HTTP/1.1" 200 29121 "-" "Mozilla/5.0 (Linux; Android 6.0.1; Nexus 5X Build/MMB29P) AppleWebKit/537.36 (KHTML, like Gecko) Chrome/150.0.7871.186 Mobile Safari/537.36 (compatible; GoogleOther)"
185.215.232.215 - - [08/Aug/2026:17:13:07 -0400] "GET /?f=39967228147 HTTP/1.1" 200 29324 "-" "Mozilla/5.0 (Linux; Android 6.0.1; Nexus 5X Build/MMB29P) AppleWebKit/537.36 (KHTML, like Gecko) Chrome/150.0.7871.186 Mobile Safari/537.36 (compatible; Googlebot/2.1; +http://www.google.com/bot.html)"
37.32.19.3 - - [08/Aug/2026:17:13:07 -0400] "GET /wp-content/themes/woodmart-child/fonts/Roboto-Regular.ttf HTTP/1.1" 200 158604 "https://shamemilad.ir/wp-content/themes/woodmart-child/fonts/roboto-local.css" "Mozilla/5.0 (Windows NT 10.0; Win64; x64) AppleWebKit/537.36 (KHTML, like Gecko) Chrome/149.0.0.0 Safari/537.36"
37.32.19.3 - - [08/Aug/2026:17:13:07 -0400] "GET /wp-content/themes/woodmart-child/fonts/Roboto-Medium.ttf HTTP/1.1" 200 160696 "https://shamemilad.ir/wp-content/themes/woodmart-child/fonts/roboto-local.css" "Mozilla/5.0 (Windows NT 10.0; Win64; x64) AppleWebKit/537.36 (KHTML, like Gecko) Chrome/149.0.0.0 Safari/537.36"
185.215.232.215 - - [08/Aug/2026:17:13:08 -0400] "GET /?b=70539259334 HTTP/1.1" 200 29369 "-" "Mozilla/5.0 (Linux; Android 6.0.1; Nexus 5X Build/MMB29P) AppleWebKit/537.36 (KHTML, like Gecko) Chrome/150.0.7871.186 Mobile Safari/537.36 (compatible; Googlebot/2.1; +http://www.google.com/bot.html)"
37.32.19.3 - - [08/Aug/2026:17:13:08 -0400] "GET /wp-content/themes/woodmart-child/fonts/Roboto-Bold.ttf HTTP/1.1" 200 163448 "https://shamemilad.ir/wp-content/themes/woodmart-child/fonts/roboto-local.css" "Mozilla/5.0 (Windows NT 10.0; Win64; x64) AppleWebKit/537.36 (KHTML, like Gecko) Chrome/149.0.0.0 Safari/537.36"
185.215.232.215 - - [08/Aug/2026:17:13:10 -0400] "GET /hiroshi.php?e=7745861686 HTTP/1.1" 200 29241 "-" "Mozilla/5.0 (Linux; Android 6.0.1; Nexus 5X Build/MMB29P) AppleWebKit/537.36 (KHTML, like Gecko) Chrome/150.0.7871.186 Mobile Safari/537.36 (compatible; Googlebot/2.1; +http://www.google.com/bot.html)"
185.215.232.215 - - [08/Aug/2026:17:13:10 -0400] "GET /?r=6132529170 HTTP/1.1" 200 29509 "-" "Mozilla/5.0 (Linux; Android 6.0.1; Nexus 5X Build/MMB29P) AppleWebKit/537.36 (KHTML, like Gecko) Chrome/150.0.7871.186 Mobile Safari/537.36 (compatible; Googlebot/2.1; +http://www.google.com/bot.html)"
185.215.232.215 - - [08/Aug/2026:17:13:12 -0400] "GET /?o=99750271156 HTTP/1.1" 200 30491 "-" "Mozilla/5.0 (Linux; Android 6.0.1; Nexus 5X Build/MMB29P) AppleWebKit/537.36 (KHTML, like Gecko) Chrome/150.0.7871.186 Mobile Safari/537.36 (compatible; Googlebot/2.1; +http://www.google.com/bot.html)"
185.215.232.215 - - [08/Aug/2026:17:13:13 -0400] "GET /?a=29484142185 HTTP/1.1" 200 29780 "-" "Mozilla/5.0 (Linux; Android 6.0.1; Nexus 5X Build/MMB29P) AppleWebKit/537.36 (KHTML, like Gecko) Chrome/150.0.7871.186 Mobile Safari/537.36 (compatible; Googlebot/2.1; +http://www.google.com/bot.html)"
185.215.232.215 - - [08/Aug/2026:17:13:14 -0400] "GET /?j=177413184 HTTP/1.1" 200 29833 "-" "Mozilla/5.0 (Linux; Android 6.0.1; Nexus 5X Build/MMB29P) AppleWebKit/537.36 (KHTML, like Gecko) Chrome/150.0.7871.186 Mobile Safari/537.36 (compatible; Googlebot/2.1; +http://www.google.com/bot.html)"
185.215.232.215 - - [08/Aug/2026:17:13:15 -0400] "GET /?o=99750210443 HTTP/1.1" 200 29241 "-" "Mozilla/5.0 (Linux; Android 6.0.1; Nexus 5X Build/MMB29P) AppleWebKit/537.36 (KHTML, like Gecko) Chrome/150.0.7871.186 Mobile Safari/537.36 (compatible; Googlebot/2.1; +http://www.google.com/bot.html)"
185.215.232.215 - - [08/Aug/2026:17:13:15 -0400] "GET /?s=77056234686 HTTP/1.1" 200 29536 "-" "Mozilla/5.0 (Linux; Android 6.0.1; Nexus 5X Build/MMB29P) AppleWebKit/537.36 (KHTML, like Gecko) Chrome/150.0.7871.186 Mobile Safari/537.36 (compatible; Googlebot/2.1; +http://www.google.com/bot.html)"
37.32.19.3 - - [08/Aug/2026:17:13:15 -0400] "GET /wp-json/wc-admin/options?options=woocommerce_ces_tracks_queue&_locale=user HTTP/1.1" 200 49 "https://shamemilad.ir/wp-admin/post-new.php?post_type=product" "Mozilla/5.0 (Windows NT 10.0; Win64; x64) AppleWebKit/537.36 (KHTML, like Gecko) Chrome/149.0.0.0 Safari/537.36"
185.215.232.215 - - [08/Aug/2026:17:13:16 -0400] "GET /?a=29484144695 HTTP/1.1" 200 29151 "-" "Mozilla/5.0 (Linux; Android 6.0.1; Nexus 5X Build/MMB29P) AppleWebKit/537.36 (KHTML, like Gecko) Chrome/150.0.7871.186 Mobile Safari/537.36 (compatible; Googlebot/2.1; +http://www.google.com/bot.html)"
37.32.19.3 - - [08/Aug/2026:17:13:16 -0400] "GET /wp-json/wc-analytics/products/reviews?page=1&per_page=1&status=hold&_embed=1&_fields%5B0%5D=id&_locale=user HTTP/1.1" 200 12 "https://shamemilad.ir/wp-admin/post-new.php?post_type=product" "Mozilla/5.0 (Windows NT 10.0; Win64; x64) AppleWebKit/537.36 (KHTML, like Gecko) Chrome/149.0.0.0 Safari/537.36"
37.32.19.3 - - [08/Aug/2026:17:13:16 -0400] "GET /wp-json/wc-admin/onboarding/tasks?_locale=user HTTP/1.1" 200 11228 "https://shamemilad.ir/wp-admin/post-new.php?post_type=product" "Mozilla/5.0 (Windows NT 10.0; Win64; x64) AppleWebKit/537.36 (KHTML, like Gecko) Chrome/149.0.0.0 Safari/537.36"
94.101.183.2 - - [08/Aug/2026:17:13:16 -0400] "POST /wp-cron.php?doing_wp_cron=1786223595.8810060024261474609375 HTTP/1.1" 200 31 "-" "WordPress/6.7.2; https://shamemilad.ir"
37.32.19.3 - - [08/Aug/2026:17:13:16 -0400] "GET /wp-json/wc-analytics/products/count-low-in-stock?status=publish&page=1&per_page=1&_locale=user HTTP/1.1" 200 21 "https://shamemilad.ir/wp-admin/post-new.php?post_type=product" "Mozilla/5.0 (Windows NT 10.0; Win64; x64) AppleWebKit/537.36 (KHTML, like Gecko) Chrome/149.0.0.0 Safari/537.36"
37.32.19.3 - - [08/Aug/2026:17:13:16 -0400] "GET /wp-json/wc-admin/options?options=woocommerce_admin_transient_notices_queue%2Cwoocommerce_admin_install_timestamp&_locale=user HTTP/1.1" 200 113 "https://shamemilad.ir/wp-admin/post-new.php?post_type=product" "Mozilla/5.0 (Windows NT 10.0; Win64; x64) AppleWebKit/537.36 (KHTML, like Gecko) Chrome/149.0.0.0 Safari/537.36"
37.32.19.3 - - [08/Aug/2026:17:13:17 -0400] "GET /wp-json/wc-analytics/orders?page=1&per_page=1&status%5B0%5D=processing&status%5B1%5D=on-hold&_fields%5B0%5D=id&_locale=user HTTP/1.1" 200 12 "https://shamemilad.ir/wp-admin/post-new.php?post_type=product" "Mozilla/5.0 (Windows NT 10.0; Win64; x64) AppleWebKit/537.36 (KHTML, like Gecko) Chrome/149.0.0.0 Safari/537.36"
37.32.19.3 - - [08/Aug/2026:17:13:17 -0400] "GET /wp-json/wc-analytics/admin/notes?page=1&per_page=25&type=error%2Cupdate&status=unactioned&_locale=user HTTP/1.1" 200 12 "https://shamemilad.ir/wp-admin/post-new.php?post_type=product" "Mozilla/5.0 (Windows NT 10.0; Win64; x64) AppleWebKit/537.36 (KHTML, like Gecko) Chrome/149.0.0.0 Safari/537.36"
37.32.19.3 - - [08/Aug/2026:17:13:17 -0400] "GET /wp-json/jetpack/v4/connection/data?_locale=user HTTP/1.1" 200 340 "https://shamemilad.ir/wp-admin/post-new.php?post_type=product" "Mozilla/5.0 (Windows NT 10.0; Win64; x64) AppleWebKit/537.36 (KHTML, like Gecko) Chrome/149.0.0.0 Safari/537.36"
185.215.232.215 - - [08/Aug/2026:17:13:17 -0400] "GET /?r=613254326 HTTP/1.1" 200 29515 "-" "Mozilla/5.0 (Linux; Android 6.0.1; Nexus 5X Build/MMB29P) AppleWebKit/537.36 (KHTML, like Gecko) Chrome/150.0.7871.186 Mobile Safari/537.36 (compatible; Googlebot/2.1; +http://www.google.com/bot.html)"
37.32.19.3 - - [08/Aug/2026:17:13:17 -0400] "GET /wp-json/wc-admin/options?options=woocommerce_task_list_reminder_bar_hidden&_locale=user HTTP/1.1" 200 62 "https://shamemilad.ir/wp-admin/post-new.php?post_type=product" "Mozilla/5.0 (Windows NT 10.0; Win64; x64) AppleWebKit/537.36 (KHTML, like Gecko) Chrome/149.0.0.0 Safari/537.36"
185.215.232.215 - - [08/Aug/2026:17:13:19 -0400] "GET /?j=17741234896 HTTP/1.1" 200 28989 "-" "Mozilla/5.0 (Linux; Android 6.0.1; Nexus 5X Build/MMB29P) AppleWebKit/537.36 (KHTML, like Gecko) Chrome/150.0.7871.186 Mobile Safari/537.36 (compatible; GoogleOther)"
185.215.232.215 - - [08/Aug/2026:17:13:19 -0400] "GET /?f=3996725740 HTTP/1.1" 200 29425 "-" "Mozilla/5.0 (Linux; Android 6.0.1; Nexus 5X Build/MMB29P) AppleWebKit/537.36 (KHTML, like Gecko) Chrome/150.0.7871.186 Mobile Safari/537.36 (compatible; Googlebot/2.1; +http://www.google.com/bot.html)"
37.32.19.3 - - [08/Aug/2026:17:13:19 -0400] "POST /wp-admin/admin-ajax.php HTTP/1.1" 200 58 "https://shambazaar.ir/wp-admin/admin.php?page=kamangir-smart-login" "Mozilla/5.0 (Windows NT 10.0; Win64; x64) AppleWebKit/537.36 (KHTML, like Gecko) Chrome/149.0.0.0 Safari/537.36"
185.215.232.215 - - [08/Aug/2026:17:13:20 -0400] "GET /?p=28381230508 HTTP/1.1" 200 29300 "-" "Mozilla/5.0 (Linux; Android 6.0.1; Nexus 5X Build/MMB29P) AppleWebKit/537.36 (KHTML, like Gecko) Chrome/150.0.7871.186 Mobile Safari/537.36 (compatible; GoogleOther)"
185.215.232.215 - - [08/Aug/2026:17:13:20 -0400] "GET /?b=7053933768 HTTP/1.1" 200 29345 "-" "Mozilla/5.0 (Linux; Android 6.0.1; Nexus 5X Build/MMB29P) AppleWebKit/537.36 (KHTML, like Gecko) Chrome/150.0.7871.186 Mobile Safari/537.36 (compatible; Googlebot/2.1; +http://www.google.com/bot.html)"
185.215.232.215 - - [08/Aug/2026:17:13:20 -0400] "GET /?b=70539125505 HTTP/1.1" 200 29169 "-" "Mozilla/5.0 (Linux; Android 6.0.1; Nexus 5X Build/MMB29P) AppleWebKit/537.36 (KHTML, like Gecko) Chrome/150.0.7871.186 Mobile Safari/537.36 (compatible; Googlebot/2.1; +http://www.google.com/bot.html)"
185.215.232.215 - - [08/Aug/2026:17:13:22 -0400] "GET /?a=29484172147 HTTP/1.1" 200 29350 "-" "Mozilla/5.0 (Linux; Android 6.0.1; Nexus 5X Build/MMB29P) AppleWebKit/537.36 (KHTML, like Gecko) Chrome/150.0.7871.186 Mobile Safari/537.36 (compatible; Googlebot/2.1; +http://www.google.com/bot.html)"
185.215.232.215 - - [08/Aug/2026:17:13:23 -0400] "GET /?j=17741228623 HTTP/1.1" 200 29642 "-" "Mozilla/5.0 (Linux; Android 6.0.1; Nexus 5X Build/MMB29P) AppleWebKit/537.36 (KHTML, like Gecko) Chrome/150.0.7871.186 Mobile Safari/537.36 (compatible; GoogleOther)"
185.215.232.215 - - [08/Aug/2026:17:13:25 -0400] "GET /?s=77056280409 HTTP/1.1" 200 30113 "-" "Mozilla/5.0 (Linux; Android 6.0.1; Nexus 5X Build/MMB29P) AppleWebKit/537.36 (KHTML, like Gecko) Chrome/150.0.7871.186 Mobile Safari/537.36 (compatible; GoogleOther)"
185.215.232.215 - - [08/Aug/2026:17:13:26 -0400] "GET /?j=17741203337 HTTP/1.1" 200 30097 "-" "Mozilla/5.0 (Linux; Android 6.0.1; Nexus 5X Build/MMB29P) AppleWebKit/537.36 (KHTML, like Gecko) Chrome/150.0.7871.186 Mobile Safari/537.36 (compatible; GoogleOther)"
185.215.232.215 - - [08/Aug/2026:17:13:26 -0400] "GET /?j=1774158648 HTTP/1.1" 200 29008 "-" "Mozilla/5.0 (Linux; Android 6.0.1; Nexus 5X Build/MMB29P) AppleWebKit/537.36 (KHTML, like Gecko) Chrome/150.0.7871.186 Mobile Safari/537.36 (compatible; Googlebot/2.1; +http://www.google.com/bot.html)"
185.215.232.215 - - [08/Aug/2026:17:13:27 -0400] "GET /?j=17741174759 HTTP/1.1" 200 29294 "-" "Mozilla/5.0 (Linux; Android 6.0.1; Nexus 5X Build/MMB29P) AppleWebKit/537.36 (KHTML, like Gecko) Chrome/150.0.7871.186 Mobile Safari/537.36 (compatible; GoogleOther)"
185.215.232.215 - - [08/Aug/2026:17:13:29 -0400] "GET /hiroshi.php?h=251491361 HTTP/1.1" 200 29385 "-" "Mozilla/5.0 (Linux; Android 6.0.1; Nexus 5X Build/MMB29P) AppleWebKit/537.36 (KHTML, like Gecko) Chrome/150.0.7871.186 Mobile Safari/537.36 (compatible; GoogleOther)"
185.215.232.215 - - [08/Aug/2026:17:13:31 -0400] "GET /?j=17741258627 HTTP/1.1" 200 29400 "-" "Mozilla/5.0 (Linux; Android 6.0.1; Nexus 5X Build/MMB29P) AppleWebKit/537.36 (KHTML, like Gecko) Chrome/150.0.7871.186 Mobile Safari/537.36 (compatible; GoogleOther)"
185.215.232.215 - - [08/Aug/2026:17:13:32 -0400] "GET /?a=2948439775 HTTP/1.1" 200 29476 "-" "Mozilla/5.0 (Linux; Android 6.0.1; Nexus 5X Build/MMB29P) AppleWebKit/537.36 (KHTML, like Gecko) Chrome/150.0.7871.186 Mobile Safari/537.36 (compatible; GoogleOther)"
185.215.232.215 - - [08/Aug/2026:17:13:32 -0400] "GET /?r=6132561259 HTTP/1.1" 200 29597 "-" "Mozilla/5.0 (Linux; Android 6.0.1; Nexus 5X Build/MMB29P) AppleWebKit/537.36 (KHTML, like Gecko) Chrome/150.0.7871.186 Mobile Safari/537.36 (compatible; Googlebot/2.1; +http://www.google.com/bot.html)"
185.215.232.215 - - [08/Aug/2026:17:13:34 -0400] "GET /?j=17741240841 HTTP/1.1" 200 29503 "-" "Mozilla/5.0 (Linux; Android 6.0.1; Nexus 5X Build/MMB29P) AppleWebKit/537.36 (KHTML, like Gecko) Chrome/150.0.7871.186 Mobile Safari/537.36 (compatible; GoogleOther)"
185.215.232.215 - - [08/Aug/2026:17:13:37 -0400] "GET /?o=99750290437 HTTP/1.1" 200 29647 "-" "Mozilla/5.0 (Linux; Android 6.0.1; Nexus 5X Build/MMB29P) AppleWebKit/537.36 (KHTML, like Gecko) Chrome/150.0.7871.186 Mobile Safari/537.36 (compatible; Googlebot/2.1; +http://www.google.com/bot.html)"
185.215.232.215 - - [08/Aug/2026:17:13:37 -0400] "GET /?f=39967229807 HTTP/1.1" 200 29880 "-" "Mozilla/5.0 (Linux; Android 6.0.1; Nexus 5X Build/MMB29P) AppleWebKit/537.36 (KHTML, like Gecko) Chrome/150.0.7871.186 Mobile Safari/537.36 (compatible; Googlebot/2.1; +http://www.google.com/bot.html)"
185.215.232.215 - - [08/Aug/2026:17:13:37 -0400] "GET /?j=17741110966 HTTP/1.1" 200 29187 "-" "Mozilla/5.0 (Linux; Android 6.0.1; Nexus 5X Build/MMB29P) AppleWebKit/537.36 (KHTML, like Gecko) Chrome/150.0.7871.186 Mobile Safari/537.36 (compatible; GoogleOther)"
185.215.232.215 - - [08/Aug/2026:17:13:38 -0400] "GET /?a=29484247608 HTTP/1.1" 200 28881 "-" "Mozilla/5.0 (Linux; Android 6.0.1; Nexus 5X Build/MMB29P) AppleWebKit/537.36 (KHTML, like Gecko) Chrome/150.0.7871.186 Mobile Safari/537.36 (compatible; Googlebot/2.1; +http://www.google.com/bot.html)"
185.215.232.215 - - [08/Aug/2026:17:13:39 -0400] "GET /?r=6132518302 HTTP/1.1" 200 29159 "-" "Mozilla/5.0 (Linux; Android 6.0.1; Nexus 5X Build/MMB29P) AppleWebKit/537.36 (KHTML, like Gecko) Chrome/150.0.7871.186 Mobile Safari/537.36 (compatible; Googlebot/2.1; +http://www.google.com/bot.html)"
185.215.232.215 - - [08/Aug/2026:17:13:40 -0400] "GET /?b=7053994939 HTTP/1.1" 200 30178 "-" "Mozilla/5.0 (Linux; Android 6.0.1; Nexus 5X Build/MMB29P) AppleWebKit/537.36 (KHTML, like Gecko) Chrome/150.0.7871.186 Mobile Safari/537.36 (compatible; Googlebot/2.1; +http://www.google.com/bot.html)"
185.215.232.215 - - [08/Aug/2026:17:13:40 -0400] "GET /hiroshi.php?l=31627277217 HTTP/1.1" 200 29690 "-" "Mozilla/5.0 (Linux; Android 6.0.1; Nexus 5X Build/MMB29P) AppleWebKit/537.36 (KHTML, like Gecko) Chrome/150.0.7871.186 Mobile Safari/537.36 (compatible; GoogleOther)"
185.215.232.215 - - [08/Aug/2026:17:13:41 -0400] "GET /?j=1774118223 HTTP/1.1" 200 29018 "-" "Mozilla/5.0 (Linux; Android 6.0.1; Nexus 5X Build/MMB29P) AppleWebKit/537.36 (KHTML, like Gecko) Chrome/150.0.7871.186 Mobile Safari/537.36 (compatible; GoogleOther)"
185.215.232.215 - - [08/Aug/2026:17:13:43 -0400] "GET /?j=1774129666 HTTP/1.1" 200 29335 "-" "Mozilla/5.0 (Linux; Android 6.0.1; Nexus 5X Build/MMB29P) AppleWebKit/537.36 (KHTML, like Gecko) Chrome/150.0.7871.186 Mobile Safari/537.36 (compatible; GoogleOther)"
185.215.232.215 - - [08/Aug/2026:17:13:44 -0400] "GET /?j=1774183253 HTTP/1.1" 200 29835 "-" "Mozilla/5.0 (Linux; Android 6.0.1; Nexus 5X Build/MMB29P) AppleWebKit/537.36 (KHTML, like Gecko) Chrome/150.0.7871.186 Mobile Safari/537.36 (compatible; GoogleOther)"
185.215.232.215 - - [08/Aug/2026:17:13:44 -0400] "GET /?s=77056112068 HTTP/1.1" 200 29947 "-" "Mozilla/5.0 (Linux; Android 6.0.1; Nexus 5X Build/MMB29P) AppleWebKit/537.36 (KHTML, like Gecko) Chrome/150.0.7871.186 Mobile Safari/537.36 (compatible; Googlebot/2.1; +http://www.google.com/bot.html)"
185.215.232.215 - - [08/Aug/2026:17:13:47 -0400] "GET /?o=99750258848 HTTP/1.1" 200 30070 "-" "Mozilla/5.0 (Linux; Android 6.0.1; Nexus 5X Build/MMB29P) AppleWebKit/537.36 (KHTML, like Gecko) Chrome/150.0.7871.186 Mobile Safari/537.36 (compatible; Googlebot/2.1; +http://www.google.com/bot.html)"
185.215.232.215 - - [08/Aug/2026:17:13:47 -0400] "GET /hiroshi.php?b=44279150049 HTTP/1.1" 200 29757 "-" "Mozilla/5.0 (Linux; Android 6.0.1; Nexus 5X Build/MMB29P) AppleWebKit/537.36 (KHTML, like Gecko) Chrome/150.0.7871.186 Mobile Safari/537.36 (compatible; GoogleOther)"
185.215.232.215 - - [08/Aug/2026:17:13:47 -0400] "GET /?j=1774162659 HTTP/1.1" 200 28839 "-" "Mozilla/5.0 (Linux; Android 6.0.1; Nexus 5X Build/MMB29P) AppleWebKit/537.36 (KHTML, like Gecko) Chrome/150.0.7871.186 Mobile Safari/537.36 (compatible; GoogleOther)"
185.215.232.215 - - [08/Aug/2026:17:13:50 -0400] "GET /?o=9975078992 HTTP/1.1" 200 29768 "-" "Mozilla/5.0 (Linux; Android 6.0.1; Nexus 5X Build/MMB29P) AppleWebKit/537.36 (KHTML, like Gecko) Chrome/150.0.7871.186 Mobile Safari/537.36 (compatible; GoogleOther)"
185.215.232.215 - - [08/Aug/2026:17:13:50 -0400] "GET /?r=6132583975 HTTP/1.1" 200 29770 "-" "Mozilla/5.0 (Linux; Android 6.0.1; Nexus 5X Build/MMB29P) AppleWebKit/537.36 (KHTML, like Gecko) Chrome/150.0.7871.186 Mobile Safari/537.36 (compatible; GoogleOther)"
185.215.232.215 - - [08/Aug/2026:17:13:50 -0400] "GET /?r=6132557594 HTTP/1.1" 200 29741 "-" "Mozilla/5.0 (Linux; Android 6.0.1; Nexus 5X Build/MMB29P) AppleWebKit/537.36 (KHTML, like Gecko) Chrome/150.0.7871.186 Mobile Safari/537.36 (compatible; Googlebot/2.1; +http://www.google.com/bot.html)"
185.215.232.215 - - [08/Aug/2026:17:13:53 -0400] "GET /?r=6132526289 HTTP/1.1" 200 29563 "-" "Mozilla/5.0 (Linux; Android 6.0.1; Nexus 5X Build/MMB29P) AppleWebKit/537.36 (KHTML, like Gecko) Chrome/150.0.7871.186 Mobile Safari/537.36 (compatible; GoogleOther)"
185.215.232.215 - - [08/Aug/2026:17:13:56 -0400] "GET /hiroshi.php?h=2514969582 HTTP/1.1" 200 29253 "-" "Mozilla/5.0 (Linux; Android 6.0.1; Nexus 5X Build/MMB29P) AppleWebKit/537.36 (KHTML, like Gecko) Chrome/150.0.7871.186 Mobile Safari/537.36 (compatible; GoogleOther)"
185.215.232.215 - - [08/Aug/2026:17:13:56 -0400] "GET /hiroshi.php?e=77458269431 HTTP/1.1" 200 30111 "-" "Mozilla/5.0 (Linux; Android 6.0.1; Nexus 5X Build/MMB29P) AppleWebKit/537.36 (KHTML, like Gecko) Chrome/150.0.7871.186 Mobile Safari/537.36 (compatible; GoogleOther)"
185.215.232.215 - - [08/Aug/2026:17:13:58 -0400] "GET /?f=39967116524 HTTP/1.1" 200 29108 "-" "Mozilla/5.0 (Linux; Android 6.0.1; Nexus 5X Build/MMB29P) AppleWebKit/537.36 (KHTML, like Gecko) Chrome/150.0.7871.186 Mobile Safari/537.36 (compatible; Googlebot/2.1; +http://www.google.com/bot.html)"
185.215.232.215 - - [08/Aug/2026:17:13:58 -0400] "GET /?q=6145417168 HTTP/1.1" 200 28960 "-" "Mozilla/5.0 (Linux; Android 6.0.1; Nexus 5X Build/MMB29P) AppleWebKit/537.36 (KHTML, like Gecko) Chrome/150.0.7871.186 Mobile Safari/537.36 (compatible; Googlebot/2.1; +http://www.google.com/bot.html)"
185.215.232.215 - - [08/Aug/2026:17:14:00 -0400] "GET /?j=17741124265 HTTP/1.1" 200 29065 "-" "Mozilla/5.0 (Linux; Android 6.0.1; Nexus 5X Build/MMB29P) AppleWebKit/537.36 (KHTML, like Gecko) Chrome/150.0.7871.186 Mobile Safari/537.36 (compatible; GoogleOther)"
185.215.232.215 - - [08/Aug/2026:17:14:00 -0400] "GET /?o=99750248905 HTTP/1.1" 200 29433 "-" "Mozilla/5.0 (Linux; Android 6.0.1; Nexus 5X Build/MMB29P) AppleWebKit/537.36 (KHTML, like Gecko) Chrome/150.0.7871.186 Mobile Safari/537.36 (compatible; GoogleOther)"
185.215.232.215 - - [08/Aug/2026:17:14:01 -0400] "GET /?f=399673361 HTTP/1.1" 200 29313 "-" "Mozilla/5.0 (Linux; Android 6.0.1; Nexus 5X Build/MMB29P) AppleWebKit/537.36 (KHTML, like Gecko) Chrome/150.0.7871.186 Mobile Safari/537.36 (compatible; Googlebot/2.1; +http://www.google.com/bot.html)"
185.215.232.215 - - [08/Aug/2026:17:14:02 -0400] "GET /?o=99750105812 HTTP/1.1" 200 29600 "-" "Mozilla/5.0 (Linux; Android 6.0.1; Nexus 5X Build/MMB29P) AppleWebKit/537.36 (KHTML, like Gecko) Chrome/150.0.7871.186 Mobile Safari/537.36 (compatible; GoogleOther)"
185.215.232.215 - - [08/Aug/2026:17:14:03 -0400] "GET /?b=7053997302 HTTP/1.1" 200 29565 "-" "Mozilla/5.0 (Linux; Android 6.0.1; Nexus 5X Build/MMB29P) AppleWebKit/537.36 (KHTML, like Gecko) Chrome/150.0.7871.186 Mobile Safari/537.36 (compatible; Googlebot/2.1; +http://www.google.com/bot.html)"
185.215.232.215 - - [08/Aug/2026:17:14:03 -0400] "GET /hiroshi.php?l=31627241509 HTTP/1.1" 200 29556 "-" "Mozilla/5.0 (Linux; Android 6.0.1; Nexus 5X Build/MMB29P) AppleWebKit/537.36 (KHTML, like Gecko) Chrome/150.0.7871.186 Mobile Safari/537.36 (compatible; GoogleOther)"
185.215.232.215 - - [08/Aug/2026:17:14:08 -0400] "GET /?r=61325120758 HTTP/1.1" 200 29289 "-" "Mozilla/5.0 (Linux; Android 6.0.1; Nexus 5X Build/MMB29P) AppleWebKit/537.36 (KHTML, like Gecko) Chrome/150.0.7871.186 Mobile Safari/537.36 (compatible; Googlebot/2.1; +http://www.google.com/bot.html)"
185.215.232.215 - - [08/Aug/2026:17:14:09 -0400] "GET /?j=1774158648 HTTP/1.1" 200 28940 "-" "Mozilla/5.0 (Linux; Android 6.0.1; Nexus 5X Build/MMB29P) AppleWebKit/537.36 (KHTML, like Gecko) Chrome/150.0.7871.186 Mobile Safari/537.36 (compatible; GoogleOther)"
185.215.232.215 - - [08/Aug/2026:17:14:09 -0400] "GET /?o=99750140870 HTTP/1.1" 200 30649 "-" "Mozilla/5.0 (Linux; Android 6.0.1; Nexus 5X Build/MMB29P) AppleWebKit/537.36 (KHTML, like Gecko) Chrome/150.0.7871.186 Mobile Safari/537.36 (compatible; GoogleOther)"
185.215.232.215 - - [08/Aug/2026:17:14:10 -0400] "GET /?f=39967138572 HTTP/1.1" 200 29270 "-" "Mozilla/5.0 (Linux; Android 6.0.1; Nexus 5X Build/MMB29P) AppleWebKit/537.36 (KHTML, like Gecko) Chrome/150.0.7871.186 Mobile Safari/537.36 (compatible; Googlebot/2.1; +http://www.google.com/bot.html)"
185.215.232.215 - - [08/Aug/2026:17:14:12 -0400] "GET /?q=61454186215 HTTP/1.1" 200 30037 "-" "Mozilla/5.0 (Linux; Android 6.0.1; Nexus 5X Build/MMB29P) AppleWebKit/537.36 (KHTML, like Gecko) Chrome/150.0.7871.186 Mobile Safari/537.36 (compatible; GoogleOther)"
185.215.232.215 - - [08/Aug/2026:17:14:13 -0400] "GET /?b=70539186959 HTTP/1.1" 200 29639 "-" "Mozilla/5.0 (Linux; Android 6.0.1; Nexus 5X Build/MMB29P) AppleWebKit/537.36 (KHTML, like Gecko) Chrome/150.0.7871.186 Mobile Safari/537.36 (compatible; GoogleOther)"
185.215.232.215 - - [08/Aug/2026:17:14:15 -0400] "GET /hiroshi.php?l=3162743356 HTTP/1.1" 200 29977 "-" "Mozilla/5.0 (Linux; Android 6.0.1; Nexus 5X Build/MMB29P) AppleWebKit/537.36 (KHTML, like Gecko) Chrome/150.0.7871.186 Mobile Safari/537.36 (compatible; GoogleOther)"
185.215.232.215 - - [08/Aug/2026:17:14:16 -0400] "GET /?b=70539194023 HTTP/1.1" 200 30058 "-" "Mozilla/5.0 (Linux; Android 6.0.1; Nexus 5X Build/MMB29P) AppleWebKit/537.36 (KHTML, like Gecko) Chrome/150.0.7871.186 Mobile Safari/537.36 (compatible; Googlebot/2.1; +http://www.google.com/bot.html)"
185.215.232.215 - - [08/Aug/2026:17:14:17 -0400] "GET /?b=7053967511 HTTP/1.1" 200 28992 "-" "Mozilla/5.0 (Linux; Android 6.0.1; Nexus 5X Build/MMB29P) AppleWebKit/537.36 (KHTML, like Gecko) Chrome/150.0.7871.186 Mobile Safari/537.36 (compatible; Googlebot/2.1; +http://www.google.com/bot.html)"
185.215.232.215 - - [08/Aug/2026:17:14:17 -0400] "GET /?q=6145421404 HTTP/1.1" 200 28966 "-" "Mozilla/5.0 (Linux; Android 6.0.1; Nexus 5X Build/MMB29P) AppleWebKit/537.36 (KHTML, like Gecko) Chrome/150.0.7871.186 Mobile Safari/537.36 (compatible; GoogleOther)"
185.215.232.215 - - [08/Aug/2026:17:14:19 -0400] "GET /?o=99750264996 HTTP/1.1" 200 29637 "-" "Mozilla/5.0 (Linux; Android 6.0.1; Nexus 5X Build/MMB29P) AppleWebKit/537.36 (KHTML, like Gecko) Chrome/150.0.7871.186 Mobile Safari/537.36 (compatible; GoogleOther)"
185.215.232.215 - - [08/Aug/2026:17:14:21 -0400] "GET /?r=61325118188 HTTP/1.1" 200 29233 "-" "Mozilla/5.0 (Linux; Android 6.0.1; Nexus 5X Build/MMB29P) AppleWebKit/537.36 (KHTML, like Gecko) Chrome/150.0.7871.186 Mobile Safari/537.36 (compatible; GoogleOther)"
94.101.182.3 - - [08/Aug/2026:17:14:21 -0400] "POST /wp-cron.php?doing_wp_cron=1786223661.8310360908508300781250 HTTP/1.1" 200 31 "-" "WordPress/6.7.2; https://shamemilad.ir"
37.32.19.3 - - [08/Aug/2026:17:14:21 -0400] "POST /wp-admin/admin-ajax.php HTTP/1.1" 200 109 "https://shamemilad.ir/wp-admin/post-new.php?post_type=product" "Mozilla/5.0 (Windows NT 10.0; Win64; x64) AppleWebKit/537.36 (KHTML, like Gecko) Chrome/149.0.0.0 Safari/537.36"
185.215.232.215 - - [08/Aug/2026:17:14:22 -0400] "GET /?b=7053914006 HTTP/1.1" 200 29122 "-" "Mozilla/5.0 (Linux; Android 6.0.1; Nexus 5X Build/MMB29P) AppleWebKit/537.36 (KHTML, like Gecko) Chrome/150.0.7871.186 Mobile Safari/537.36 (compatible; Googlebot/2.1; +http://www.google.com/bot.html)"
185.215.232.215 - - [08/Aug/2026:17:14:24 -0400] "GET /?b=705392583 HTTP/1.1" 200 29764 "-" "Mozilla/5.0 (Linux; Android 6.0.1; Nexus 5X Build/MMB29P) AppleWebKit/537.36 (KHTML, like Gecko) Chrome/150.0.7871.186 Mobile Safari/537.36 (compatible; Googlebot/2.1; +http://www.google.com/bot.html)"
185.215.232.215 - - [08/Aug/2026:17:14:28 -0400] "GET /?b=7053933768 HTTP/1.1" 200 29364 "-" "Mozilla/5.0 (Linux; Android 6.0.1; Nexus 5X Build/MMB29P) AppleWebKit/537.36 (KHTML, like Gecko) Chrome/150.0.7871.186 Mobile Safari/537.36 (compatible; GoogleOther)"
185.215.232.215 - - [08/Aug/2026:17:14:31 -0400] "GET /?a=29484124443 HTTP/1.1" 200 30131 "-" "Mozilla/5.0 (Linux; Android 6.0.1; Nexus 5X Build/MMB29P) AppleWebKit/537.36 (KHTML, like Gecko) Chrome/150.0.7871.186 Mobile Safari/537.36 (compatible; Googlebot/2.1; +http://www.google.com/bot.html)"
185.215.232.215 - - [08/Aug/2026:17:14:32 -0400] "GET /hiroshi.php?l=3162784128 HTTP/1.1" 200 29642 "-" "Mozilla/5.0 (Linux; Android 6.0.1; Nexus 5X Build/MMB29P) AppleWebKit/537.36 (KHTML, like Gecko) Chrome/150.0.7871.186 Mobile Safari/537.36 (compatible; GoogleOther)"
185.215.232.215 - - [08/Aug/2026:17:14:35 -0400] "GET /?r=61325245276 HTTP/1.1" 200 29792 "-" "Mozilla/5.0 (Linux; Android 6.0.1; Nexus 5X Build/MMB29P) AppleWebKit/537.36 (KHTML, like Gecko) Chrome/150.0.7871.186 Mobile Safari/537.36 (compatible; Googlebot/2.1; +http://www.google.com/bot.html)"
185.215.232.215 - - [08/Aug/2026:17:14:35 -0400] "GET /?o=99750158582 HTTP/1.1" 200 30933 "-" "Mozilla/5.0 (Linux; Android 6.0.1; Nexus 5X Build/MMB29P) AppleWebKit/537.36 (KHTML, like Gecko) Chrome/150.0.7871.186 Mobile Safari/537.36 (compatible; GoogleOther)"
185.215.232.215 - - [08/Aug/2026:17:14:36 -0400] "GET /?o=9975078643 HTTP/1.1" 200 30732 "-" "Mozilla/5.0 (Linux; Android 6.0.1; Nexus 5X Build/MMB29P) AppleWebKit/537.36 (KHTML, like Gecko) Chrome/150.0.7871.186 Mobile Safari/537.36 (compatible; Googlebot/2.1; +http://www.google.com/bot.html)"
185.215.232.215 - - [08/Aug/2026:17:14:38 -0400] "GET /?r=61325171886 HTTP/1.1" 200 29485 "-" "Mozilla/5.0 (Linux; Android 6.0.1; Nexus 5X Build/MMB29P) AppleWebKit/537.36 (KHTML, like Gecko) Chrome/150.0.7871.186 Mobile Safari/537.36 (compatible; GoogleOther)"
185.215.232.215 - - [08/Aug/2026:17:14:39 -0400] "GET /?b=70539106270 HTTP/1.1" 200 28939 "-" "Mozilla/5.0 (Linux; Android 6.0.1; Nexus 5X Build/MMB29P) AppleWebKit/537.36 (KHTML, like Gecko) Chrome/150.0.7871.186 Mobile Safari/537.36 (compatible; GoogleOther)"
185.215.232.215 - - [08/Aug/2026:17:14:42 -0400] "GET /?a=2948460474 HTTP/1.1" 200 29503 "-" "Mozilla/5.0 (Linux; Android 6.0.1; Nexus 5X Build/MMB29P) AppleWebKit/537.36 (KHTML, like Gecko) Chrome/150.0.7871.186 Mobile Safari/537.36 (compatible; Googlebot/2.1; +http://www.google.com/bot.html)"
185.215.232.215 - - [08/Aug/2026:17:14:42 -0400] "GET /hiroshi.php?b=44279278412 HTTP/1.1" 200 29415 "-" "Mozilla/5.0 (Linux; Android 6.0.1; Nexus 5X Build/MMB29P) AppleWebKit/537.36 (KHTML, like Gecko) Chrome/150.0.7871.186 Mobile Safari/537.36 (compatible; GoogleOther)"
185.215.232.215 - - [08/Aug/2026:17:14:42 -0400] "GET /?o=99750184025 HTTP/1.1" 200 29339 "-" "Mozilla/5.0 (Linux; Android 6.0.1; Nexus 5X Build/MMB29P) AppleWebKit/537.36 (KHTML, like Gecko) Chrome/150.0.7871.186 Mobile Safari/537.36 (compatible; Googlebot/2.1; +http://www.google.com/bot.html)"
185.215.232.215 - - [08/Aug/2026:17:14:44 -0400] "GET /?o=997503434 HTTP/1.1" 200 30102 "-" "Mozilla/5.0 (Linux; Android 6.0.1; Nexus 5X Build/MMB29P) AppleWebKit/537.36 (KHTML, like Gecko) Chrome/150.0.7871.186 Mobile Safari/537.36 (compatible; GoogleOther)"
185.215.232.215 - - [08/Aug/2026:17:14:47 -0400] "GET /?j=1774182354 HTTP/1.1" 200 29420 "-" "Mozilla/5.0 (Linux; Android 6.0.1; Nexus 5X Build/MMB29P) AppleWebKit/537.36 (KHTML, like Gecko) Chrome/150.0.7871.186 Mobile Safari/537.36 (compatible; Googlebot/2.1; +http://www.google.com/bot.html)"
185.215.232.215 - - [08/Aug/2026:17:14:50 -0400] "GET /?b=7053976038 HTTP/1.1" 200 30896 "-" "Mozilla/5.0 (Linux; Android 6.0.1; Nexus 5X Build/MMB29P) AppleWebKit/537.36 (KHTML, like Gecko) Chrome/150.0.7871.186 Mobile Safari/537.36 (compatible; GoogleOther)"
185.215.232.215 - - [08/Aug/2026:17:14:50 -0400] "GET /?r=6132520517 HTTP/1.1" 200 28858 "-" "Mozilla/5.0 (Linux; Android 6.0.1; Nexus 5X Build/MMB29P) AppleWebKit/537.36 (KHTML, like Gecko) Chrome/150.0.7871.186 Mobile Safari/537.36 (compatible; Googlebot/2.1; +http://www.google.com/bot.html)"
94.101.183.2 - - [08/Aug/2026:17:14:51 -0400] "POST /wp-cron.php?doing_wp_cron=1786223691.7655599117279052734375 HTTP/1.1" 200 31 "-" "WordPress/6.7.6; https://shambazaar.ir"
37.32.19.3 - - [08/Aug/2026:17:14:51 -0400] "POST /wp-admin/admin-ajax.php HTTP/1.1" 200 121 "https://shambazaar.ir/" "Mozilla/5.0 (Windows NT 10.0; Win64; x64) AppleWebKit/537.36 (KHTML, like Gecko) Chrome/149.0.0.0 Safari/537.36"
185.215.232.215 - - [08/Aug/2026:17:14:52 -0400] "GET /?b=70539199003 HTTP/1.1" 200 30403 "-" "Mozilla/5.0 (Linux; Android 6.0.1; Nexus 5X Build/MMB29P) AppleWebKit/537.36 (KHTML, like Gecko) Chrome/150.0.7871.186 Mobile Safari/537.36 (compatible; GoogleOther)"
185.215.232.215 - - [08/Aug/2026:17:14:53 -0400] "GET /hiroshi.php?n=85683263997 HTTP/1.1" 200 29497 "-" "Mozilla/5.0 (Linux; Android 6.0.1; Nexus 5X Build/MMB29P) AppleWebKit/537.36 (KHTML, like Gecko) Chrome/150.0.7871.186 Mobile Safari/537.36 (compatible; GoogleOther)"
185.215.232.215 - - [08/Aug/2026:17:14:54 -0400] "GET /?j=1774177449 HTTP/1.1" 200 29100 "-" "Mozilla/5.0 (Linux; Android 6.0.1; Nexus 5X Build/MMB29P) AppleWebKit/537.36 (KHTML, like Gecko) Chrome/150.0.7871.186 Mobile Safari/537.36 (compatible; Googlebot/2.1; +http://www.google.com/bot.html)"
185.215.232.215 - - [08/Aug/2026:17:14:55 -0400] "GET /?f=39967156572 HTTP/1.1" 200 29650 "-" "Mozilla/5.0 (Linux; Android 6.0.1; Nexus 5X Build/MMB29P) AppleWebKit/537.36 (KHTML, like Gecko) Chrome/150.0.7871.186 Mobile Safari/537.36 (compatible; Googlebot/2.1; +http://www.google.com/bot.html)"
185.215.232.215 - - [08/Aug/2026:17:14:55 -0400] "GET /?r=61325156652 HTTP/1.1" 200 29953 "-" "Mozilla/5.0 (Linux; Android 6.0.1; Nexus 5X Build/MMB29P) AppleWebKit/537.36 (KHTML, like Gecko) Chrome/150.0.7871.186 Mobile Safari/537.36 (compatible; GoogleOther)"
185.215.232.215 - - [08/Aug/2026:17:14:56 -0400] "GET /?b=70539106834 HTTP/1.1" 200 31086 "-" "Mozilla/5.0 (Linux; Android 6.0.1; Nexus 5X Build/MMB29P) AppleWebKit/537.36 (KHTML, like Gecko) Chrome/150.0.7871.186 Mobile Safari/537.36 (compatible; GoogleOther)"
185.215.232.215 - - [08/Aug/2026:17:15:00 -0400] "GET /hiroshi.php?u=87848272288 HTTP/1.1" 200 30400 "-" "Mozilla/5.0 (Linux; Android 6.0.1; Nexus 5X Build/MMB29P) AppleWebKit/537.36 (KHTML, like Gecko) Chrome/150.0.7871.186 Mobile Safari/537.36 (compatible; GoogleOther)"
185.215.232.215 - - [08/Aug/2026:17:15:02 -0400] "GET /?b=70539113542 HTTP/1.1" 200 31228 "-" "Mozilla/5.0 (Linux; Android 6.0.1; Nexus 5X Build/MMB29P) AppleWebKit/537.36 (KHTML, like Gecko) Chrome/150.0.7871.186 Mobile Safari/537.36 (compatible; GoogleOther)"
185.215.232.215 - - [08/Aug/2026:17:15:04 -0400] "GET /?j=17741188226 HTTP/1.1" 200 29233 "-" "Mozilla/5.0 (Linux; Android 6.0.1; Nexus 5X Build/MMB29P) AppleWebKit/537.36 (KHTML, like Gecko) Chrome/150.0.7871.186 Mobile Safari/537.36 (compatible; Googlebot/2.1; +http://www.google.com/bot.html)"
185.215.232.215 - - [08/Aug/2026:17:15:05 -0400] "GET /?b=70539284257 HTTP/1.1" 200 29713 "-" "Mozilla/5.0 (Linux; Android 6.0.1; Nexus 5X Build/MMB29P) AppleWebKit/537.36 (KHTML, like Gecko) Chrome/150.0.7871.186 Mobile Safari/537.36 (compatible; Googlebot/2.1; +http://www.google.com/bot.html)"
185.215.232.215 - - [08/Aug/2026:17:15:05 -0400] "GET /shop/pg/1005024010/ HTTP/1.1" 200 29382 "-" "Mozilla/5.0 (Linux; Android 6.0.1; Nexus 5X Build/MMB29P) AppleWebKit/537.36 (KHTML, like Gecko) Chrome/150.0.7871.186 Mobile Safari/537.36 (compatible; GoogleOther)"
94.101.182.3 - - [08/Aug/2026:17:15:07 -0400] "POST /wp-cron.php?doing_wp_cron=1786223707.1795899868011474609375 HTTP/1.1" 200 31 "-" "WordPress/6.7.6; https://shambazaar.ir"
37.32.19.3 - - [08/Aug/2026:17:15:07 -0400] "POST /wp-admin/admin-ajax.php HTTP/1.1" 200 121 "https://shambazaar.ir/" "Mozilla/5.0 (Windows NT 10.0; Win64; x64) AppleWebKit/537.36 (KHTML, like Gecko) Chrome/149.0.0.0 Safari/537.36"
185.215.232.215 - - [08/Aug/2026:17:15:09 -0400] "GET /?o=99750194738 HTTP/1.1" 200 30752 "-" "Mozilla/5.0 (Linux; Android 6.0.1; Nexus 5X Build/MMB29P) AppleWebKit/537.36 (KHTML, like Gecko) Chrome/150.0.7871.186 Mobile Safari/537.36 (compatible; GoogleOther)"
185.215.232.215 - - [08/Aug/2026:17:15:09 -0400] "GET /hiroshi.php?l=31627215499 HTTP/1.1" 200 31396 "-" "Mozilla/5.0 (Linux; Android 6.0.1; Nexus 5X Build/MMB29P) AppleWebKit/537.36 (KHTML, like Gecko) Chrome/150.0.7871.186 Mobile Safari/537.36 (compatible; GoogleOther)"
185.215.232.215 - - [08/Aug/2026:17:15:09 -0400] "GET /?b=70539204070 HTTP/1.1" 200 30379 "-" "Mozilla/5.0 (Linux; Android 6.0.1; Nexus 5X Build/MMB29P) AppleWebKit/537.36 (KHTML, like Gecko) Chrome/150.0.7871.186 Mobile Safari/537.36 (compatible; Googlebot/2.1; +http://www.google.com/bot.html)"
94.101.183.2 - - [08/Aug/2026:17:15:10 -0400] "POST /wp-cron.php?doing_wp_cron=1786223710.3217051029205322265625 HTTP/1.1" 200 31 "-" "WordPress/6.7.2; https://shamemilad.ir"
37.32.19.3 - - [08/Aug/2026:17:15:10 -0400] "POST /wp-admin/admin-ajax.php HTTP/1.1" 200 109 "https://shamemilad.ir/wp-admin/post-new.php?post_type=product" "Mozilla/5.0 (Windows NT 10.0; Win64; x64) AppleWebKit/537.36 (KHTML, like Gecko) Chrome/149.0.0.0 Safari/537.36"
37.32.19.3 - - [08/Aug/2026:17:15:12 -0400] "POST /wp-admin/admin-ajax.php HTTP/1.1" 200 121 "https://shambazaar.ir/" "Mozilla/5.0 (Windows NT 10.0; Win64; x64) AppleWebKit/537.36 (KHTML, like Gecko) Chrome/149.0.0.0 Safari/537.36"
185.215.232.215 - - [08/Aug/2026:17:15:13 -0400] "GET /?r=6132527048 HTTP/1.1" 200 29631 "-" "Mozilla/5.0 (Linux; Android 6.0.1; Nexus 5X Build/MMB29P) AppleWebKit/537.36 (KHTML, like Gecko) Chrome/150.0.7871.186 Mobile Safari/537.36 (compatible; Googlebot/2.1; +http://www.google.com/bot.html)"
185.215.232.215 - - [08/Aug/2026:17:15:13 -0400] "GET /?f=39967203916 HTTP/1.1" 200 29850 "-" "Mozilla/5.0 (Linux; Android 6.0.1; Nexus 5X Build/MMB29P) AppleWebKit/537.36 (KHTML, like Gecko) Chrome/150.0.7871.186 Mobile Safari/537.36 (compatible; Googlebot/2.1; +http://www.google.com/bot.html)"
