185.215.232.215 - - [08/Aug/2026:16:45:55 -0400] "GET /?p=2838181606 HTTP/1.1" 200 29327 "-" "Mozilla/5.0 (Linux; Android 6.0.1; Nexus 5X Build/MMB29P) AppleWebKit/537.36 (KHTML, like Gecko) Chrome/150.0.7871.186 Mobile Safari/537.36 (compatible; Googlebot/2.1; +http://www.google.com/bot.html)"
185.215.232.215 - - [08/Aug/2026:16:45:55 -0400] "GET /?j=17741273147 HTTP/1.1" 200 29677 "-" "Mozilla/5.0 (Linux; Android 6.0.1; Nexus 5X Build/MMB29P) AppleWebKit/537.36 (KHTML, like Gecko) Chrome/150.0.7871.186 Mobile Safari/537.36 (compatible; Googlebot/2.1; +http://www.google.com/bot.html)"
185.215.232.215 - - [08/Aug/2026:16:45:56 -0400] "GET /?a=294847158 HTTP/1.1" 200 29710 "-" "Mozilla/5.0 (Linux; Android 6.0.1; Nexus 5X Build/MMB29P) AppleWebKit/537.36 (KHTML, like Gecko) Chrome/150.0.7871.186 Mobile Safari/537.36 (compatible; Googlebot/2.1; +http://www.google.com/bot.html)"
185.215.232.215 - - [08/Aug/2026:16:45:58 -0400] "GET /?a=29484140814 HTTP/1.1" 200 29116 "-" "Mozilla/5.0 (Linux; Android 6.0.1; Nexus 5X Build/MMB29P) AppleWebKit/537.36 (KHTML, like Gecko) Chrome/150.0.7871.186 Mobile Safari/537.36 (compatible; Googlebot/2.1; +http://www.google.com/bot.html)"
185.215.232.215 - - [08/Aug/2026:16:46:00 -0400] "GET /?s=77056246604 HTTP/1.1" 200 30223 "-" "Mozilla/5.0 (Linux; Android 6.0.1; Nexus 5X Build/MMB29P) AppleWebKit/537.36 (KHTML, like Gecko) Chrome/150.0.7871.186 Mobile Safari/537.36 (compatible; Googlebot/2.1; +http://www.google.com/bot.html)"
185.215.232.215 - - [08/Aug/2026:16:46:01 -0400] "GET /?b=7053957627 HTTP/1.1" 200 28928 "-" "Mozilla/5.0 (Linux; Android 6.0.1; Nexus 5X Build/MMB29P) AppleWebKit/537.36 (KHTML, like Gecko) Chrome/150.0.7871.186 Mobile Safari/537.36 (compatible; Googlebot/2.1; +http://www.google.com/bot.html)"
185.215.232.215 - - [08/Aug/2026:16:46:01 -0400] "GET /?b=70539144405 HTTP/1.1" 200 30122 "-" "Mozilla/5.0 (Linux; Android 6.0.1; Nexus 5X Build/MMB29P) AppleWebKit/537.36 (KHTML, like Gecko) Chrome/150.0.7871.186 Mobile Safari/537.36 (compatible; Googlebot/2.1; +http://www.google.com/bot.html)"
185.215.232.215 - - [08/Aug/2026:16:46:03 -0400] "GET /?a=29484158469 HTTP/1.1" 200 29774 "-" "Mozilla/5.0 (Linux; Android 6.0.1; Nexus 5X Build/MMB29P) AppleWebKit/537.36 (KHTML, like Gecko) Chrome/150.0.7871.186 Mobile Safari/537.36 (compatible; GoogleOther)"
185.215.232.215 - - [08/Aug/2026:16:46:05 -0400] "GET /?a=29484122099 HTTP/1.1" 200 29469 "-" "Mozilla/5.0 (Linux; Android 6.0.1; Nexus 5X Build/MMB29P) AppleWebKit/537.36 (KHTML, like Gecko) Chrome/150.0.7871.186 Mobile Safari/537.36 (compatible; GoogleOther)"
185.215.232.215 - - [08/Aug/2026:16:46:05 -0400] "GET /?q=6145471520 HTTP/1.1" 200 30361 "-" "Mozilla/5.0 (Linux; Android 6.0.1; Nexus 5X Build/MMB29P) AppleWebKit/537.36 (KHTML, like Gecko) Chrome/150.0.7871.186 Mobile Safari/537.36 (compatible; Googlebot/2.1; +http://www.google.com/bot.html)"
185.215.232.215 - - [08/Aug/2026:16:46:05 -0400] "GET /?a=29484138982 HTTP/1.1" 200 30547 "-" "Mozilla/5.0 (Linux; Android 6.0.1; Nexus 5X Build/MMB29P) AppleWebKit/537.36 (KHTML, like Gecko) Chrome/150.0.7871.186 Mobile Safari/537.36 (compatible; Googlebot/2.1; +http://www.google.com/bot.html)"
94.101.183.2 - - [08/Aug/2026:16:46:06 -0400] "POST /wp-cron.php?doing_wp_cron=1786221966.4203190803527832031250 HTTP/1.1" 200 31 "-" "WordPress/6.7.6; https://shambazaar.ir"
185.215.232.215 - - [08/Aug/2026:16:46:06 -0400] "GET /?r=61325159658 HTTP/1.1" 200 29209 "-" "Mozilla/5.0 (Linux; Android 6.0.1; Nexus 5X Build/MMB29P) AppleWebKit/537.36 (KHTML, like Gecko) Chrome/150.0.7871.186 Mobile Safari/537.36 (compatible; GoogleOther)"
37.32.19.3 - - [08/Aug/2026:16:46:06 -0400] "POST /wp-admin/admin-ajax.php HTTP/1.1" 200 58 "https://shambazaar.ir/wp-admin/admin.php?page=kamangir-smart-login" "Mozilla/5.0 (Windows NT 10.0; Win64; x64) AppleWebKit/537.36 (KHTML, like Gecko) Chrome/149.0.0.0 Safari/537.36"
185.215.232.215 - - [08/Aug/2026:16:46:06 -0400] "GET /?s=7705691032 HTTP/1.1" 200 29928 "-" "Mozilla/5.0 (Linux; Android 6.0.1; Nexus 5X Build/MMB29P) AppleWebKit/537.36 (KHTML, like Gecko) Chrome/150.0.7871.186 Mobile Safari/537.36 (compatible; Googlebot/2.1; +http://www.google.com/bot.html)"
185.215.232.215 - - [08/Aug/2026:16:46:08 -0400] "GET /?f=3996732827 HTTP/1.1" 200 29615 "-" "Mozilla/5.0 (Linux; Android 6.0.1; Nexus 5X Build/MMB29P) AppleWebKit/537.36 (KHTML, like Gecko) Chrome/150.0.7871.186 Mobile Safari/537.36 (compatible; Googlebot/2.1; +http://www.google.com/bot.html)"
185.215.232.215 - - [08/Aug/2026:16:46:08 -0400] "GET /hiroshi.php?a=6601468144 HTTP/1.1" 200 29385 "-" "Mozilla/5.0 (Linux; Android 6.0.1; Nexus 5X Build/MMB29P) AppleWebKit/537.36 (KHTML, like Gecko) Chrome/150.0.7871.186 Mobile Safari/537.36 (compatible; Googlebot/2.1; +http://www.google.com/bot.html)"
185.215.232.215 - - [08/Aug/2026:16:46:09 -0400] "GET /?q=61454120007 HTTP/1.1" 200 31019 "-" "Mozilla/5.0 (Linux; Android 6.0.1; Nexus 5X Build/MMB29P) AppleWebKit/537.36 (KHTML, like Gecko) Chrome/150.0.7871.186 Mobile Safari/537.36 (compatible; GoogleOther)"
185.215.232.215 - - [08/Aug/2026:16:46:12 -0400] "GET /hiroshi.php?a=66014111269 HTTP/1.1" 200 30457 "-" "Mozilla/5.0 (Linux; Android 6.0.1; Nexus 5X Build/MMB29P) AppleWebKit/537.36 (KHTML, like Gecko) Chrome/150.0.7871.186 Mobile Safari/537.36 (compatible; GoogleOther)"
185.215.232.215 - - [08/Aug/2026:16:46:12 -0400] "GET /?b=70539209394 HTTP/1.1" 200 31035 "-" "Mozilla/5.0 (Linux; Android 6.0.1; Nexus 5X Build/MMB29P) AppleWebKit/537.36 (KHTML, like Gecko) Chrome/150.0.7871.186 Mobile Safari/537.36 (compatible; GoogleOther)"
185.215.232.215 - - [08/Aug/2026:16:46:14 -0400] "GET /?r=6132585611 HTTP/1.1" 200 29369 "-" "Mozilla/5.0 (Linux; Android 6.0.1; Nexus 5X Build/MMB29P) AppleWebKit/537.36 (KHTML, like Gecko) Chrome/150.0.7871.186 Mobile Safari/537.36 (compatible; Googlebot/2.1; +http://www.google.com/bot.html)"
185.215.232.215 - - [08/Aug/2026:16:46:16 -0400] "GET /?a=2948412596 HTTP/1.1" 200 29370 "-" "Mozilla/5.0 (Linux; Android 6.0.1; Nexus 5X Build/MMB29P) AppleWebKit/537.36 (KHTML, like Gecko) Chrome/150.0.7871.186 Mobile Safari/537.36 (compatible; Googlebot/2.1; +http://www.google.com/bot.html)"
185.215.232.215 - - [08/Aug/2026:16:46:16 -0400] "GET /hiroshi.php?l=3162745561 HTTP/1.1" 200 29626 "-" "Mozilla/5.0 (Linux; Android 6.0.1; Nexus 5X Build/MMB29P) AppleWebKit/537.36 (KHTML, like Gecko) Chrome/150.0.7871.186 Mobile Safari/537.36 (compatible; GoogleOther)"
185.215.232.215 - - [08/Aug/2026:16:46:19 -0400] "GET /?j=1774110722 HTTP/1.1" 200 29560 "-" "Mozilla/5.0 (Linux; Android 6.0.1; Nexus 5X Build/MMB29P) AppleWebKit/537.36 (KHTML, like Gecko) Chrome/150.0.7871.186 Mobile Safari/537.36 (compatible; GoogleOther)"
185.215.232.215 - - [08/Aug/2026:16:46:20 -0400] "GET /?j=1774163461 HTTP/1.1" 200 29977 "-" "Mozilla/5.0 (Linux; Android 6.0.1; Nexus 5X Build/MMB29P) AppleWebKit/537.36 (KHTML, like Gecko) Chrome/150.0.7871.186 Mobile Safari/537.36 (compatible; GoogleOther)"
185.215.232.215 - - [08/Aug/2026:16:46:23 -0400] "GET /?r=6132519806 HTTP/1.1" 200 29145 "-" "Mozilla/5.0 (Linux; Android 6.0.1; Nexus 5X Build/MMB29P) AppleWebKit/537.36 (KHTML, like Gecko) Chrome/150.0.7871.186 Mobile Safari/537.36 (compatible; GoogleOther)"
185.215.232.215 - - [08/Aug/2026:16:46:23 -0400] "GET /?s=7705698193 HTTP/1.1" 200 29367 "-" "Mozilla/5.0 (Linux; Android 6.0.1; Nexus 5X Build/MMB29P) AppleWebKit/537.36 (KHTML, like Gecko) Chrome/150.0.7871.186 Mobile Safari/537.36 (compatible; Googlebot/2.1; +http://www.google.com/bot.html)"
185.215.232.215 - - [08/Aug/2026:16:46:23 -0400] "GET /?a=29484100558 HTTP/1.1" 200 30236 "-" "Mozilla/5.0 (Linux; Android 6.0.1; Nexus 5X Build/MMB29P) AppleWebKit/537.36 (KHTML, like Gecko) Chrome/150.0.7871.186 Mobile Safari/537.36 (compatible; Googlebot/2.1; +http://www.google.com/bot.html)"
37.32.19.3 - - [08/Aug/2026:16:46:25 -0400] "POST /wp-admin/admin-ajax.php HTTP/1.1" 200 147 "https://shambazaar.ir/wp-admin/admin.php?page=kamangir-smart-login" "Mozilla/5.0 (Windows NT 10.0; Win64; x64) AppleWebKit/537.36 (KHTML, like Gecko) Chrome/149.0.0.0 Safari/537.36"
185.215.232.215 - - [08/Aug/2026:16:46:26 -0400] "GET /?b=70539230963 HTTP/1.1" 200 29197 "-" "Mozilla/5.0 (Linux; Android 6.0.1; Nexus 5X Build/MMB29P) AppleWebKit/537.36 (KHTML, like Gecko) Chrome/150.0.7871.186 Mobile Safari/537.36 (compatible; GoogleOther)"
185.215.232.215 - - [08/Aug/2026:16:46:27 -0400] "GET /?p=28381195833 HTTP/1.1" 200 30696 "-" "Mozilla/5.0 (Linux; Android 6.0.1; Nexus 5X Build/MMB29P) AppleWebKit/537.36 (KHTML, like Gecko) Chrome/150.0.7871.186 Mobile Safari/537.36 (compatible; GoogleOther)"
94.101.182.3 - - [08/Aug/2026:16:46:28 -0400] "POST /wp-cron.php?doing_wp_cron=1786221988.3905329704284667968750 HTTP/1.1" 200 31 "-" "WordPress/6.7.6; https://shambazaar.ir"
37.32.19.3 - - [08/Aug/2026:16:46:28 -0400] "POST /wp-admin/admin-ajax.php HTTP/1.1" 200 168 "https://shambazaar.ir/wp-admin/admin.php?page=kamangir-smart-login" "Mozilla/5.0 (Windows NT 10.0; Win64; x64) AppleWebKit/537.36 (KHTML, like Gecko) Chrome/149.0.0.0 Safari/537.36"
185.215.232.215 - - [08/Aug/2026:16:46:28 -0400] "GET /?r=6132565262 HTTP/1.1" 200 29829 "-" "Mozilla/5.0 (Linux; Android 6.0.1; Nexus 5X Build/MMB29P) AppleWebKit/537.36 (KHTML, like Gecko) Chrome/150.0.7871.186 Mobile Safari/537.36 (compatible; Googlebot/2.1; +http://www.google.com/bot.html)"
185.215.232.215 - - [08/Aug/2026:16:46:29 -0400] "GET /hiroshi.php?a=6601455014 HTTP/1.1" 200 29498 "-" "Mozilla/5.0 (Linux; Android 6.0.1; Nexus 5X Build/MMB29P) AppleWebKit/537.36 (KHTML, like Gecko) Chrome/150.0.7871.186 Mobile Safari/537.36 (compatible; GoogleOther)"
185.215.232.215 - - [08/Aug/2026:16:46:31 -0400] "GET /?o=9975047571 HTTP/1.1" 200 29692 "-" "Mozilla/5.0 (Linux; Android 6.0.1; Nexus 5X Build/MMB29P) AppleWebKit/537.36 (KHTML, like Gecko) Chrome/150.0.7871.186 Mobile Safari/537.36 (compatible; Googlebot/2.1; +http://www.google.com/bot.html)"
185.215.232.215 - - [08/Aug/2026:16:46:32 -0400] "GET /?o=99750302014 HTTP/1.1" 200 29477 "-" "Mozilla/5.0 (Linux; Android 6.0.1; Nexus 5X Build/MMB29P) AppleWebKit/537.36 (KHTML, like Gecko) Chrome/150.0.7871.186 Mobile Safari/537.36 (compatible; GoogleOther)"
185.215.232.215 - - [08/Aug/2026:16:46:34 -0400] "GET /?f=39967276784 HTTP/1.1" 200 29336 "-" "Mozilla/5.0 (Linux; Android 6.0.1; Nexus 5X Build/MMB29P) AppleWebKit/537.36 (KHTML, like Gecko) Chrome/150.0.7871.186 Mobile Safari/537.36 (compatible; GoogleOther)"
185.215.232.215 - - [08/Aug/2026:16:46:35 -0400] "GET /?q=61454231822 HTTP/1.1" 200 29531 "-" "Mozilla/5.0 (Linux; Android 6.0.1; Nexus 5X Build/MMB29P) AppleWebKit/537.36 (KHTML, like Gecko) Chrome/150.0.7871.186 Mobile Safari/537.36 (compatible; GoogleOther)"
185.215.232.215 - - [08/Aug/2026:16:46:38 -0400] "GET /?r=6132511198 HTTP/1.1" 200 28922 "-" "Mozilla/5.0 (Linux; Android 6.0.1; Nexus 5X Build/MMB29P) AppleWebKit/537.36 (KHTML, like Gecko) Chrome/150.0.7871.186 Mobile Safari/537.36 (compatible; GoogleOther)"
185.215.232.215 - - [08/Aug/2026:16:46:39 -0400] "GET /?p=2838142224 HTTP/1.1" 200 29514 "-" "Mozilla/5.0 (Linux; Android 6.0.1; Nexus 5X Build/MMB29P) AppleWebKit/537.36 (KHTML, like Gecko) Chrome/150.0.7871.186 Mobile Safari/537.36 (compatible; GoogleOther)"
185.215.232.215 - - [08/Aug/2026:16:46:41 -0400] "GET /hiroshi.php?b=94199131988 HTTP/1.1" 200 29121 "-" "Mozilla/5.0 (Linux; Android 6.0.1; Nexus 5X Build/MMB29P) AppleWebKit/537.36 (KHTML, like Gecko) Chrome/150.0.7871.186 Mobile Safari/537.36 (compatible; GoogleOther)"
185.215.232.215 - - [08/Aug/2026:16:46:45 -0400] "GET /?j=17741109213 HTTP/1.1" 200 29092 "-" "Mozilla/5.0 (Linux; Android 6.0.1; Nexus 5X Build/MMB29P) AppleWebKit/537.36 (KHTML, like Gecko) Chrome/150.0.7871.186 Mobile Safari/537.36 (compatible; Googlebot/2.1; +http://www.google.com/bot.html)"
185.215.232.215 - - [08/Aug/2026:16:46:46 -0400] "GET /?q=61454151685 HTTP/1.1" 200 30413 "-" "Mozilla/5.0 (Linux; Android 6.0.1; Nexus 5X Build/MMB29P) AppleWebKit/537.36 (KHTML, like Gecko) Chrome/150.0.7871.186 Mobile Safari/537.36 (compatible; GoogleOther)"
185.215.232.215 - - [08/Aug/2026:16:46:53 -0400] "GET /?a=29484246452 HTTP/1.1" 200 29465 "-" "Mozilla/5.0 (Linux; Android 6.0.1; Nexus 5X Build/MMB29P) AppleWebKit/537.36 (KHTML, like Gecko) Chrome/150.0.7871.186 Mobile Safari/537.36 (compatible; GoogleOther)"
185.215.232.215 - - [08/Aug/2026:16:46:59 -0400] "GET /?f=39967123702 HTTP/1.1" 200 30109 "-" "Mozilla/5.0 (Linux; Android 6.0.1; Nexus 5X Build/MMB29P) AppleWebKit/537.36 (KHTML, like Gecko) Chrome/150.0.7871.186 Mobile Safari/537.36 (compatible; GoogleOther)"
185.215.232.215 - - [08/Aug/2026:16:47:03 -0400] "GET /hiroshi.php?l=2458137013 HTTP/1.1" 200 30295 "-" "Mozilla/5.0 (Linux; Android 6.0.1; Nexus 5X Build/MMB29P) AppleWebKit/537.36 (KHTML, like Gecko) Chrome/150.0.7871.186 Mobile Safari/537.36 (compatible; GoogleOther)"
185.215.232.215 - - [08/Aug/2026:16:47:04 -0400] "GET /?j=17741239597 HTTP/1.1" 200 29531 "-" "Mozilla/5.0 (Linux; Android 6.0.1; Nexus 5X Build/MMB29P) AppleWebKit/537.36 (KHTML, like Gecko) Chrome/150.0.7871.186 Mobile Safari/537.36 (compatible; GoogleOther)"
37.32.19.3 - - [08/Aug/2026:16:47:05 -0400] "POST /wp-admin/admin-ajax.php HTTP/1.1" 200 58 "https://shambazaar.ir/wp-admin/admin.php?page=kamangir-smart-login" "Mozilla/5.0 (Windows NT 10.0; Win64; x64) AppleWebKit/537.36 (KHTML, like Gecko) Chrome/149.0.0.0 Safari/537.36"
185.215.232.215 - - [08/Aug/2026:16:47:06 -0400] "GET /information/privacy_policy.html HTTP/1.1" 200 29206 "-" "Mozilla/5.0 (Linux; Android 6.0.1; Nexus 5X Build/MMB29P) AppleWebKit/537.36 (KHTML, like Gecko) Chrome/150.0.7871.186 Mobile Safari/537.36 (compatible; GoogleOther)"
185.215.232.215 - - [08/Aug/2026:16:47:10 -0400] "GET /?q=61454246004 HTTP/1.1" 200 31285 "-" "Mozilla/5.0 (Linux; Android 6.0.1; Nexus 5X Build/MMB29P) AppleWebKit/537.36 (KHTML, like Gecko) Chrome/150.0.7871.186 Mobile Safari/537.36 (compatible; GoogleOther)"
185.215.232.215 - - [08/Aug/2026:16:47:13 -0400] "GET /?o=9975048384 HTTP/1.1" 200 29606 "-" "Mozilla/5.0 (Linux; Android 6.0.1; Nexus 5X Build/MMB29P) AppleWebKit/537.36 (KHTML, like Gecko) Chrome/150.0.7871.186 Mobile Safari/537.36 (compatible; GoogleOther)"
185.215.232.215 - - [08/Aug/2026:16:47:16 -0400] "GET /?o=99750207273 HTTP/1.1" 200 29837 "-" "Mozilla/5.0 (Linux; Android 6.0.1; Nexus 5X Build/MMB29P) AppleWebKit/537.36 (KHTML, like Gecko) Chrome/150.0.7871.186 Mobile Safari/537.36 (compatible; GoogleOther)"
185.215.232.215 - - [08/Aug/2026:16:47:19 -0400] "GET /hiroshi.php?l=24581207022 HTTP/1.1" 200 31080 "-" "Mozilla/5.0 (Linux; Android 6.0.1; Nexus 5X Build/MMB29P) AppleWebKit/537.36 (KHTML, like Gecko) Chrome/150.0.7871.186 Mobile Safari/537.36 (compatible; GoogleOther)"
185.215.232.215 - - [08/Aug/2026:16:47:24 -0400] "GET /?j=17741129451 HTTP/1.1" 200 29588 "-" "Mozilla/5.0 (Linux; Android 6.0.1; Nexus 5X Build/MMB29P) AppleWebKit/537.36 (KHTML, like Gecko) Chrome/150.0.7871.186 Mobile Safari/537.36 (compatible; GoogleOther)"
37.32.19.3 - - [08/Aug/2026:16:47:24 -0400] "POST /wp-admin/admin-ajax.php HTTP/1.1" 200 168 "https://shambazaar.ir/wp-admin/admin.php?page=kamangir-smart-login" "Mozilla/5.0 (Windows NT 10.0; Win64; x64) AppleWebKit/537.36 (KHTML, like Gecko) Chrome/149.0.0.0 Safari/537.36"
185.215.232.215 - - [08/Aug/2026:16:47:25 -0400] "GET /?f=3996790642 HTTP/1.1" 200 28270 "-" "Mozilla/5.0 (Linux; Android 6.0.1; Nexus 5X Build/MMB29P) AppleWebKit/537.36 (KHTML, like Gecko) Chrome/150.0.7871.186 Mobile Safari/537.36 (compatible; GoogleOther)"
185.215.232.215 - - [08/Aug/2026:16:47:25 -0400] "GET /?b=7053993826 HTTP/1.1" 200 30534 "-" "Mozilla/5.0 (Linux; Android 6.0.1; Nexus 5X Build/MMB29P) AppleWebKit/537.36 (KHTML, like Gecko) Chrome/150.0.7871.186 Mobile Safari/537.36 (compatible; Googlebot/2.1; +http://www.google.com/bot.html)"
185.215.232.215 - - [08/Aug/2026:16:47:27 -0400] "GET /?q=61454194085 HTTP/1.1" 200 30037 "-" "Mozilla/5.0 (Linux; Android 6.0.1; Nexus 5X Build/MMB29P) AppleWebKit/537.36 (KHTML, like Gecko) Chrome/150.0.7871.186 Mobile Safari/537.36 (compatible; GoogleOther)"
185.215.232.215 - - [08/Aug/2026:16:47:28 -0400] "GET /?j=1774120048 HTTP/1.1" 200 30357 "-" "Mozilla/5.0 (Linux; Android 6.0.1; Nexus 5X Build/MMB29P) AppleWebKit/537.36 (KHTML, like Gecko) Chrome/150.0.7871.186 Mobile Safari/537.36 (compatible; GoogleOther)"
185.215.232.215 - - [08/Aug/2026:16:47:31 -0400] "GET /hiroshi.php?l=3162760741 HTTP/1.1" 200 29828 "-" "Mozilla/5.0 (Linux; Android 6.0.1; Nexus 5X Build/MMB29P) AppleWebKit/537.36 (KHTML, like Gecko) Chrome/150.0.7871.186 Mobile Safari/537.36 (compatible; GoogleOther)"
185.215.232.215 - - [08/Aug/2026:16:47:33 -0400] "GET /?f=3996770542 HTTP/1.1" 200 29257 "-" "Mozilla/5.0 (Linux; Android 6.0.1; Nexus 5X Build/MMB29P) AppleWebKit/537.36 (KHTML, like Gecko) Chrome/150.0.7871.186 Mobile Safari/537.36 (compatible; GoogleOther)"
185.215.232.215 - - [08/Aug/2026:16:47:34 -0400] "GET /?s=77056238935 HTTP/1.1" 200 29667 "-" "Mozilla/5.0 (Linux; Android 6.0.1; Nexus 5X Build/MMB29P) AppleWebKit/537.36 (KHTML, like Gecko) Chrome/150.0.7871.186 Mobile Safari/537.36 (compatible; GoogleOther)"
185.215.232.215 - - [08/Aug/2026:16:47:36 -0400] "GET /?s=77056154911 HTTP/1.1" 200 29619 "-" "Mozilla/5.0 (Linux; Android 6.0.1; Nexus 5X Build/MMB29P) AppleWebKit/537.36 (KHTML, like Gecko) Chrome/150.0.7871.186 Mobile Safari/537.36 (compatible; GoogleOther)"
185.215.232.215 - - [08/Aug/2026:16:47:36 -0400] "GET /?b=70539169090 HTTP/1.1" 200 28781 "-" "Mozilla/5.0 (Linux; Android 6.0.1; Nexus 5X Build/MMB29P) AppleWebKit/537.36 (KHTML, like Gecko) Chrome/150.0.7871.186 Mobile Safari/537.36 (compatible; Googlebot/2.1; +http://www.google.com/bot.html)"
185.215.232.215 - - [08/Aug/2026:16:47:38 -0400] "GET /?o=9975065935 HTTP/1.1" 200 29817 "-" "Mozilla/5.0 (Linux; Android 6.0.1; Nexus 5X Build/MMB29P) AppleWebKit/537.36 (KHTML, like Gecko) Chrome/150.0.7871.186 Mobile Safari/537.36 (compatible; GoogleOther)"
185.215.232.215 - - [08/Aug/2026:16:47:39 -0400] "GET /?r=61325180624 HTTP/1.1" 200 29374 "-" "Mozilla/5.0 (Linux; Android 6.0.1; Nexus 5X Build/MMB29P) AppleWebKit/537.36 (KHTML, like Gecko) Chrome/150.0.7871.186 Mobile Safari/537.36 (compatible; GoogleOther)"
185.215.232.215 - - [08/Aug/2026:16:47:42 -0400] "GET /?r=61325160015 HTTP/1.1" 200 29686 "-" "Mozilla/5.0 (Linux; Android 6.0.1; Nexus 5X Build/MMB29P) AppleWebKit/537.36 (KHTML, like Gecko) Chrome/150.0.7871.186 Mobile Safari/537.36 (compatible; GoogleOther)"
185.215.232.215 - - [08/Aug/2026:16:47:44 -0400] "GET /?r=61325157682 HTTP/1.1" 200 29089 "-" "Mozilla/5.0 (Linux; Android 6.0.1; Nexus 5X Build/MMB29P) AppleWebKit/537.36 (KHTML, like Gecko) Chrome/150.0.7871.186 Mobile Safari/537.36 (compatible; Googlebot/2.1; +http://www.google.com/bot.html)"
185.215.232.215 - - [08/Aug/2026:16:47:45 -0400] "GET /hiroshi.php?b=94199221930 HTTP/1.1" 200 29889 "-" "Mozilla/5.0 (Linux; Android 6.0.1; Nexus 5X Build/MMB29P) AppleWebKit/537.36 (KHTML, like Gecko) Chrome/150.0.7871.186 Mobile Safari/537.36 (compatible; GoogleOther)"
185.215.232.215 - - [08/Aug/2026:16:47:45 -0400] "GET /?o=9975050839 HTTP/1.1" 200 29670 "-" "Mozilla/5.0 (Linux; Android 6.0.1; Nexus 5X Build/MMB29P) AppleWebKit/537.36 (KHTML, like Gecko) Chrome/150.0.7871.186 Mobile Safari/537.36 (compatible; GoogleOther)"
185.215.232.215 - - [08/Aug/2026:16:47:48 -0400] "GET /?o=99750272331 HTTP/1.1" 200 29555 "-" "Mozilla/5.0 (Linux; Android 6.0.1; Nexus 5X Build/MMB29P) AppleWebKit/537.36 (KHTML, like Gecko) Chrome/150.0.7871.186 Mobile Safari/537.36 (compatible; GoogleOther)"
185.215.232.215 - - [08/Aug/2026:16:47:48 -0400] "GET /?a=2948472006 HTTP/1.1" 200 29142 "-" "Mozilla/5.0 (Linux; Android 6.0.1; Nexus 5X Build/MMB29P) AppleWebKit/537.36 (KHTML, like Gecko) Chrome/150.0.7871.186 Mobile Safari/537.36 (compatible; GoogleOther)"
185.215.232.215 - - [08/Aug/2026:16:47:53 -0400] "GET /hiroshi.php?a=660146760 HTTP/1.1" 200 29392 "-" "Mozilla/5.0 (Linux; Android 6.0.1; Nexus 5X Build/MMB29P) AppleWebKit/537.36 (KHTML, like Gecko) Chrome/150.0.7871.186 Mobile Safari/537.36 (compatible; GoogleOther)"
185.215.232.215 - - [08/Aug/2026:16:47:56 -0400] "GET /?a=29484134083 HTTP/1.1" 200 30051 "-" "Mozilla/5.0 (Linux; Android 6.0.1; Nexus 5X Build/MMB29P) AppleWebKit/537.36 (KHTML, like Gecko) Chrome/150.0.7871.186 Mobile Safari/537.36 (compatible; GoogleOther)"
185.215.232.215 - - [08/Aug/2026:16:47:57 -0400] "GET /?f=3996762922 HTTP/1.1" 200 30138 "-" "Mozilla/5.0 (Linux; Android 6.0.1; Nexus 5X Build/MMB29P) AppleWebKit/537.36 (KHTML, like Gecko) Chrome/150.0.7871.186 Mobile Safari/537.36 (compatible; Googlebot/2.1; +http://www.google.com/bot.html)"
185.215.232.215 - - [08/Aug/2026:16:47:58 -0400] "GET /hiroshi.php?a=66014124834 HTTP/1.1" 200 29288 "-" "Mozilla/5.0 (Linux; Android 6.0.1; Nexus 5X Build/MMB29P) AppleWebKit/537.36 (KHTML, like Gecko) Chrome/150.0.7871.186 Mobile Safari/537.36 (compatible; GoogleOther)"
185.215.232.215 - - [08/Aug/2026:16:48:01 -0400] "GET /hiroshi.php?r=22507247567 HTTP/1.1" 200 30816 "-" "Mozilla/5.0 (Linux; Android 6.0.1; Nexus 5X Build/MMB29P) AppleWebKit/537.36 (KHTML, like Gecko) Chrome/150.0.7871.186 Mobile Safari/537.36 (compatible; GoogleOther)"
185.215.232.215 - - [08/Aug/2026:16:48:03 -0400] "GET /?p=28381121558 HTTP/1.1" 200 30289 "-" "Mozilla/5.0 (Linux; Android 6.0.1; Nexus 5X Build/MMB29P) AppleWebKit/537.36 (KHTML, like Gecko) Chrome/150.0.7871.186 Mobile Safari/537.36 (compatible; GoogleOther)"
185.215.232.215 - - [08/Aug/2026:16:48:04 -0400] "GET /hiroshi.php?r=2250713961 HTTP/1.1" 200 29836 "-" "Mozilla/5.0 (Linux; Android 6.0.1; Nexus 5X Build/MMB29P) AppleWebKit/537.36 (KHTML, like Gecko) Chrome/150.0.7871.186 Mobile Safari/537.36 (compatible; GoogleOther)"
94.101.183.2 - - [08/Aug/2026:16:48:06 -0400] "POST /wp-cron.php?doing_wp_cron=1786222086.5008471012115478515625 HTTP/1.1" 200 31 "-" "WordPress/6.7.6; https://shambazaar.ir"
37.32.19.3 - - [08/Aug/2026:16:48:06 -0400] "POST /wp-admin/admin-ajax.php HTTP/1.1" 200 58 "https://shambazaar.ir/wp-admin/admin.php?page=kamangir-smart-login" "Mozilla/5.0 (Windows NT 10.0; Win64; x64) AppleWebKit/537.36 (KHTML, like Gecko) Chrome/149.0.0.0 Safari/537.36"
185.215.232.215 - - [08/Aug/2026:16:48:07 -0400] "GET /?p=2838172582 HTTP/1.1" 200 28225 "-" "Mozilla/5.0 (Linux; Android 6.0.1; Nexus 5X Build/MMB29P) AppleWebKit/537.36 (KHTML, like Gecko) Chrome/150.0.7871.186 Mobile Safari/537.36 (compatible; GoogleOther)"
185.215.232.215 - - [08/Aug/2026:16:48:08 -0400] "GET /hiroshi.php?n=8568342941 HTTP/1.1" 200 29150 "-" "Mozilla/5.0 (Linux; Android 6.0.1; Nexus 5X Build/MMB29P) AppleWebKit/537.36 (KHTML, like Gecko) Chrome/150.0.7871.186 Mobile Safari/537.36 (compatible; GoogleOther)"
185.215.232.215 - - [08/Aug/2026:16:48:11 -0400] "GET /hiroshi.php?l=316272049 HTTP/1.1" 200 30937 "-" "Mozilla/5.0 (Linux; Android 6.0.1; Nexus 5X Build/MMB29P) AppleWebKit/537.36 (KHTML, like Gecko) Chrome/150.0.7871.186 Mobile Safari/537.36 (compatible; GoogleOther)"
185.215.232.215 - - [08/Aug/2026:16:48:12 -0400] "GET /?r=6132560208 HTTP/1.1" 200 29421 "-" "Mozilla/5.0 (Linux; Android 6.0.1; Nexus 5X Build/MMB29P) AppleWebKit/537.36 (KHTML, like Gecko) Chrome/150.0.7871.186 Mobile Safari/537.36 (compatible; Googlebot/2.1; +http://www.google.com/bot.html)"
185.215.232.215 - - [08/Aug/2026:16:48:13 -0400] "GET /?f=39967114476 HTTP/1.1" 200 29161 "-" "Mozilla/5.0 (Linux; Android 6.0.1; Nexus 5X Build/MMB29P) AppleWebKit/537.36 (KHTML, like Gecko) Chrome/150.0.7871.186 Mobile Safari/537.36 (compatible; GoogleOther)"
185.215.232.215 - - [08/Aug/2026:16:48:13 -0400] "GET /?j=17741129451 HTTP/1.1" 200 29681 "-" "Mozilla/5.0 (Linux; Android 6.0.1; Nexus 5X Build/MMB29P) AppleWebKit/537.36 (KHTML, like Gecko) Chrome/150.0.7871.186 Mobile Safari/537.36 (compatible; Googlebot/2.1; +http://www.google.com/bot.html)"
185.215.232.215 - - [08/Aug/2026:16:48:14 -0400] "GET /?f=39967254283 HTTP/1.1" 200 31155 "-" "Mozilla/5.0 (Linux; Android 6.0.1; Nexus 5X Build/MMB29P) AppleWebKit/537.36 (KHTML, like Gecko) Chrome/150.0.7871.186 Mobile Safari/537.36 (compatible; GoogleOther)"
185.215.232.215 - - [08/Aug/2026:16:48:18 -0400] "GET /?s=77056258067 HTTP/1.1" 200 29898 "-" "Mozilla/5.0 (Linux; Android 6.0.1; Nexus 5X Build/MMB29P) AppleWebKit/537.36 (KHTML, like Gecko) Chrome/150.0.7871.186 Mobile Safari/537.36 (compatible; GoogleOther)"
185.215.232.215 - - [08/Aug/2026:16:48:20 -0400] "GET /hiroshi.php?u=87848143072 HTTP/1.1" 200 30530 "-" "Mozilla/5.0 (Linux; Android 6.0.1; Nexus 5X Build/MMB29P) AppleWebKit/537.36 (KHTML, like Gecko) Chrome/150.0.7871.186 Mobile Safari/537.36 (compatible; GoogleOther)"
185.215.232.215 - - [08/Aug/2026:16:48:20 -0400] "GET /?f=39967259431 HTTP/1.1" 200 30222 "-" "Mozilla/5.0 (Linux; Android 6.0.1; Nexus 5X Build/MMB29P) AppleWebKit/537.36 (KHTML, like Gecko) Chrome/150.0.7871.186 Mobile Safari/537.36 (compatible; GoogleOther)"
94.101.182.3 - - [08/Aug/2026:16:48:21 -0400] "POST /wp-cron.php?doing_wp_cron=1786222101.6450970172882080078125 HTTP/1.1" 200 31 "-" "WordPress/6.7.2; https://shamemilad.ir"
185.215.232.196 - - [08/Aug/2026:16:48:22 -0400] "POST /xmlrpc.php HTTP/1.1" 200 436 "-" "Mozilla/5.0 (Windows NT 10.0; Win64; x64) AppleWebKit/537.36 (KHTML, like Gecko) Chrome/133.0.0.0 Safari/537.36"
94.101.183.2 - - [08/Aug/2026:16:48:23 -0400] "POST /wp-cron.php HTTP/1.1" 200 31 "-" "WordPress/6.7.2; https://shamemilad.ir"
185.215.232.215 - - [08/Aug/2026:16:48:23 -0400] "GET /?f=39967125800 HTTP/1.1" 200 29633 "-" "Mozilla/5.0 (Linux; Android 6.0.1; Nexus 5X Build/MMB29P) AppleWebKit/537.36 (KHTML, like Gecko) Chrome/150.0.7871.186 Mobile Safari/537.36 (compatible; GoogleOther)"
185.215.232.215 - - [08/Aug/2026:16:48:24 -0400] "GET /?b=70539261647 HTTP/1.1" 200 29115 "-" "Mozilla/5.0 (Linux; Android 6.0.1; Nexus 5X Build/MMB29P) AppleWebKit/537.36 (KHTML, like Gecko) Chrome/150.0.7871.186 Mobile Safari/537.36 (compatible; GoogleOther)"
94.101.182.3 - - [08/Aug/2026:16:48:26 -0400] "GET / HTTP/1.1" 200 36826 "-" "WordPress/6.7.2; https://shamemilad.ir"
185.215.232.215 - - [08/Aug/2026:16:48:26 -0400] "GET /hiroshi.php?n=85683206082 HTTP/1.1" 200 30296 "-" "Mozilla/5.0 (Linux; Android 6.0.1; Nexus 5X Build/MMB29P) AppleWebKit/537.36 (KHTML, like Gecko) Chrome/150.0.7871.186 Mobile Safari/537.36 (compatible; GoogleOther)"
185.215.232.215 - - [08/Aug/2026:16:48:27 -0400] "GET /?f=3996724399 HTTP/1.1" 200 29803 "-" "Mozilla/5.0 (Linux; Android 6.0.1; Nexus 5X Build/MMB29P) AppleWebKit/537.36 (KHTML, like Gecko) Chrome/150.0.7871.186 Mobile Safari/537.36 (compatible; Googlebot/2.1; +http://www.google.com/bot.html)"
94.101.183.2 - - [08/Aug/2026:16:48:27 -0400] "GET / HTTP/1.1" 200 36832 "-" "WordPress/6.7.2; https://shamemilad.ir"
185.215.232.215 - - [08/Aug/2026:16:48:29 -0400] "GET /?q=61454163188 HTTP/1.1" 200 29970 "-" "Mozilla/5.0 (Linux; Android 6.0.1; Nexus 5X Build/MMB29P) AppleWebKit/537.36 (KHTML, like Gecko) Chrome/150.0.7871.186 Mobile Safari/537.36 (compatible; GoogleOther)"
185.215.232.215 - - [08/Aug/2026:16:48:30 -0400] "GET /hiroshi.php?h=2514920490 HTTP/1.1" 200 29148 "-" "Mozilla/5.0 (Linux; Android 6.0.1; Nexus 5X Build/MMB29P) AppleWebKit/537.36 (KHTML, like Gecko) Chrome/150.0.7871.186 Mobile Safari/537.36 (compatible; GoogleOther)"
185.215.232.215 - - [08/Aug/2026:16:48:30 -0400] "GET /?r=61325267500 HTTP/1.1" 200 29227 "-" "Mozilla/5.0 (Linux; Android 6.0.1; Nexus 5X Build/MMB29P) AppleWebKit/537.36 (KHTML, like Gecko) Chrome/150.0.7871.186 Mobile Safari/537.36 (compatible; Googlebot/2.1; +http://www.google.com/bot.html)"
94.101.182.3 - - [08/Aug/2026:16:48:30 -0400] "GET / HTTP/1.1" 200 36827 "-" "WordPress/6.7.2; https://shamemilad.ir"
185.215.232.215 - - [08/Aug/2026:16:48:31 -0400] "GET /?a=29484214917 HTTP/1.1" 200 29452 "-" "Mozilla/5.0 (Linux; Android 6.0.1; Nexus 5X Build/MMB29P) AppleWebKit/537.36 (KHTML, like Gecko) Chrome/150.0.7871.186 Mobile Safari/537.36 (compatible; Googlebot/2.1; +http://www.google.com/bot.html)"
94.101.183.2 - - [08/Aug/2026:16:48:32 -0400] "GET / HTTP/1.1" 200 36827 "-" "WordPress/6.7.2; https://shamemilad.ir"
185.215.232.215 - - [08/Aug/2026:16:48:32 -0400] "GET /?a=29484206026 HTTP/1.1" 200 30295 "-" "Mozilla/5.0 (Linux; Android 6.0.1; Nexus 5X Build/MMB29P) AppleWebKit/537.36 (KHTML, like Gecko) Chrome/150.0.7871.186 Mobile Safari/537.36 (compatible; GoogleOther)"
185.215.232.215 - - [08/Aug/2026:16:48:33 -0400] "GET /?o=99750309001 HTTP/1.1" 200 29499 "-" "Mozilla/5.0 (Linux; Android 6.0.1; Nexus 5X Build/MMB29P) AppleWebKit/537.36 (KHTML, like Gecko) Chrome/150.0.7871.186 Mobile Safari/537.36 (compatible; GoogleOther)"
185.215.232.215 - - [08/Aug/2026:16:48:35 -0400] "GET /?o=99750268654 HTTP/1.1" 200 29189 "-" "Mozilla/5.0 (Linux; Android 6.0.1; Nexus 5X Build/MMB29P) AppleWebKit/537.36 (KHTML, like Gecko) Chrome/150.0.7871.186 Mobile Safari/537.36 (compatible; Googlebot/2.1; +http://www.google.com/bot.html)"
185.215.232.215 - - [08/Aug/2026:16:48:36 -0400] "GET /?o=9975098230 HTTP/1.1" 200 30241 "-" "Mozilla/5.0 (Linux; Android 6.0.1; Nexus 5X Build/MMB29P) AppleWebKit/537.36 (KHTML, like Gecko) Chrome/150.0.7871.186 Mobile Safari/537.36 (compatible; GoogleOther)"
185.215.232.215 - - [08/Aug/2026:16:48:38 -0400] "GET /?j=17741214750 HTTP/1.1" 200 29823 "-" "Mozilla/5.0 (Linux; Android 6.0.1; Nexus 5X Build/MMB29P) AppleWebKit/537.36 (KHTML, like Gecko) Chrome/150.0.7871.186 Mobile Safari/537.36 (compatible; Googlebot/2.1; +http://www.google.com/bot.html)"
185.215.232.215 - - [08/Aug/2026:16:48:39 -0400] "GET /hiroshi.php?l=31627279813 HTTP/1.1" 200 29190 "-" "Mozilla/5.0 (Linux; Android 6.0.1; Nexus 5X Build/MMB29P) AppleWebKit/537.36 (KHTML, like Gecko) Chrome/150.0.7871.186 Mobile Safari/537.36 (compatible; GoogleOther)"
185.215.232.215 - - [08/Aug/2026:16:48:40 -0400] "GET /?s=7705683708 HTTP/1.1" 200 29163 "-" "Mozilla/5.0 (Linux; Android 6.0.1; Nexus 5X Build/MMB29P) AppleWebKit/537.36 (KHTML, like Gecko) Chrome/150.0.7871.186 Mobile Safari/537.36 (compatible; GoogleOther)"
185.215.232.215 - - [08/Aug/2026:16:48:42 -0400] "GET /shop/pg/1SiteUse HTTP/1.1" 200 30471 "-" "Mozilla/5.0 (Linux; Android 6.0.1; Nexus 5X Build/MMB29P) AppleWebKit/537.36 (KHTML, like Gecko) Chrome/150.0.7871.186 Mobile Safari/537.36 (compatible; GoogleOther)"
185.215.232.215 - - [08/Aug/2026:16:48:42 -0400] "GET /?a=29484102395 HTTP/1.1" 200 29687 "-" "Mozilla/5.0 (Linux; Android 6.0.1; Nexus 5X Build/MMB29P) AppleWebKit/537.36 (KHTML, like Gecko) Chrome/150.0.7871.186 Mobile Safari/537.36 (compatible; Googlebot/2.1; +http://www.google.com/bot.html)"
185.215.232.215 - - [08/Aug/2026:16:48:43 -0400] "GET /?r=61325102358 HTTP/1.1" 200 28846 "-" "Mozilla/5.0 (Linux; Android 6.0.1; Nexus 5X Build/MMB29P) AppleWebKit/537.36 (KHTML, like Gecko) Chrome/150.0.7871.186 Mobile Safari/537.36 (compatible; GoogleOther)"
185.215.232.215 - - [08/Aug/2026:16:48:45 -0400] "GET /?s=77056171831 HTTP/1.1" 200 28584 "-" "Mozilla/5.0 (Linux; Android 6.0.1; Nexus 5X Build/MMB29P) AppleWebKit/537.36 (KHTML, like Gecko) Chrome/150.0.7871.186 Mobile Safari/537.36 (compatible; GoogleOther)"
185.215.232.215 - - [08/Aug/2026:16:48:46 -0400] "GET /?r=6132521455 HTTP/1.1" 200 30814 "-" "Mozilla/5.0 (Linux; Android 6.0.1; Nexus 5X Build/MMB29P) AppleWebKit/537.36 (KHTML, like Gecko) Chrome/150.0.7871.186 Mobile Safari/537.36 (compatible; Googlebot/2.1; +http://www.google.com/bot.html)"
185.215.232.215 - - [08/Aug/2026:16:48:48 -0400] "GET /hiroshi.php?l=2458186410 HTTP/1.1" 200 29565 "-" "Mozilla/5.0 (Linux; Android 6.0.1; Nexus 5X Build/MMB29P) AppleWebKit/537.36 (KHTML, like Gecko) Chrome/150.0.7871.186 Mobile Safari/537.36 (compatible; GoogleOther)"
185.215.232.195 - - [08/Aug/2026:16:48:48 -0400] "GET /wp-login.php HTTP/1.1" 200 3564 "-" "Mozilla/5.0 (Windows NT 10.0; Win64; x64) AppleWebKit/537.36 (KHTML, like Gecko) Chrome/133.0.0.0 Safari/537.36"
185.215.232.215 - - [08/Aug/2026:16:48:49 -0400] "GET /?f=39967164811 HTTP/1.1" 200 29472 "-" "Mozilla/5.0 (Linux; Android 6.0.1; Nexus 5X Build/MMB29P) AppleWebKit/537.36 (KHTML, like Gecko) Chrome/150.0.7871.186 Mobile Safari/537.36 (compatible; Googlebot/2.1; +http://www.google.com/bot.html)"
185.215.232.195 - - [08/Aug/2026:16:48:50 -0400] "POST /wp-login.php HTTP/1.1" 200 3737 "https://bcandle.ir/wp-login.php" "Mozilla/5.0 (Windows NT 10.0; Win64; x64) AppleWebKit/537.36 (KHTML, like Gecko) Chrome/133.0.0.0 Safari/537.36"
185.215.232.215 - - [08/Aug/2026:16:48:51 -0400] "GET /?p=28381198221 HTTP/1.1" 200 29390 "-" "Mozilla/5.0 (Linux; Android 6.0.1; Nexus 5X Build/MMB29P) AppleWebKit/537.36 (KHTML, like Gecko) Chrome/150.0.7871.186 Mobile Safari/537.36 (compatible; GoogleOther)"
185.215.232.215 - - [08/Aug/2026:16:48:52 -0400] "GET /?o=99750184461 HTTP/1.1" 200 29654 "-" "Mozilla/5.0 (Linux; Android 6.0.1; Nexus 5X Build/MMB29P) AppleWebKit/537.36 (KHTML, like Gecko) Chrome/150.0.7871.186 Mobile Safari/537.36 (compatible; GoogleOther)"
185.215.232.215 - - [08/Aug/2026:16:48:52 -0400] "GET /?q=61454236143 HTTP/1.1" 200 29082 "-" "Mozilla/5.0 (Linux; Android 6.0.1; Nexus 5X Build/MMB29P) AppleWebKit/537.36 (KHTML, like Gecko) Chrome/150.0.7871.186 Mobile Safari/537.36 (compatible; Googlebot/2.1; +http://www.google.com/bot.html)"
185.215.232.215 - - [08/Aug/2026:16:48:55 -0400] "GET /?f=39967255057 HTTP/1.1" 200 29417 "-" "Mozilla/5.0 (Linux; Android 6.0.1; Nexus 5X Build/MMB29P) AppleWebKit/537.36 (KHTML, like Gecko) Chrome/150.0.7871.186 Mobile Safari/537.36 (compatible; GoogleOther)"
185.215.232.215 - - [08/Aug/2026:16:48:55 -0400] "GET /?o=99750214409 HTTP/1.1" 200 29322 "-" "Mozilla/5.0 (Linux; Android 6.0.1; Nexus 5X Build/MMB29P) AppleWebKit/537.36 (KHTML, like Gecko) Chrome/150.0.7871.186 Mobile Safari/537.36 (compatible; GoogleOther)"
185.215.232.215 - - [08/Aug/2026:16:48:57 -0400] "GET /?r=61325199425 HTTP/1.1" 200 29642 "-" "Mozilla/5.0 (Linux; Android 6.0.1; Nexus 5X Build/MMB29P) AppleWebKit/537.36 (KHTML, like Gecko) Chrome/150.0.7871.186 Mobile Safari/537.36 (compatible; Googlebot/2.1; +http://www.google.com/bot.html)"
185.215.232.215 - - [08/Aug/2026:16:48:59 -0400] "GET /?f=39967129540 HTTP/1.1" 200 29672 "-" "Mozilla/5.0 (Linux; Android 6.0.1; Nexus 5X Build/MMB29P) AppleWebKit/537.36 (KHTML, like Gecko) Chrome/150.0.7871.186 Mobile Safari/537.36 (compatible; GoogleOther)"
185.215.232.215 - - [08/Aug/2026:16:49:00 -0400] "GET /hiroshi.php?b=94199140589 HTTP/1.1" 200 29122 "-" "Mozilla/5.0 (Linux; Android 6.0.1; Nexus 5X Build/MMB29P) AppleWebKit/537.36 (KHTML, like Gecko) Chrome/150.0.7871.186 Mobile Safari/537.36 (compatible; GoogleOther)"
185.215.232.215 - - [08/Aug/2026:16:49:04 -0400] "GET /?a=29484166624 HTTP/1.1" 200 29399 "-" "Mozilla/5.0 (Linux; Android 6.0.1; Nexus 5X Build/MMB29P) AppleWebKit/537.36 (KHTML, like Gecko) Chrome/150.0.7871.186 Mobile Safari/537.36 (compatible; GoogleOther)"
185.215.232.215 - - [08/Aug/2026:16:49:07 -0400] "GET /?j=1774183402 HTTP/1.1" 200 29125 "-" "Mozilla/5.0 (Linux; Android 6.0.1; Nexus 5X Build/MMB29P) AppleWebKit/537.36 (KHTML, like Gecko) Chrome/150.0.7871.186 Mobile Safari/537.36 (compatible; GoogleOther)"
94.101.182.3 - - [08/Aug/2026:16:49:07 -0400] "POST /wp-cron.php?doing_wp_cron=1786222147.4152019023895263671875 HTTP/1.1" 200 31 "-" "WordPress/6.7.6; https://shambazaar.ir"
37.32.19.3 - - [08/Aug/2026:16:49:07 -0400] "POST /wp-admin/admin-ajax.php HTTP/1.1" 200 58 "https://shambazaar.ir/wp-admin/admin.php?page=kamangir-smart-login" "Mozilla/5.0 (Windows NT 10.0; Win64; x64) AppleWebKit/537.36 (KHTML, like Gecko) Chrome/149.0.0.0 Safari/537.36"
185.215.232.215 - - [08/Aug/2026:16:49:09 -0400] "GET /?o=99750198822 HTTP/1.1" 200 29185 "-" "Mozilla/5.0 (Linux; Android 6.0.1; Nexus 5X Build/MMB29P) AppleWebKit/537.36 (KHTML, like Gecko) Chrome/150.0.7871.186 Mobile Safari/537.36 (compatible; Googlebot/2.1; +http://www.google.com/bot.html)"
185.215.232.215 - - [08/Aug/2026:16:49:09 -0400] "GET /?r=6132551132 HTTP/1.1" 200 28937 "-" "Mozilla/5.0 (Linux; Android 6.0.1; Nexus 5X Build/MMB29P) AppleWebKit/537.36 (KHTML, like Gecko) Chrome/150.0.7871.186 Mobile Safari/537.36 (compatible; Googlebot/2.1; +http://www.google.com/bot.html)"
185.215.232.215 - - [08/Aug/2026:16:49:10 -0400] "GET /?f=3996721751 HTTP/1.1" 200 29331 "-" "Mozilla/5.0 (Linux; Android 6.0.1; Nexus 5X Build/MMB29P) AppleWebKit/537.36 (KHTML, like Gecko) Chrome/150.0.7871.186 Mobile Safari/537.36 (compatible; GoogleOther)"
185.215.232.215 - - [08/Aug/2026:16:49:12 -0400] "GET /?o=99750252035 HTTP/1.1" 200 29197 "-" "Mozilla/5.0 (Linux; Android 6.0.1; Nexus 5X Build/MMB29P) AppleWebKit/537.36 (KHTML, like Gecko) Chrome/150.0.7871.186 Mobile Safari/537.36 (compatible; Googlebot/2.1; +http://www.google.com/bot.html)"
185.215.232.215 - - [08/Aug/2026:16:49:12 -0400] "GET /?g=74444234199 HTTP/1.1" 200 30131 "-" "Mozilla/5.0 (Linux; Android 6.0.1; Nexus 5X Build/MMB29P) AppleWebKit/537.36 (KHTML, like Gecko) Chrome/150.0.7871.186 Mobile Safari/537.36 (compatible; Googlebot/2.1; +http://www.google.com/bot.html)"
37.32.19.3 - - [08/Aug/2026:16:49:12 -0400] "GET / HTTP/1.1" 200 57799 "-" "Mozilla/5.0 (Windows NT 10.0; Win64; x64) AppleWebKit/537.36 (KHTML, like Gecko) Chrome/149.0.0.0 Safari/537.36"
185.215.232.215 - - [08/Aug/2026:16:49:13 -0400] "GET /?o=99750171144 HTTP/1.1" 200 29162 "-" "Mozilla/5.0 (Linux; Android 6.0.1; Nexus 5X Build/MMB29P) AppleWebKit/537.36 (KHTML, like Gecko) Chrome/150.0.7871.186 Mobile Safari/537.36 (compatible; GoogleOther)"
185.215.232.215 - - [08/Aug/2026:16:49:14 -0400] "GET /?o=9975058668 HTTP/1.1" 200 30583 "-" "Mozilla/5.0 (Linux; Android 6.0.1; Nexus 5X Build/MMB29P) AppleWebKit/537.36 (KHTML, like Gecko) Chrome/150.0.7871.186 Mobile Safari/537.36 (compatible; Googlebot/2.1; +http://www.google.com/bot.html)"
185.215.232.215 - - [08/Aug/2026:16:49:14 -0400] "GET /?f=39967197728 HTTP/1.1" 200 29881 "-" "Mozilla/5.0 (Linux; Android 6.0.1; Nexus 5X Build/MMB29P) AppleWebKit/537.36 (KHTML, like Gecko) Chrome/150.0.7871.186 Mobile Safari/537.36 (compatible; GoogleOther)"
185.215.232.215 - - [08/Aug/2026:16:49:15 -0400] "GET /?r=6132593386 HTTP/1.1" 200 29162 "-" "Mozilla/5.0 (Linux; Android 6.0.1; Nexus 5X Build/MMB29P) AppleWebKit/537.36 (KHTML, like Gecko) Chrome/150.0.7871.186 Mobile Safari/537.36 (compatible; Googlebot/2.1; +http://www.google.com/bot.html)"
185.215.232.215 - - [08/Aug/2026:16:49:16 -0400] "GET /hiroshi.php?u=87848153787 HTTP/1.1" 200 29373 "-" "Mozilla/5.0 (Linux; Android 6.0.1; Nexus 5X Build/MMB29P) AppleWebKit/537.36 (KHTML, like Gecko) Chrome/150.0.7871.186 Mobile Safari/537.36 (compatible; GoogleOther)"
185.215.232.215 - - [08/Aug/2026:16:49:17 -0400] "GET /?f=39967135586 HTTP/1.1" 200 29280 "-" "Mozilla/5.0 (Linux; Android 6.0.1; Nexus 5X Build/MMB29P) AppleWebKit/537.36 (KHTML, like Gecko) Chrome/150.0.7871.186 Mobile Safari/537.36 (compatible; GoogleOther)"
94.101.182.3 - - [08/Aug/2026:16:49:20 -0400] "POST /wp-cron.php?doing_wp_cron=1786222160.0248470306396484375000 HTTP/1.1" 200 31 "-" "WordPress/6.7.2; https://shamemilad.ir"
185.215.232.215 - - [08/Aug/2026:16:49:20 -0400] "GET /hiroshi.php?e=7745878717 HTTP/1.1" 200 29455 "-" "Mozilla/5.0 (Linux; Android 6.0.1; Nexus 5X Build/MMB29P) AppleWebKit/537.36 (KHTML, like Gecko) Chrome/150.0.7871.186 Mobile Safari/537.36 (compatible; GoogleOther)"
185.215.232.215 - - [08/Aug/2026:16:49:20 -0400] "GET /?s=77056102008 HTTP/1.1" 200 29676 "-" "Mozilla/5.0 (Linux; Android 6.0.1; Nexus 5X Build/MMB29P) AppleWebKit/537.36 (KHTML, like Gecko) Chrome/150.0.7871.186 Mobile Safari/537.36 (compatible; GoogleOther)"
37.32.19.3 - - [08/Aug/2026:16:49:20 -0400] "GET / HTTP/1.1" 200 36827 "-" "Mozilla/5.0 (Windows NT 10.0; Win64; x64) AppleWebKit/537.36 (KHTML, like Gecko) Chrome/149.0.0.0 Safari/537.36"
37.32.19.3 - - [08/Aug/2026:16:49:21 -0400] "POST /wp-admin/admin-ajax.php HTTP/1.1" 200 31 "https://shambazaar.ir/" "Mozilla/5.0 (Windows NT 10.0; Win64; x64) AppleWebKit/537.36 (KHTML, like Gecko) Chrome/149.0.0.0 Safari/537.36"
37.32.19.3 - - [08/Aug/2026:16:49:21 -0400] "GET / HTTP/1.1" 200 43526 "-" "Mozilla/5.0 (Windows NT 10.0; Win64; x64) AppleWebKit/537.36 (KHTML, like Gecko) Chrome/149.0.0.0 Safari/537.36"
185.215.232.215 - - [08/Aug/2026:16:49:22 -0400] "GET /?r=61325229654 HTTP/1.1" 200 29465 "-" "Mozilla/5.0 (Linux; Android 6.0.1; Nexus 5X Build/MMB29P) AppleWebKit/537.36 (KHTML, like Gecko) Chrome/150.0.7871.186 Mobile Safari/537.36 (compatible; Googlebot/2.1; +http://www.google.com/bot.html)"
185.215.232.215 - - [08/Aug/2026:16:49:22 -0400] "GET /?o=99750235483 HTTP/1.1" 200 28925 "-" "Mozilla/5.0 (Linux; Android 6.0.1; Nexus 5X Build/MMB29P) AppleWebKit/537.36 (KHTML, like Gecko) Chrome/150.0.7871.186 Mobile Safari/537.36 (compatible; Googlebot/2.1; +http://www.google.com/bot.html)"
185.215.232.215 - - [08/Aug/2026:16:49:22 -0400] "GET /?b=70539159549 HTTP/1.1" 200 29731 "-" "Mozilla/5.0 (Linux; Android 6.0.1; Nexus 5X Build/MMB29P) AppleWebKit/537.36 (KHTML, like Gecko) Chrome/150.0.7871.186 Mobile Safari/537.36 (compatible; Googlebot/2.1; +http://www.google.com/bot.html)"
185.215.232.215 - - [08/Aug/2026:16:49:22 -0400] "GET /?r=6132586969 HTTP/1.1" 200 29284 "-" "Mozilla/5.0 (Linux; Android 6.0.1; Nexus 5X Build/MMB29P) AppleWebKit/537.36 (KHTML, like Gecko) Chrome/150.0.7871.186 Mobile Safari/537.36 (compatible; GoogleOther)"
185.215.232.215 - - [08/Aug/2026:16:49:23 -0400] "GET /?r=6132561514 HTTP/1.1" 200 29406 "-" "Mozilla/5.0 (Linux; Android 6.0.1; Nexus 5X Build/MMB29P) AppleWebKit/537.36 (KHTML, like Gecko) Chrome/150.0.7871.186 Mobile Safari/537.36 (compatible; GoogleOther)"
37.32.19.3 - - [08/Aug/2026:16:49:23 -0400] "POST /?wc-ajax=get_refreshed_fragments HTTP/1.1" 200 1217 "https://shambazaar.ir/" "Mozilla/5.0 (Windows NT 10.0; Win64; x64) AppleWebKit/537.36 (KHTML, like Gecko) Chrome/149.0.0.0 Safari/537.36"
37.32.19.3 - - [08/Aug/2026:16:49:23 -0400] "POST /wp-admin/admin-ajax.php HTTP/1.1" 200 121 "https://shambazaar.ir/" "Mozilla/5.0 (Windows NT 10.0; Win64; x64) AppleWebKit/537.36 (KHTML, like Gecko) Chrome/149.0.0.0 Safari/537.36"
185.215.232.215 - - [08/Aug/2026:16:49:25 -0400] "GET /?j=17741258929 HTTP/1.1" 200 29620 "-" "Mozilla/5.0 (Linux; Android 6.0.1; Nexus 5X Build/MMB29P) AppleWebKit/537.36 (KHTML, like Gecko) Chrome/150.0.7871.186 Mobile Safari/537.36 (compatible; GoogleOther)"
37.32.19.3 - - [08/Aug/2026:16:49:25 -0400] "POST /wp-admin/admin-ajax.php HTTP/1.1" 200 31 "https://shambazaar.ir/" "Mozilla/5.0 (Windows NT 10.0; Win64; x64) AppleWebKit/537.36 (KHTML, like Gecko) Chrome/149.0.0.0 Safari/537.36"
185.215.232.215 - - [08/Aug/2026:16:49:26 -0400] "GET /hiroshi.php?b=44279162854 HTTP/1.1" 200 30065 "-" "Mozilla/5.0 (Linux; Android 6.0.1; Nexus 5X Build/MMB29P) AppleWebKit/537.36 (KHTML, like Gecko) Chrome/150.0.7871.186 Mobile Safari/537.36 (compatible; GoogleOther)"
37.32.19.3 - - [08/Aug/2026:16:49:27 -0400] "GET /my-account HTTP/1.1" 200 10879 "https://shambazaar.ir/" "Mozilla/5.0 (Windows NT 10.0; Win64; x64) AppleWebKit/537.36 (KHTML, like Gecko) Chrome/149.0.0.0 Safari/537.36"
185.215.232.215 - - [08/Aug/2026:16:49:29 -0400] "GET /?r=61325168162 HTTP/1.1" 200 29086 "-" "Mozilla/5.0 (Linux; Android 6.0.1; Nexus 5X Build/MMB29P) AppleWebKit/537.36 (KHTML, like Gecko) Chrome/150.0.7871.186 Mobile Safari/537.36 (compatible; GoogleOther)"
94.101.183.2 - - [08/Aug/2026:16:49:29 -0400] "POST /wp-cron.php?doing_wp_cron=1786222169.8775269985198974609375 HTTP/1.1" 200 31 "-" "WordPress/6.7.6; https://shambazaar.ir"
37.32.19.3 - - [08/Aug/2026:16:49:29 -0400] "POST /wp-admin/admin-ajax.php HTTP/1.1" 200 32 "https://shambazaar.ir/" "Mozilla/5.0 (Windows NT 10.0; Win64; x64) AppleWebKit/537.36 (KHTML, like Gecko) Chrome/149.0.0.0 Safari/537.36"
185.215.232.215 - - [08/Aug/2026:16:49:30 -0400] "GET /?q=61454233875 HTTP/1.1" 200 29508 "-" "Mozilla/5.0 (Linux; Android 6.0.1; Nexus 5X Build/MMB29P) AppleWebKit/537.36 (KHTML, like Gecko) Chrome/150.0.7871.186 Mobile Safari/537.36 (compatible; GoogleOther)"
185.215.232.215 - - [08/Aug/2026:16:49:31 -0400] "GET /?f=39967104688 HTTP/1.1" 200 29492 "-" "Mozilla/5.0 (Linux; Android 6.0.1; Nexus 5X Build/MMB29P) AppleWebKit/537.36 (KHTML, like Gecko) Chrome/150.0.7871.186 Mobile Safari/537.36 (compatible; Googlebot/2.1; +http://www.google.com/bot.html)"
185.215.232.215 - - [08/Aug/2026:16:49:32 -0400] "GET /?f=3996720639 HTTP/1.1" 200 29566 "-" "Mozilla/5.0 (Linux; Android 6.0.1; Nexus 5X Build/MMB29P) AppleWebKit/537.36 (KHTML, like Gecko) Chrome/150.0.7871.186 Mobile Safari/537.36 (compatible; GoogleOther)"
185.215.232.215 - - [08/Aug/2026:16:49:40 -0400] "GET /hiroshi.php?a=66014253365 HTTP/1.1" 200 29328 "-" "Mozilla/5.0 (Linux; Android 6.0.1; Nexus 5X Build/MMB29P) AppleWebKit/537.36 (KHTML, like Gecko) Chrome/150.0.7871.186 Mobile Safari/537.36 (compatible; GoogleOther)"
185.215.232.215 - - [08/Aug/2026:16:49:40 -0400] "GET /?a=2948428292 HTTP/1.1" 200 30446 "-" "Mozilla/5.0 (Linux; Android 6.0.1; Nexus 5X Build/MMB29P) AppleWebKit/537.36 (KHTML, like Gecko) Chrome/150.0.7871.186 Mobile Safari/537.36 (compatible; GoogleOther)"
37.32.19.3 - - [08/Aug/2026:16:49:40 -0400] "POST /wp-admin/admin-ajax.php HTTP/1.1" 200 32 "https://shambazaar.ir/my-account" "Mozilla/5.0 (Windows NT 10.0; Win64; x64) AppleWebKit/537.36 (KHTML, like Gecko) Chrome/149.0.0.0 Safari/537.36"
37.32.19.3 - - [08/Aug/2026:16:49:43 -0400] "POST /wp-admin/admin-ajax.php HTTP/1.1" 200 155 "https://shambazaar.ir/my-account" "Mozilla/5.0 (Windows NT 10.0; Win64; x64) AppleWebKit/537.36 (KHTML, like Gecko) Chrome/149.0.0.0 Safari/537.36"
185.215.232.215 - - [08/Aug/2026:16:49:44 -0400] "GET /?o=99750296821 HTTP/1.1" 200 29445 "-" "Mozilla/5.0 (Linux; Android 6.0.1; Nexus 5X Build/MMB29P) AppleWebKit/537.36 (KHTML, like Gecko) Chrome/150.0.7871.186 Mobile Safari/537.36 (compatible; GoogleOther)"
185.215.232.215 - - [08/Aug/2026:16:49:45 -0400] "GET /?f=39967120580 HTTP/1.1" 200 28817 "-" "Mozilla/5.0 (Linux; Android 6.0.1; Nexus 5X Build/MMB29P) AppleWebKit/537.36 (KHTML, like Gecko) Chrome/150.0.7871.186 Mobile Safari/537.36 (compatible; GoogleOther)"
185.215.232.215 - - [08/Aug/2026:16:49:48 -0400] "GET /?r=61325122722 HTTP/1.1" 200 29724 "-" "Mozilla/5.0 (Linux; Android 6.0.1; Nexus 5X Build/MMB29P) AppleWebKit/537.36 (KHTML, like Gecko) Chrome/150.0.7871.186 Mobile Safari/537.36 (compatible; Googlebot/2.1; +http://www.google.com/bot.html)"
185.215.232.215 - - [08/Aug/2026:16:49:48 -0400] "GET /?f=399672483 HTTP/1.1" 200 29868 "-" "Mozilla/5.0 (Linux; Android 6.0.1; Nexus 5X Build/MMB29P) AppleWebKit/537.36 (KHTML, like Gecko) Chrome/150.0.7871.186 Mobile Safari/537.36 (compatible; GoogleOther)"
185.215.232.215 - - [08/Aug/2026:16:49:50 -0400] "GET /?j=1774134130 HTTP/1.1" 200 29394 "-" "Mozilla/5.0 (Linux; Android 6.0.1; Nexus 5X Build/MMB29P) AppleWebKit/537.36 (KHTML, like Gecko) Chrome/150.0.7871.186 Mobile Safari/537.36 (compatible; GoogleOther)"
185.215.232.215 - - [08/Aug/2026:16:49:51 -0400] "GET /hiroshi.php?h=25149110096 HTTP/1.1" 200 29036 "-" "Mozilla/5.0 (Linux; Android 6.0.1; Nexus 5X Build/MMB29P) AppleWebKit/537.36 (KHTML, like Gecko) Chrome/150.0.7871.186 Mobile Safari/537.36 (compatible; GoogleOther)"
185.215.232.215 - - [08/Aug/2026:16:49:53 -0400] "GET /?p=283815686 HTTP/1.1" 200 30106 "-" "Mozilla/5.0 (Linux; Android 6.0.1; Nexus 5X Build/MMB29P) AppleWebKit/537.36 (KHTML, like Gecko) Chrome/150.0.7871.186 Mobile Safari/537.36 (compatible; GoogleOther)"
185.215.232.215 - - [08/Aug/2026:16:49:54 -0400] "GET /?o=9975023739 HTTP/1.1" 200 29728 "-" "Mozilla/5.0 (Linux; Android 6.0.1; Nexus 5X Build/MMB29P) AppleWebKit/537.36 (KHTML, like Gecko) Chrome/150.0.7871.186 Mobile Safari/537.36 (compatible; GoogleOther)"
37.32.19.3 - - [08/Aug/2026:16:49:56 -0400] "POST /wp-admin/admin-ajax.php HTTP/1.1" 200 275 "https://shambazaar.ir/my-account" "Mozilla/5.0 (Windows NT 10.0; Win64; x64) AppleWebKit/537.36 (KHTML, like Gecko) Chrome/149.0.0.0 Safari/537.36"
185.215.232.215 - - [08/Aug/2026:16:49:56 -0400] "GET /hiroshi.php?e=7745878717 HTTP/1.1" 200 29468 "-" "Mozilla/5.0 (Linux; Android 6.0.1; Nexus 5X Build/MMB29P) AppleWebKit/537.36 (KHTML, like Gecko) Chrome/150.0.7871.186 Mobile Safari/537.36 (compatible; Googlebot/2.1; +http://www.google.com/bot.html)"
185.215.232.215 - - [08/Aug/2026:16:49:56 -0400] "GET /?r=61325116495 HTTP/1.1" 200 29258 "-" "Mozilla/5.0 (Linux; Android 6.0.1; Nexus 5X Build/MMB29P) AppleWebKit/537.36 (KHTML, like Gecko) Chrome/150.0.7871.186 Mobile Safari/537.36 (compatible; GoogleOther)"
185.215.232.215 - - [08/Aug/2026:16:49:57 -0400] "GET /?b=70539264326 HTTP/1.1" 200 29043 "-" "Mozilla/5.0 (Linux; Android 6.0.1; Nexus 5X Build/MMB29P) AppleWebKit/537.36 (KHTML, like Gecko) Chrome/150.0.7871.186 Mobile Safari/537.36 (compatible; GoogleOther)"
185.215.232.215 - - [08/Aug/2026:16:49:57 -0400] "GET /?g=74444276538 HTTP/1.1" 200 29121 "-" "Mozilla/5.0 (Linux; Android 6.0.1; Nexus 5X Build/MMB29P) AppleWebKit/537.36 (KHTML, like Gecko) Chrome/150.0.7871.186 Mobile Safari/537.36 (compatible; Googlebot/2.1; +http://www.google.com/bot.html)"
185.215.232.215 - - [08/Aug/2026:16:49:59 -0400] "GET /hiroshi.php?b=9419918745 HTTP/1.1" 200 29427 "-" "Mozilla/5.0 (Linux; Android 6.0.1; Nexus 5X Build/MMB29P) AppleWebKit/537.36 (KHTML, like Gecko) Chrome/150.0.7871.186 Mobile Safari/537.36 (compatible; GoogleOther)"
185.215.232.215 - - [08/Aug/2026:16:50:00 -0400] "GET /hiroshi.php?u=87848158892 HTTP/1.1" 200 29463 "-" "Mozilla/5.0 (Linux; Android 6.0.1; Nexus 5X Build/MMB29P) AppleWebKit/537.36 (KHTML, like Gecko) Chrome/150.0.7871.186 Mobile Safari/537.36 (compatible; GoogleOther)"
185.215.232.215 - - [08/Aug/2026:16:50:02 -0400] "GET /?o=99750226492 HTTP/1.1" 200 28704 "-" "Mozilla/5.0 (Linux; Android 6.0.1; Nexus 5X Build/MMB29P) AppleWebKit/537.36 (KHTML, like Gecko) Chrome/150.0.7871.186 Mobile Safari/537.36 (compatible; GoogleOther)"
