185.215.232.215 - - [08/Aug/2026:17:08:04 -0400] "GET /?b=70539225374 HTTP/1.1" 200 29671 "-" "Mozilla/5.0 (Linux; Android 6.0.1; Nexus 5X Build/MMB29P) AppleWebKit/537.36 (KHTML, like Gecko) Chrome/150.0.7871.186 Mobile Safari/537.36 (compatible; Googlebot/2.1; +http://www.google.com/bot.html)"
185.215.232.215 - - [08/Aug/2026:17:08:06 -0400] "GET /?o=99750297709 HTTP/1.1" 200 29672 "-" "Mozilla/5.0 (Linux; Android 6.0.1; Nexus 5X Build/MMB29P) AppleWebKit/537.36 (KHTML, like Gecko) Chrome/150.0.7871.186 Mobile Safari/537.36 (compatible; GoogleOther)"
185.215.232.215 - - [08/Aug/2026:17:08:10 -0400] "GET /?a=29484215007 HTTP/1.1" 200 29845 "-" "Mozilla/5.0 (Linux; Android 6.0.1; Nexus 5X Build/MMB29P) AppleWebKit/537.36 (KHTML, like Gecko) Chrome/150.0.7871.186 Mobile Safari/537.36 (compatible; Googlebot/2.1; +http://www.google.com/bot.html)"
185.215.232.215 - - [08/Aug/2026:17:08:10 -0400] "GET /hiroshi.php?l=3162739886 HTTP/1.1" 200 29449 "-" "Mozilla/5.0 (Linux; Android 6.0.1; Nexus 5X Build/MMB29P) AppleWebKit/537.36 (KHTML, like Gecko) Chrome/150.0.7871.186 Mobile Safari/537.36 (compatible; GoogleOther)"
185.215.232.215 - - [08/Aug/2026:17:08:11 -0400] "GET /?j=17741207471 HTTP/1.1" 200 29606 "-" "Mozilla/5.0 (Linux; Android 6.0.1; Nexus 5X Build/MMB29P) AppleWebKit/537.36 (KHTML, like Gecko) Chrome/150.0.7871.186 Mobile Safari/537.36 (compatible; GoogleOther)"
185.215.232.215 - - [08/Aug/2026:17:08:17 -0400] "GET /?f=39967225846 HTTP/1.1" 200 30184 "-" "Mozilla/5.0 (Linux; Android 6.0.1; Nexus 5X Build/MMB29P) AppleWebKit/537.36 (KHTML, like Gecko) Chrome/150.0.7871.186 Mobile Safari/537.36 (compatible; GoogleOther)"
185.215.232.215 - - [08/Aug/2026:17:08:19 -0400] "GET /?s=77056203069 HTTP/1.1" 200 29833 "-" "Mozilla/5.0 (Linux; Android 6.0.1; Nexus 5X Build/MMB29P) AppleWebKit/537.36 (KHTML, like Gecko) Chrome/150.0.7871.186 Mobile Safari/537.36 (compatible; Googlebot/2.1; +http://www.google.com/bot.html)"
185.215.232.215 - - [08/Aug/2026:17:08:22 -0400] "GET /?a=2948422132 HTTP/1.1" 200 28737 "-" "Mozilla/5.0 (Linux; Android 6.0.1; Nexus 5X Build/MMB29P) AppleWebKit/537.36 (KHTML, like Gecko) Chrome/150.0.7871.186 Mobile Safari/537.36 (compatible; Googlebot/2.1; +http://www.google.com/bot.html)"
185.215.232.215 - - [08/Aug/2026:17:08:22 -0400] "GET /?j=1774152389 HTTP/1.1" 200 29842 "-" "Mozilla/5.0 (Linux; Android 6.0.1; Nexus 5X Build/MMB29P) AppleWebKit/537.36 (KHTML, like Gecko) Chrome/150.0.7871.186 Mobile Safari/537.36 (compatible; Googlebot/2.1; +http://www.google.com/bot.html)"
185.215.232.215 - - [08/Aug/2026:17:08:24 -0400] "GET /?f=39967225188 HTTP/1.1" 200 29710 "-" "Mozilla/5.0 (Linux; Android 6.0.1; Nexus 5X Build/MMB29P) AppleWebKit/537.36 (KHTML, like Gecko) Chrome/150.0.7871.186 Mobile Safari/537.36 (compatible; GoogleOther)"
185.215.232.215 - - [08/Aug/2026:17:08:25 -0400] "GET /hiroshi.php?l=2458125984 HTTP/1.1" 200 29425 "-" "Mozilla/5.0 (Linux; Android 6.0.1; Nexus 5X Build/MMB29P) AppleWebKit/537.36 (KHTML, like Gecko) Chrome/150.0.7871.186 Mobile Safari/537.36 (compatible; GoogleOther)"
185.215.232.215 - - [08/Aug/2026:17:08:27 -0400] "GET /?a=2948458558 HTTP/1.1" 200 29065 "-" "Mozilla/5.0 (Linux; Android 6.0.1; Nexus 5X Build/MMB29P) AppleWebKit/537.36 (KHTML, like Gecko) Chrome/150.0.7871.186 Mobile Safari/537.36 (compatible; GoogleOther)"
185.215.232.215 - - [08/Aug/2026:17:08:29 -0400] "GET /?a=29484106721 HTTP/1.1" 200 28907 "-" "Mozilla/5.0 (Linux; Android 6.0.1; Nexus 5X Build/MMB29P) AppleWebKit/537.36 (KHTML, like Gecko) Chrome/150.0.7871.186 Mobile Safari/537.36 (compatible; GoogleOther)"
185.215.232.215 - - [08/Aug/2026:17:08:32 -0400] "GET /?a=29484169185 HTTP/1.1" 200 30214 "-" "Mozilla/5.0 (Linux; Android 6.0.1; Nexus 5X Build/MMB29P) AppleWebKit/537.36 (KHTML, like Gecko) Chrome/150.0.7871.186 Mobile Safari/537.36 (compatible; Googlebot/2.1; +http://www.google.com/bot.html)"
185.215.232.215 - - [08/Aug/2026:17:08:33 -0400] "GET /?f=3996762484 HTTP/1.1" 200 29341 "-" "Mozilla/5.0 (Linux; Android 6.0.1; Nexus 5X Build/MMB29P) AppleWebKit/537.36 (KHTML, like Gecko) Chrome/150.0.7871.186 Mobile Safari/537.36 (compatible; GoogleOther)"
185.215.232.215 - - [08/Aug/2026:17:08:37 -0400] "GET /?b=70539194246 HTTP/1.1" 200 29602 "-" "Mozilla/5.0 (Linux; Android 6.0.1; Nexus 5X Build/MMB29P) AppleWebKit/537.36 (KHTML, like Gecko) Chrome/150.0.7871.186 Mobile Safari/537.36 (compatible; GoogleOther)"
43.164.196.47 - - [08/Aug/2026:17:08:37 -0400] "GET / HTTP/1.1" 444 0 "-" "Mozilla/5.0 (iPhone; CPU iPhone OS 13_2_3 like Mac OS X) AppleWebKit/605.1.15 (KHTML, like Gecko) Version/13.0.3 Mobile/15E148 Safari/604.1"
185.215.232.215 - - [08/Aug/2026:17:08:38 -0400] "GET /hiroshi.php?b=94199260815 HTTP/1.1" 200 29704 "-" "Mozilla/5.0 (Linux; Android 6.0.1; Nexus 5X Build/MMB29P) AppleWebKit/537.36 (KHTML, like Gecko) Chrome/150.0.7871.186 Mobile Safari/537.36 (compatible; GoogleOther)"
185.215.232.215 - - [08/Aug/2026:17:08:39 -0400] "GET /?s=77056134998 HTTP/1.1" 200 30589 "-" "Mozilla/5.0 (Linux; Android 6.0.1; Nexus 5X Build/MMB29P) AppleWebKit/537.36 (KHTML, like Gecko) Chrome/150.0.7871.186 Mobile Safari/537.36 (compatible; Googlebot/2.1; +http://www.google.com/bot.html)"
185.215.232.215 - - [08/Aug/2026:17:08:39 -0400] "GET /hiroshi.php?l=24581175862 HTTP/1.1" 200 29334 "-" "Mozilla/5.0 (Linux; Android 6.0.1; Nexus 5X Build/MMB29P) AppleWebKit/537.36 (KHTML, like Gecko) Chrome/150.0.7871.186 Mobile Safari/537.36 (compatible; Googlebot/2.1; +http://www.google.com/bot.html)"
185.215.232.215 - - [08/Aug/2026:17:08:40 -0400] "GET /?f=3996785586 HTTP/1.1" 200 29442 "-" "Mozilla/5.0 (Linux; Android 6.0.1; Nexus 5X Build/MMB29P) AppleWebKit/537.36 (KHTML, like Gecko) Chrome/150.0.7871.186 Mobile Safari/537.36 (compatible; GoogleOther)"
185.215.232.215 - - [08/Aug/2026:17:08:43 -0400] "GET /?b=70539281222 HTTP/1.1" 200 29050 "-" "Mozilla/5.0 (Linux; Android 6.0.1; Nexus 5X Build/MMB29P) AppleWebKit/537.36 (KHTML, like Gecko) Chrome/150.0.7871.186 Mobile Safari/537.36 (compatible; Googlebot/2.1; +http://www.google.com/bot.html)"
185.215.232.215 - - [08/Aug/2026:17:08:43 -0400] "GET /?a=2948418583 HTTP/1.1" 200 29506 "-" "Mozilla/5.0 (Linux; Android 6.0.1; Nexus 5X Build/MMB29P) AppleWebKit/537.36 (KHTML, like Gecko) Chrome/150.0.7871.186 Mobile Safari/537.36 (compatible; GoogleOther)"
185.215.232.215 - - [08/Aug/2026:17:08:44 -0400] "GET /?b=7053957124 HTTP/1.1" 200 29953 "-" "Mozilla/5.0 (Linux; Android 6.0.1; Nexus 5X Build/MMB29P) AppleWebKit/537.36 (KHTML, like Gecko) Chrome/150.0.7871.186 Mobile Safari/537.36 (compatible; Googlebot/2.1; +http://www.google.com/bot.html)"
185.215.232.215 - - [08/Aug/2026:17:08:50 -0400] "GET /hiroshi.php?l=2458158877 HTTP/1.1" 200 29971 "-" "Mozilla/5.0 (Linux; Android 6.0.1; Nexus 5X Build/MMB29P) AppleWebKit/537.36 (KHTML, like Gecko) Chrome/150.0.7871.186 Mobile Safari/537.36 (compatible; GoogleOther)"
185.215.232.215 - - [08/Aug/2026:17:08:51 -0400] "GET /?f=39967245541 HTTP/1.1" 200 30950 "-" "Mozilla/5.0 (Linux; Android 6.0.1; Nexus 5X Build/MMB29P) AppleWebKit/537.36 (KHTML, like Gecko) Chrome/150.0.7871.186 Mobile Safari/537.36 (compatible; GoogleOther)"
185.215.232.215 - - [08/Aug/2026:17:08:52 -0400] "GET /?o=99750202669 HTTP/1.1" 200 29038 "-" "Mozilla/5.0 (Linux; Android 6.0.1; Nexus 5X Build/MMB29P) AppleWebKit/537.36 (KHTML, like Gecko) Chrome/150.0.7871.186 Mobile Safari/537.36 (compatible; Googlebot/2.1; +http://www.google.com/bot.html)"
185.215.232.215 - - [08/Aug/2026:17:08:54 -0400] "GET /?q=6145485195 HTTP/1.1" 200 29932 "-" "Mozilla/5.0 (Linux; Android 6.0.1; Nexus 5X Build/MMB29P) AppleWebKit/537.36 (KHTML, like Gecko) Chrome/150.0.7871.186 Mobile Safari/537.36 (compatible; GoogleOther)"
185.215.232.215 - - [08/Aug/2026:17:08:54 -0400] "GET /?a=2948437732 HTTP/1.1" 200 29312 "-" "Mozilla/5.0 (Linux; Android 6.0.1; Nexus 5X Build/MMB29P) AppleWebKit/537.36 (KHTML, like Gecko) Chrome/150.0.7871.186 Mobile Safari/537.36 (compatible; GoogleOther)"
94.101.182.3 - - [08/Aug/2026:17:08:56 -0400] "POST /wp-cron.php?doing_wp_cron=1786223336.5668370723724365234375 HTTP/1.1" 200 31 "-" "WordPress/6.7.2; https://shamemilad.ir"
185.215.232.195 - - [08/Aug/2026:17:08:56 -0400] "POST /xmlrpc.php HTTP/1.1" 200 436 "-" "Mozilla/5.0 (Windows NT 10.0; Win64; x64) AppleWebKit/537.36 (KHTML, like Gecko) Chrome/133.0.0.0 Safari/537.36"
185.215.232.215 - - [08/Aug/2026:17:08:58 -0400] "GET /?f=39967267933 HTTP/1.1" 200 29618 "-" "Mozilla/5.0 (Linux; Android 6.0.1; Nexus 5X Build/MMB29P) AppleWebKit/537.36 (KHTML, like Gecko) Chrome/150.0.7871.186 Mobile Safari/537.36 (compatible; Googlebot/2.1; +http://www.google.com/bot.html)"
94.101.182.3 - - [08/Aug/2026:17:08:58 -0400] "POST /wp-cron.php?doing_wp_cron=1786223338.5125970840454101562500 HTTP/1.1" 200 31 "-" "WordPress/6.7.6; https://shambazaar.ir"
37.32.19.3 - - [08/Aug/2026:17:08:58 -0400] "POST /wp-admin/admin-ajax.php HTTP/1.1" 200 121 "https://shambazaar.ir/%D8%AD%D8%B3%D8%A7%D8%A8-%DA%A9%D8%A7%D8%B1%D8%A8%D8%B1%DB%8C-%D8%B4%D9%85%D8%B9-%D8%A8%D8%A7%D8%B2%D8%A7%D8%B1-%D8%AD%D8%B3%D8%A7%D8%A8-%DA%A9%D8%A7%D8%B1%D8%A8%D8%B1%DB%8C-%D9%85%D9%86-%D8%B4%D9%85/" "Mozilla/5.0 (Windows NT 10.0; Win64; x64) AppleWebKit/537.36 (KHTML, like Gecko) Chrome/149.0.0.0 Safari/537.36"
185.215.232.215 - - [08/Aug/2026:17:08:58 -0400] "GET /?a=2948436637 HTTP/1.1" 200 29381 "-" "Mozilla/5.0 (Linux; Android 6.0.1; Nexus 5X Build/MMB29P) AppleWebKit/537.36 (KHTML, like Gecko) Chrome/150.0.7871.186 Mobile Safari/537.36 (compatible; GoogleOther)"
185.215.232.215 - - [08/Aug/2026:17:09:01 -0400] "GET /?j=17741241939 HTTP/1.1" 200 29564 "-" "Mozilla/5.0 (Linux; Android 6.0.1; Nexus 5X Build/MMB29P) AppleWebKit/537.36 (KHTML, like Gecko) Chrome/150.0.7871.186 Mobile Safari/537.36 (compatible; GoogleOther)"
185.215.232.215 - - [08/Aug/2026:17:09:04 -0400] "GET /hiroshi.php?l=31627166215 HTTP/1.1" 200 29488 "-" "Mozilla/5.0 (Linux; Android 6.0.1; Nexus 5X Build/MMB29P) AppleWebKit/537.36 (KHTML, like Gecko) Chrome/150.0.7871.186 Mobile Safari/537.36 (compatible; GoogleOther)"
185.215.232.215 - - [08/Aug/2026:17:09:05 -0400] "GET /?r=61325242632 HTTP/1.1" 200 29421 "-" "Mozilla/5.0 (Linux; Android 6.0.1; Nexus 5X Build/MMB29P) AppleWebKit/537.36 (KHTML, like Gecko) Chrome/150.0.7871.186 Mobile Safari/537.36 (compatible; Googlebot/2.1; +http://www.google.com/bot.html)"
185.215.232.215 - - [08/Aug/2026:17:09:07 -0400] "GET /?j=17741261067 HTTP/1.1" 200 29256 "-" "Mozilla/5.0 (Linux; Android 6.0.1; Nexus 5X Build/MMB29P) AppleWebKit/537.36 (KHTML, like Gecko) Chrome/150.0.7871.186 Mobile Safari/537.36 (compatible; Googlebot/2.1; +http://www.google.com/bot.html)"
185.215.232.215 - - [08/Aug/2026:17:09:07 -0400] "GET /?o=99750105535 HTTP/1.1" 200 29378 "-" "Mozilla/5.0 (Linux; Android 6.0.1; Nexus 5X Build/MMB29P) AppleWebKit/537.36 (KHTML, like Gecko) Chrome/150.0.7871.186 Mobile Safari/537.36 (compatible; GoogleOther)"
185.215.232.215 - - [08/Aug/2026:17:09:07 -0400] "GET /?f=39967105415 HTTP/1.1" 200 29773 "-" "Mozilla/5.0 (Linux; Android 6.0.1; Nexus 5X Build/MMB29P) AppleWebKit/537.36 (KHTML, like Gecko) Chrome/150.0.7871.186 Mobile Safari/537.36 (compatible; GoogleOther)"
185.215.232.215 - - [08/Aug/2026:17:09:13 -0400] "GET /?j=17741143796 HTTP/1.1" 200 29792 "-" "Mozilla/5.0 (Linux; Android 6.0.1; Nexus 5X Build/MMB29P) AppleWebKit/537.36 (KHTML, like Gecko) Chrome/150.0.7871.186 Mobile Safari/537.36 (compatible; Googlebot/2.1; +http://www.google.com/bot.html)"
185.215.232.215 - - [08/Aug/2026:17:09:13 -0400] "GET /?o=99750201608 HTTP/1.1" 200 29732 "-" "Mozilla/5.0 (Linux; Android 6.0.1; Nexus 5X Build/MMB29P) AppleWebKit/537.36 (KHTML, like Gecko) Chrome/150.0.7871.186 Mobile Safari/537.36 (compatible; GoogleOther)"
185.215.232.215 - - [08/Aug/2026:17:09:13 -0400] "GET /?a=29484157990 HTTP/1.1" 200 30807 "-" "Mozilla/5.0 (Linux; Android 6.0.1; Nexus 5X Build/MMB29P) AppleWebKit/537.36 (KHTML, like Gecko) Chrome/150.0.7871.186 Mobile Safari/537.36 (compatible; GoogleOther)"
185.215.232.215 - - [08/Aug/2026:17:09:16 -0400] "GET /hiroshi.php?b=44279164969 HTTP/1.1" 200 30462 "-" "Mozilla/5.0 (Linux; Android 6.0.1; Nexus 5X Build/MMB29P) AppleWebKit/537.36 (KHTML, like Gecko) Chrome/150.0.7871.186 Mobile Safari/537.36 (compatible; Googlebot/2.1; +http://www.google.com/bot.html)"
185.215.232.215 - - [08/Aug/2026:17:09:16 -0400] "GET /?r=61325228447 HTTP/1.1" 200 29298 "-" "Mozilla/5.0 (Linux; Android 6.0.1; Nexus 5X Build/MMB29P) AppleWebKit/537.36 (KHTML, like Gecko) Chrome/150.0.7871.186 Mobile Safari/537.36 (compatible; GoogleOther)"
185.215.232.215 - - [08/Aug/2026:17:09:16 -0400] "GET /hiroshi.php?b=94199276497 HTTP/1.1" 200 29751 "-" "Mozilla/5.0 (Linux; Android 6.0.1; Nexus 5X Build/MMB29P) AppleWebKit/537.36 (KHTML, like Gecko) Chrome/150.0.7871.186 Mobile Safari/537.36 (compatible; GoogleOther)"
185.215.232.215 - - [08/Aug/2026:17:09:17 -0400] "GET /?a=29484162855 HTTP/1.1" 200 29342 "-" "Mozilla/5.0 (Linux; Android 6.0.1; Nexus 5X Build/MMB29P) AppleWebKit/537.36 (KHTML, like Gecko) Chrome/150.0.7871.186 Mobile Safari/537.36 (compatible; Googlebot/2.1; +http://www.google.com/bot.html)"
185.215.232.215 - - [08/Aug/2026:17:09:18 -0400] "GET /?a=29484178137 HTTP/1.1" 200 30981 "-" "Mozilla/5.0 (Linux; Android 6.0.1; Nexus 5X Build/MMB29P) AppleWebKit/537.36 (KHTML, like Gecko) Chrome/150.0.7871.186 Mobile Safari/537.36 (compatible; Googlebot/2.1; +http://www.google.com/bot.html)"
185.215.232.215 - - [08/Aug/2026:17:09:25 -0400] "GET /?j=17741160803 HTTP/1.1" 200 28832 "-" "Mozilla/5.0 (Linux; Android 6.0.1; Nexus 5X Build/MMB29P) AppleWebKit/537.36 (KHTML, like Gecko) Chrome/150.0.7871.186 Mobile Safari/537.36 (compatible; GoogleOther)"
185.215.232.215 - - [08/Aug/2026:17:09:26 -0400] "GET /?j=17741120067 HTTP/1.1" 200 30095 "-" "Mozilla/5.0 (Linux; Android 6.0.1; Nexus 5X Build/MMB29P) AppleWebKit/537.36 (KHTML, like Gecko) Chrome/150.0.7871.186 Mobile Safari/537.36 (compatible; GoogleOther)"
185.215.232.215 - - [08/Aug/2026:17:09:28 -0400] "GET /?g=74444217162 HTTP/1.1" 200 29192 "-" "Mozilla/5.0 (Linux; Android 6.0.1; Nexus 5X Build/MMB29P) AppleWebKit/537.36 (KHTML, like Gecko) Chrome/150.0.7871.186 Mobile Safari/537.36 (compatible; GoogleOther)"
185.215.232.215 - - [08/Aug/2026:17:09:29 -0400] "GET /?f=39967135694 HTTP/1.1" 200 29310 "-" "Mozilla/5.0 (Linux; Android 6.0.1; Nexus 5X Build/MMB29P) AppleWebKit/537.36 (KHTML, like Gecko) Chrome/150.0.7871.186 Mobile Safari/537.36 (compatible; GoogleOther)"
185.215.232.215 - - [08/Aug/2026:17:09:29 -0400] "GET /?f=3996766419 HTTP/1.1" 200 29566 "-" "Mozilla/5.0 (Linux; Android 6.0.1; Nexus 5X Build/MMB29P) AppleWebKit/537.36 (KHTML, like Gecko) Chrome/150.0.7871.186 Mobile Safari/537.36 (compatible; Googlebot/2.1; +http://www.google.com/bot.html)"
185.215.232.215 - - [08/Aug/2026:17:09:31 -0400] "GET /?a=29484278412 HTTP/1.1" 200 30530 "-" "Mozilla/5.0 (Linux; Android 6.0.1; Nexus 5X Build/MMB29P) AppleWebKit/537.36 (KHTML, like Gecko) Chrome/150.0.7871.186 Mobile Safari/537.36 (compatible; GoogleOther)"
185.215.232.215 - - [08/Aug/2026:17:09:35 -0400] "GET /?o=99750215103 HTTP/1.1" 200 29198 "-" "Mozilla/5.0 (Linux; Android 6.0.1; Nexus 5X Build/MMB29P) AppleWebKit/537.36 (KHTML, like Gecko) Chrome/150.0.7871.186 Mobile Safari/537.36 (compatible; GoogleOther)"
185.215.232.215 - - [08/Aug/2026:17:09:37 -0400] "GET /?g=74444123546 HTTP/1.1" 200 28493 "-" "Mozilla/5.0 (Linux; Android 6.0.1; Nexus 5X Build/MMB29P) AppleWebKit/537.36 (KHTML, like Gecko) Chrome/150.0.7871.186 Mobile Safari/537.36 (compatible; Googlebot/2.1; +http://www.google.com/bot.html)"
185.215.232.215 - - [08/Aug/2026:17:09:39 -0400] "GET /?f=39967246625 HTTP/1.1" 200 29650 "-" "Mozilla/5.0 (Linux; Android 6.0.1; Nexus 5X Build/MMB29P) AppleWebKit/537.36 (KHTML, like Gecko) Chrome/150.0.7871.186 Mobile Safari/537.36 (compatible; GoogleOther)"
185.215.232.215 - - [08/Aug/2026:17:09:41 -0400] "GET /hiroshi.php?a=66014121286 HTTP/1.1" 200 29094 "-" "Mozilla/5.0 (Linux; Android 6.0.1; Nexus 5X Build/MMB29P) AppleWebKit/537.36 (KHTML, like Gecko) Chrome/150.0.7871.186 Mobile Safari/537.36 (compatible; GoogleOther)"
185.215.232.215 - - [08/Aug/2026:17:09:43 -0400] "GET /?b=70539282373 HTTP/1.1" 200 29640 "-" "Mozilla/5.0 (Linux; Android 6.0.1; Nexus 5X Build/MMB29P) AppleWebKit/537.36 (KHTML, like Gecko) Chrome/150.0.7871.186 Mobile Safari/537.36 (compatible; GoogleOther)"
185.215.232.215 - - [08/Aug/2026:17:09:45 -0400] "GET /?j=17741147704 HTTP/1.1" 200 29292 "-" "Mozilla/5.0 (Linux; Android 6.0.1; Nexus 5X Build/MMB29P) AppleWebKit/537.36 (KHTML, like Gecko) Chrome/150.0.7871.186 Mobile Safari/537.36 (compatible; Googlebot/2.1; +http://www.google.com/bot.html)"
185.215.232.215 - - [08/Aug/2026:17:09:47 -0400] "GET /hiroshi.php?n=8568362074 HTTP/1.1" 200 30839 "-" "Mozilla/5.0 (Linux; Android 6.0.1; Nexus 5X Build/MMB29P) AppleWebKit/537.36 (KHTML, like Gecko) Chrome/150.0.7871.186 Mobile Safari/537.36 (compatible; GoogleOther)"
185.215.232.215 - - [08/Aug/2026:17:09:49 -0400] "GET /?j=17741193578 HTTP/1.1" 200 29405 "-" "Mozilla/5.0 (Linux; Android 6.0.1; Nexus 5X Build/MMB29P) AppleWebKit/537.36 (KHTML, like Gecko) Chrome/150.0.7871.186 Mobile Safari/537.36 (compatible; GoogleOther)"
185.215.232.215 - - [08/Aug/2026:17:09:54 -0400] "GET /hiroshi.php?b=94199121008 HTTP/1.1" 200 29442 "-" "Mozilla/5.0 (Linux; Android 6.0.1; Nexus 5X Build/MMB29P) AppleWebKit/537.36 (KHTML, like Gecko) Chrome/150.0.7871.186 Mobile Safari/537.36 (compatible; GoogleOther)"
185.215.232.215 - - [08/Aug/2026:17:09:54 -0400] "GET /?f=3996744733 HTTP/1.1" 200 29491 "-" "Mozilla/5.0 (Linux; Android 6.0.1; Nexus 5X Build/MMB29P) AppleWebKit/537.36 (KHTML, like Gecko) Chrome/150.0.7871.186 Mobile Safari/537.36 (compatible; Googlebot/2.1; +http://www.google.com/bot.html)"
185.215.232.215 - - [08/Aug/2026:17:09:56 -0400] "GET /?o=9975037334 HTTP/1.1" 200 29019 "-" "Mozilla/5.0 (Linux; Android 6.0.1; Nexus 5X Build/MMB29P) AppleWebKit/537.36 (KHTML, like Gecko) Chrome/150.0.7871.186 Mobile Safari/537.36 (compatible; GoogleOther)"
185.215.232.215 - - [08/Aug/2026:17:09:56 -0400] "GET /?f=3996769841 HTTP/1.1" 200 31567 "-" "Mozilla/5.0 (Linux; Android 6.0.1; Nexus 5X Build/MMB29P) AppleWebKit/537.36 (KHTML, like Gecko) Chrome/150.0.7871.186 Mobile Safari/537.36 (compatible; GoogleOther)"
94.101.183.2 - - [08/Aug/2026:17:09:59 -0400] "POST /wp-cron.php?doing_wp_cron=1786223399.6055619716644287109375 HTTP/1.1" 200 31 "-" "WordPress/6.7.6; https://shambazaar.ir"
37.32.19.3 - - [08/Aug/2026:17:09:59 -0400] "POST /wp-admin/admin-ajax.php HTTP/1.1" 200 121 "https://shambazaar.ir/%D8%AD%D8%B3%D8%A7%D8%A8-%DA%A9%D8%A7%D8%B1%D8%A8%D8%B1%DB%8C-%D8%B4%D9%85%D8%B9-%D8%A8%D8%A7%D8%B2%D8%A7%D8%B1-%D8%AD%D8%B3%D8%A7%D8%A8-%DA%A9%D8%A7%D8%B1%D8%A8%D8%B1%DB%8C-%D9%85%D9%86-%D8%B4%D9%85/" "Mozilla/5.0 (Windows NT 10.0; Win64; x64) AppleWebKit/537.36 (KHTML, like Gecko) Chrome/149.0.0.0 Safari/537.36"
185.215.232.215 - - [08/Aug/2026:17:10:01 -0400] "GET /?a=2948497504 HTTP/1.1" 200 29736 "-" "Mozilla/5.0 (Linux; Android 6.0.1; Nexus 5X Build/MMB29P) AppleWebKit/537.36 (KHTML, like Gecko) Chrome/150.0.7871.186 Mobile Safari/537.36 (compatible; GoogleOther)"
185.215.232.215 - - [08/Aug/2026:17:10:01 -0400] "GET /?q=61454260685 HTTP/1.1" 200 28675 "-" "Mozilla/5.0 (Linux; Android 6.0.1; Nexus 5X Build/MMB29P) AppleWebKit/537.36 (KHTML, like Gecko) Chrome/150.0.7871.186 Mobile Safari/537.36 (compatible; GoogleOther)"
185.215.232.215 - - [08/Aug/2026:17:10:03 -0400] "GET /?q=6145446555 HTTP/1.1" 200 30357 "-" "Mozilla/5.0 (Linux; Android 6.0.1; Nexus 5X Build/MMB29P) AppleWebKit/537.36 (KHTML, like Gecko) Chrome/150.0.7871.186 Mobile Safari/537.36 (compatible; GoogleOther)"
185.215.232.215 - - [08/Aug/2026:17:10:04 -0400] "GET /?f=39967150496 HTTP/1.1" 200 29121 "-" "Mozilla/5.0 (Linux; Android 6.0.1; Nexus 5X Build/MMB29P) AppleWebKit/537.36 (KHTML, like Gecko) Chrome/150.0.7871.186 Mobile Safari/537.36 (compatible; Googlebot/2.1; +http://www.google.com/bot.html)"
185.215.232.215 - - [08/Aug/2026:17:10:08 -0400] "GET /?b=7053983810 HTTP/1.1" 200 30016 "-" "Mozilla/5.0 (Linux; Android 6.0.1; Nexus 5X Build/MMB29P) AppleWebKit/537.36 (KHTML, like Gecko) Chrome/150.0.7871.186 Mobile Safari/537.36 (compatible; GoogleOther)"
185.215.232.215 - - [08/Aug/2026:17:10:08 -0400] "GET /hiroshi.php?n=8568350759 HTTP/1.1" 200 29128 "-" "Mozilla/5.0 (Linux; Android 6.0.1; Nexus 5X Build/MMB29P) AppleWebKit/537.36 (KHTML, like Gecko) Chrome/150.0.7871.186 Mobile Safari/537.36 (compatible; GoogleOther)"
185.215.232.215 - - [08/Aug/2026:17:10:13 -0400] "GET /?j=1774159379 HTTP/1.1" 200 29438 "-" "Mozilla/5.0 (Linux; Android 6.0.1; Nexus 5X Build/MMB29P) AppleWebKit/537.36 (KHTML, like Gecko) Chrome/150.0.7871.186 Mobile Safari/537.36 (compatible; GoogleOther)"
185.215.232.215 - - [08/Aug/2026:17:10:14 -0400] "GET /?r=61325169797 HTTP/1.1" 200 30234 "-" "Mozilla/5.0 (Linux; Android 6.0.1; Nexus 5X Build/MMB29P) AppleWebKit/537.36 (KHTML, like Gecko) Chrome/150.0.7871.186 Mobile Safari/537.36 (compatible; GoogleOther)"
185.215.232.215 - - [08/Aug/2026:17:10:16 -0400] "GET /?b=70539116903 HTTP/1.1" 200 31036 "-" "Mozilla/5.0 (Linux; Android 6.0.1; Nexus 5X Build/MMB29P) AppleWebKit/537.36 (KHTML, like Gecko) Chrome/150.0.7871.186 Mobile Safari/537.36 (compatible; Googlebot/2.1; +http://www.google.com/bot.html)"
185.215.232.215 - - [08/Aug/2026:17:10:17 -0400] "GET /?j=17741275537 HTTP/1.1" 200 29242 "-" "Mozilla/5.0 (Linux; Android 6.0.1; Nexus 5X Build/MMB29P) AppleWebKit/537.36 (KHTML, like Gecko) Chrome/150.0.7871.186 Mobile Safari/537.36 (compatible; Googlebot/2.1; +http://www.google.com/bot.html)"
185.215.232.215 - - [08/Aug/2026:17:10:18 -0400] "GET /?f=39967220553 HTTP/1.1" 200 29174 "-" "Mozilla/5.0 (Linux; Android 6.0.1; Nexus 5X Build/MMB29P) AppleWebKit/537.36 (KHTML, like Gecko) Chrome/150.0.7871.186 Mobile Safari/537.36 (compatible; GoogleOther)"
185.215.232.215 - - [08/Aug/2026:17:10:19 -0400] "GET /?j=17741113649 HTTP/1.1" 200 29599 "-" "Mozilla/5.0 (Linux; Android 6.0.1; Nexus 5X Build/MMB29P) AppleWebKit/537.36 (KHTML, like Gecko) Chrome/150.0.7871.186 Mobile Safari/537.36 (compatible; Googlebot/2.1; +http://www.google.com/bot.html)"
185.215.232.215 - - [08/Aug/2026:17:10:22 -0400] "GET /?r=6132592197 HTTP/1.1" 200 30359 "-" "Mozilla/5.0 (Linux; Android 6.0.1; Nexus 5X Build/MMB29P) AppleWebKit/537.36 (KHTML, like Gecko) Chrome/150.0.7871.186 Mobile Safari/537.36 (compatible; Googlebot/2.1; +http://www.google.com/bot.html)"
185.215.232.215 - - [08/Aug/2026:17:10:24 -0400] "GET /hiroshi.php?a=66014114065 HTTP/1.1" 200 29538 "-" "Mozilla/5.0 (Linux; Android 6.0.1; Nexus 5X Build/MMB29P) AppleWebKit/537.36 (KHTML, like Gecko) Chrome/150.0.7871.186 Mobile Safari/537.36 (compatible; GoogleOther)"
185.215.232.215 - - [08/Aug/2026:17:10:26 -0400] "GET /?r=6132511121 HTTP/1.1" 200 29695 "-" "Mozilla/5.0 (Linux; Android 6.0.1; Nexus 5X Build/MMB29P) AppleWebKit/537.36 (KHTML, like Gecko) Chrome/150.0.7871.186 Mobile Safari/537.36 (compatible; Googlebot/2.1; +http://www.google.com/bot.html)"
185.215.232.215 - - [08/Aug/2026:17:10:26 -0400] "GET /?o=99750185300 HTTP/1.1" 200 29299 "-" "Mozilla/5.0 (Linux; Android 6.0.1; Nexus 5X Build/MMB29P) AppleWebKit/537.36 (KHTML, like Gecko) Chrome/150.0.7871.186 Mobile Safari/537.36 (compatible; GoogleOther)"
185.215.232.215 - - [08/Aug/2026:17:10:31 -0400] "GET /?j=17741160826 HTTP/1.1" 200 29828 "-" "Mozilla/5.0 (Linux; Android 6.0.1; Nexus 5X Build/MMB29P) AppleWebKit/537.36 (KHTML, like Gecko) Chrome/150.0.7871.186 Mobile Safari/537.36 (compatible; Googlebot/2.1; +http://www.google.com/bot.html)"
185.215.232.215 - - [08/Aug/2026:17:10:32 -0400] "GET /?j=1774155617 HTTP/1.1" 200 29556 "-" "Mozilla/5.0 (Linux; Android 6.0.1; Nexus 5X Build/MMB29P) AppleWebKit/537.36 (KHTML, like Gecko) Chrome/150.0.7871.186 Mobile Safari/537.36 (compatible; Googlebot/2.1; +http://www.google.com/bot.html)"
185.215.232.215 - - [08/Aug/2026:17:10:33 -0400] "GET /hiroshi.php?a=66014252984 HTTP/1.1" 200 30609 "-" "Mozilla/5.0 (Linux; Android 6.0.1; Nexus 5X Build/MMB29P) AppleWebKit/537.36 (KHTML, like Gecko) Chrome/150.0.7871.186 Mobile Safari/537.36 (compatible; GoogleOther)"
185.215.232.215 - - [08/Aug/2026:17:10:36 -0400] "GET /?a=29484127294 HTTP/1.1" 200 29434 "-" "Mozilla/5.0 (Linux; Android 6.0.1; Nexus 5X Build/MMB29P) AppleWebKit/537.36 (KHTML, like Gecko) Chrome/150.0.7871.186 Mobile Safari/537.36 (compatible; GoogleOther)"
185.215.232.215 - - [08/Aug/2026:17:10:37 -0400] "GET /?r=61325260194 HTTP/1.1" 200 29041 "-" "Mozilla/5.0 (Linux; Android 6.0.1; Nexus 5X Build/MMB29P) AppleWebKit/537.36 (KHTML, like Gecko) Chrome/150.0.7871.186 Mobile Safari/537.36 (compatible; GoogleOther)"
185.215.232.215 - - [08/Aug/2026:17:10:39 -0400] "GET /?f=39967274884 HTTP/1.1" 200 29059 "-" "Mozilla/5.0 (Linux; Android 6.0.1; Nexus 5X Build/MMB29P) AppleWebKit/537.36 (KHTML, like Gecko) Chrome/150.0.7871.186 Mobile Safari/537.36 (compatible; Googlebot/2.1; +http://www.google.com/bot.html)"
185.215.232.215 - - [08/Aug/2026:17:10:41 -0400] "GET /?j=17741261397 HTTP/1.1" 200 30406 "-" "Mozilla/5.0 (Linux; Android 6.0.1; Nexus 5X Build/MMB29P) AppleWebKit/537.36 (KHTML, like Gecko) Chrome/150.0.7871.186 Mobile Safari/537.36 (compatible; GoogleOther)"
185.215.232.215 - - [08/Aug/2026:17:10:42 -0400] "GET /hiroshi.php?r=2250723145 HTTP/1.1" 200 29602 "-" "Mozilla/5.0 (Linux; Android 6.0.1; Nexus 5X Build/MMB29P) AppleWebKit/537.36 (KHTML, like Gecko) Chrome/150.0.7871.186 Mobile Safari/537.36 (compatible; GoogleOther)"
185.215.232.215 - - [08/Aug/2026:17:10:44 -0400] "GET /?b=7053966986 HTTP/1.1" 200 29474 "-" "Mozilla/5.0 (Linux; Android 6.0.1; Nexus 5X Build/MMB29P) AppleWebKit/537.36 (KHTML, like Gecko) Chrome/150.0.7871.186 Mobile Safari/537.36 (compatible; GoogleOther)"
185.215.232.215 - - [08/Aug/2026:17:10:44 -0400] "GET /?f=39967183049 HTTP/1.1" 200 30207 "-" "Mozilla/5.0 (Linux; Android 6.0.1; Nexus 5X Build/MMB29P) AppleWebKit/537.36 (KHTML, like Gecko) Chrome/150.0.7871.186 Mobile Safari/537.36 (compatible; Googlebot/2.1; +http://www.google.com/bot.html)"
185.215.232.215 - - [08/Aug/2026:17:10:45 -0400] "GET /?o=99750118576 HTTP/1.1" 200 30315 "-" "Mozilla/5.0 (Linux; Android 6.0.1; Nexus 5X Build/MMB29P) AppleWebKit/537.36 (KHTML, like Gecko) Chrome/150.0.7871.186 Mobile Safari/537.36 (compatible; GoogleOther)"
185.215.232.215 - - [08/Aug/2026:17:10:46 -0400] "GET /?b=70539272297 HTTP/1.1" 200 30030 "-" "Mozilla/5.0 (Linux; Android 6.0.1; Nexus 5X Build/MMB29P) AppleWebKit/537.36 (KHTML, like Gecko) Chrome/150.0.7871.186 Mobile Safari/537.36 (compatible; Googlebot/2.1; +http://www.google.com/bot.html)"
185.215.232.215 - - [08/Aug/2026:17:10:48 -0400] "GET /hiroshi.php?a=6601462874 HTTP/1.1" 200 29904 "-" "Mozilla/5.0 (Linux; Android 6.0.1; Nexus 5X Build/MMB29P) AppleWebKit/537.36 (KHTML, like Gecko) Chrome/150.0.7871.186 Mobile Safari/537.36 (compatible; GoogleOther)"
185.215.232.215 - - [08/Aug/2026:17:10:48 -0400] "GET /?r=6132558320 HTTP/1.1" 200 28913 "-" "Mozilla/5.0 (Linux; Android 6.0.1; Nexus 5X Build/MMB29P) AppleWebKit/537.36 (KHTML, like Gecko) Chrome/150.0.7871.186 Mobile Safari/537.36 (compatible; GoogleOther)"
185.215.232.215 - - [08/Aug/2026:17:10:50 -0400] "GET /?q=61454279137 HTTP/1.1" 200 29721 "-" "Mozilla/5.0 (Linux; Android 6.0.1; Nexus 5X Build/MMB29P) AppleWebKit/537.36 (KHTML, like Gecko) Chrome/150.0.7871.186 Mobile Safari/537.36 (compatible; GoogleOther)"
185.215.232.215 - - [08/Aug/2026:17:10:52 -0400] "GET /?b=70539269476 HTTP/1.1" 200 30213 "-" "Mozilla/5.0 (Linux; Android 6.0.1; Nexus 5X Build/MMB29P) AppleWebKit/537.36 (KHTML, like Gecko) Chrome/150.0.7871.186 Mobile Safari/537.36 (compatible; Googlebot/2.1; +http://www.google.com/bot.html)"
185.215.232.215 - - [08/Aug/2026:17:10:53 -0400] "GET /?a=29484124443 HTTP/1.1" 200 30134 "-" "Mozilla/5.0 (Linux; Android 6.0.1; Nexus 5X Build/MMB29P) AppleWebKit/537.36 (KHTML, like Gecko) Chrome/150.0.7871.186 Mobile Safari/537.36 (compatible; GoogleOther)"
185.215.232.215 - - [08/Aug/2026:17:10:53 -0400] "GET /hiroshi.php?b=4427972144 HTTP/1.1" 200 29599 "-" "Mozilla/5.0 (Linux; Android 6.0.1; Nexus 5X Build/MMB29P) AppleWebKit/537.36 (KHTML, like Gecko) Chrome/150.0.7871.186 Mobile Safari/537.36 (compatible; GoogleOther)"
185.215.232.215 - - [08/Aug/2026:17:10:56 -0400] "GET /?r=61325152902 HTTP/1.1" 200 29285 "-" "Mozilla/5.0 (Linux; Android 6.0.1; Nexus 5X Build/MMB29P) AppleWebKit/537.36 (KHTML, like Gecko) Chrome/150.0.7871.186 Mobile Safari/537.36 (compatible; GoogleOther)"
185.215.232.215 - - [08/Aug/2026:17:10:57 -0400] "GET /?r=6132558362 HTTP/1.1" 200 29258 "-" "Mozilla/5.0 (Linux; Android 6.0.1; Nexus 5X Build/MMB29P) AppleWebKit/537.36 (KHTML, like Gecko) Chrome/150.0.7871.186 Mobile Safari/537.36 (compatible; Googlebot/2.1; +http://www.google.com/bot.html)"
185.215.232.215 - - [08/Aug/2026:17:10:59 -0400] "GET /?o=99750142087 HTTP/1.1" 200 29091 "-" "Mozilla/5.0 (Linux; Android 6.0.1; Nexus 5X Build/MMB29P) AppleWebKit/537.36 (KHTML, like Gecko) Chrome/150.0.7871.186 Mobile Safari/537.36 (compatible; GoogleOther)"
185.215.232.215 - - [08/Aug/2026:17:10:59 -0400] "GET /?a=2948416206 HTTP/1.1" 200 29341 "-" "Mozilla/5.0 (Linux; Android 6.0.1; Nexus 5X Build/MMB29P) AppleWebKit/537.36 (KHTML, like Gecko) Chrome/150.0.7871.186 Mobile Safari/537.36 (compatible; GoogleOther)"
185.215.232.215 - - [08/Aug/2026:17:11:02 -0400] "GET /?f=3996753852 HTTP/1.1" 200 29352 "-" "Mozilla/5.0 (Linux; Android 6.0.1; Nexus 5X Build/MMB29P) AppleWebKit/537.36 (KHTML, like Gecko) Chrome/150.0.7871.186 Mobile Safari/537.36 (compatible; GoogleOther)"
185.215.232.215 - - [08/Aug/2026:17:11:04 -0400] "GET /?f=3996756769 HTTP/1.1" 200 30581 "-" "Mozilla/5.0 (Linux; Android 6.0.1; Nexus 5X Build/MMB29P) AppleWebKit/537.36 (KHTML, like Gecko) Chrome/150.0.7871.186 Mobile Safari/537.36 (compatible; GoogleOther)"
185.215.232.215 - - [08/Aug/2026:17:11:05 -0400] "GET /hiroshi.php?l=2458110520 HTTP/1.1" 200 29723 "-" "Mozilla/5.0 (Linux; Android 6.0.1; Nexus 5X Build/MMB29P) AppleWebKit/537.36 (KHTML, like Gecko) Chrome/150.0.7871.186 Mobile Safari/537.36 (compatible; GoogleOther)"
185.215.232.215 - - [08/Aug/2026:17:11:07 -0400] "GET /?o=99750252644 HTTP/1.1" 200 29391 "-" "Mozilla/5.0 (Linux; Android 6.0.1; Nexus 5X Build/MMB29P) AppleWebKit/537.36 (KHTML, like Gecko) Chrome/150.0.7871.186 Mobile Safari/537.36 (compatible; GoogleOther)"
185.215.232.215 - - [08/Aug/2026:17:11:08 -0400] "GET /?r=61325169710 HTTP/1.1" 200 29183 "-" "Mozilla/5.0 (Linux; Android 6.0.1; Nexus 5X Build/MMB29P) AppleWebKit/537.36 (KHTML, like Gecko) Chrome/150.0.7871.186 Mobile Safari/537.36 (compatible; GoogleOther)"
185.215.232.215 - - [08/Aug/2026:17:11:09 -0400] "GET /?o=99750164763 HTTP/1.1" 200 28768 "-" "Mozilla/5.0 (Linux; Android 6.0.1; Nexus 5X Build/MMB29P) AppleWebKit/537.36 (KHTML, like Gecko) Chrome/150.0.7871.186 Mobile Safari/537.36 (compatible; Googlebot/2.1; +http://www.google.com/bot.html)"
94.101.182.3 - - [08/Aug/2026:17:11:10 -0400] "POST /wp-cron.php?doing_wp_cron=1786223470.0752079486846923828125 HTTP/1.1" 200 31 "-" "WordPress/6.7.6; https://shambazaar.ir"
37.32.19.3 - - [08/Aug/2026:17:11:10 -0400] "POST /wp-admin/admin-ajax.php HTTP/1.1" 200 121 "https://shambazaar.ir/%D8%AD%D8%B3%D8%A7%D8%A8-%DA%A9%D8%A7%D8%B1%D8%A8%D8%B1%DB%8C-%D8%B4%D9%85%D8%B9-%D8%A8%D8%A7%D8%B2%D8%A7%D8%B1-%D8%AD%D8%B3%D8%A7%D8%A8-%DA%A9%D8%A7%D8%B1%D8%A8%D8%B1%DB%8C-%D9%85%D9%86-%D8%B4%D9%85/" "Mozilla/5.0 (Windows NT 10.0; Win64; x64) AppleWebKit/537.36 (KHTML, like Gecko) Chrome/149.0.0.0 Safari/537.36"
185.215.232.215 - - [08/Aug/2026:17:11:10 -0400] "GET /hiroshi.php?n=8568320766 HTTP/1.1" 200 29859 "-" "Mozilla/5.0 (Linux; Android 6.0.1; Nexus 5X Build/MMB29P) AppleWebKit/537.36 (KHTML, like Gecko) Chrome/150.0.7871.186 Mobile Safari/537.36 (compatible; GoogleOther)"
185.215.232.215 - - [08/Aug/2026:17:11:11 -0400] "GET /?j=17741183763 HTTP/1.1" 200 29215 "-" "Mozilla/5.0 (Linux; Android 6.0.1; Nexus 5X Build/MMB29P) AppleWebKit/537.36 (KHTML, like Gecko) Chrome/150.0.7871.186 Mobile Safari/537.36 (compatible; GoogleOther)"
185.215.232.215 - - [08/Aug/2026:17:11:13 -0400] "GET /?j=17741243991 HTTP/1.1" 200 30349 "-" "Mozilla/5.0 (Linux; Android 6.0.1; Nexus 5X Build/MMB29P) AppleWebKit/537.36 (KHTML, like Gecko) Chrome/150.0.7871.186 Mobile Safari/537.36 (compatible; GoogleOther)"
37.32.19.3 - - [08/Aug/2026:17:11:14 -0400] "POST /wp-admin/admin-ajax.php HTTP/1.1" 200 121 "https://shambazaar.ir/" "Mozilla/5.0 (Windows NT 10.0; Win64; x64) AppleWebKit/537.36 (KHTML, like Gecko) Chrome/149.0.0.0 Safari/537.36"
185.215.232.215 - - [08/Aug/2026:17:11:14 -0400] "GET /?b=70539119201 HTTP/1.1" 200 30002 "-" "Mozilla/5.0 (Linux; Android 6.0.1; Nexus 5X Build/MMB29P) AppleWebKit/537.36 (KHTML, like Gecko) Chrome/150.0.7871.186 Mobile Safari/537.36 (compatible; Googlebot/2.1; +http://www.google.com/bot.html)"
185.215.232.215 - - [08/Aug/2026:17:11:14 -0400] "GET /?r=61325221678 HTTP/1.1" 200 29547 "-" "Mozilla/5.0 (Linux; Android 6.0.1; Nexus 5X Build/MMB29P) AppleWebKit/537.36 (KHTML, like Gecko) Chrome/150.0.7871.186 Mobile Safari/537.36 (compatible; GoogleOther)"
185.215.232.215 - - [08/Aug/2026:17:11:16 -0400] "GET /?b=70539149998 HTTP/1.1" 200 29429 "-" "Mozilla/5.0 (Linux; Android 6.0.1; Nexus 5X Build/MMB29P) AppleWebKit/537.36 (KHTML, like Gecko) Chrome/150.0.7871.186 Mobile Safari/537.36 (compatible; GoogleOther)"
37.32.19.3 - - [08/Aug/2026:17:11:18 -0400] "POST /wp-admin/admin-ajax.php HTTP/1.1" 200 121 "https://shambazaar.ir/" "Mozilla/5.0 (Windows NT 10.0; Win64; x64) AppleWebKit/537.36 (KHTML, like Gecko) Chrome/149.0.0.0 Safari/537.36"
37.32.19.3 - - [08/Aug/2026:17:11:18 -0400] "POST /wp-admin/admin-ajax.php HTTP/1.1" 200 58 "https://shambazaar.ir/wp-admin/admin.php?page=kamangir-smart-login" "Mozilla/5.0 (Windows NT 10.0; Win64; x64) AppleWebKit/537.36 (KHTML, like Gecko) Chrome/149.0.0.0 Safari/537.36"
37.32.19.3 - - [08/Aug/2026:17:11:20 -0400] "GET /wp-admin HTTP/1.1" 301 169 "-" "Mozilla/5.0 (Windows NT 10.0; Win64; x64) AppleWebKit/537.36 (KHTML, like Gecko) Chrome/149.0.0.0 Safari/537.36"
94.101.183.2 - - [08/Aug/2026:17:11:22 -0400] "POST /wp-cron.php?doing_wp_cron=1786223482.4079980850219726562500 HTTP/1.1" 200 31 "-" "WordPress/6.7.2; https://shamemilad.ir"
37.32.19.3 - - [08/Aug/2026:17:11:22 -0400] "GET /wp-admin/ HTTP/1.1" 302 5 "-" "Mozilla/5.0 (Windows NT 10.0; Win64; x64) AppleWebKit/537.36 (KHTML, like Gecko) Chrome/149.0.0.0 Safari/537.36"
185.215.232.215 - - [08/Aug/2026:17:11:22 -0400] "GET /?q=61454119293 HTTP/1.1" 200 29609 "-" "Mozilla/5.0 (Linux; Android 6.0.1; Nexus 5X Build/MMB29P) AppleWebKit/537.36 (KHTML, like Gecko) Chrome/150.0.7871.186 Mobile Safari/537.36 (compatible; GoogleOther)"
37.32.19.3 - - [08/Aug/2026:17:11:23 -0400] "GET /wp-login.php?redirect_to=https%3A%2F%2Fshamemilad.ir%2Fwp-admin%2F&reauth=1 HTTP/1.1" 200 3617 "-" "Mozilla/5.0 (Windows NT 10.0; Win64; x64) AppleWebKit/537.36 (KHTML, like Gecko) Chrome/149.0.0.0 Safari/537.36"
185.215.232.215 - - [08/Aug/2026:17:11:24 -0400] "GET /?o=99750165590 HTTP/1.1" 200 30150 "-" "Mozilla/5.0 (Linux; Android 6.0.1; Nexus 5X Build/MMB29P) AppleWebKit/537.36 (KHTML, like Gecko) Chrome/150.0.7871.186 Mobile Safari/537.36 (compatible; GoogleOther)"
185.215.232.215 - - [08/Aug/2026:17:11:25 -0400] "GET /?a=29484261158 HTTP/1.1" 200 29035 "-" "Mozilla/5.0 (Linux; Android 6.0.1; Nexus 5X Build/MMB29P) AppleWebKit/537.36 (KHTML, like Gecko) Chrome/150.0.7871.186 Mobile Safari/537.36 (compatible; Googlebot/2.1; +http://www.google.com/bot.html)"
37.32.19.3 - - [08/Aug/2026:17:11:26 -0400] "GET /wp-admin/ HTTP/1.1" 302 5 "-" "Mozilla/5.0 (Windows NT 10.0; Win64; x64) AppleWebKit/537.36 (KHTML, like Gecko) Chrome/149.0.0.0 Safari/537.36"
185.215.232.215 - - [08/Aug/2026:17:11:26 -0400] "GET /hiroshi.php?h=25149209294 HTTP/1.1" 200 30030 "-" "Mozilla/5.0 (Linux; Android 6.0.1; Nexus 5X Build/MMB29P) AppleWebKit/537.36 (KHTML, like Gecko) Chrome/150.0.7871.186 Mobile Safari/537.36 (compatible; GoogleOther)"
37.32.19.3 - - [08/Aug/2026:17:11:27 -0400] "GET /wp-login.php?redirect_to=https%3A%2F%2Fshamemilad.ir%2Fwp-admin%2F&reauth=1 HTTP/1.1" 200 3617 "-" "Mozilla/5.0 (Windows NT 10.0; Win64; x64) AppleWebKit/537.36 (KHTML, like Gecko) Chrome/149.0.0.0 Safari/537.36"
185.215.232.215 - - [08/Aug/2026:17:11:28 -0400] "GET /?s=77056207916 HTTP/1.1" 200 29722 "-" "Mozilla/5.0 (Linux; Android 6.0.1; Nexus 5X Build/MMB29P) AppleWebKit/537.36 (KHTML, like Gecko) Chrome/150.0.7871.186 Mobile Safari/537.36 (compatible; GoogleOther)"
185.215.232.215 - - [08/Aug/2026:17:11:31 -0400] "GET /?f=39967216363 HTTP/1.1" 200 29761 "-" "Mozilla/5.0 (Linux; Android 6.0.1; Nexus 5X Build/MMB29P) AppleWebKit/537.36 (KHTML, like Gecko) Chrome/150.0.7871.186 Mobile Safari/537.36 (compatible; GoogleOther)"
185.215.232.215 - - [08/Aug/2026:17:11:34 -0400] "GET /?a=2948488301 HTTP/1.1" 200 29814 "-" "Mozilla/5.0 (Linux; Android 6.0.1; Nexus 5X Build/MMB29P) AppleWebKit/537.36 (KHTML, like Gecko) Chrome/150.0.7871.186 Mobile Safari/537.36 (compatible; GoogleOther)"
185.215.232.215 - - [08/Aug/2026:17:11:34 -0400] "GET /?a=2948440425 HTTP/1.1" 200 29328 "-" "Mozilla/5.0 (Linux; Android 6.0.1; Nexus 5X Build/MMB29P) AppleWebKit/537.36 (KHTML, like Gecko) Chrome/150.0.7871.186 Mobile Safari/537.36 (compatible; Googlebot/2.1; +http://www.google.com/bot.html)"
185.215.232.215 - - [08/Aug/2026:17:11:36 -0400] "GET /?f=39967262355 HTTP/1.1" 200 30120 "-" "Mozilla/5.0 (Linux; Android 6.0.1; Nexus 5X Build/MMB29P) AppleWebKit/537.36 (KHTML, like Gecko) Chrome/150.0.7871.186 Mobile Safari/537.36 (compatible; GoogleOther)"
185.215.232.215 - - [08/Aug/2026:17:11:36 -0400] "GET /?r=61325281374 HTTP/1.1" 200 30636 "-" "Mozilla/5.0 (Linux; Android 6.0.1; Nexus 5X Build/MMB29P) AppleWebKit/537.36 (KHTML, like Gecko) Chrome/150.0.7871.186 Mobile Safari/537.36 (compatible; Googlebot/2.1; +http://www.google.com/bot.html)"
185.215.232.215 - - [08/Aug/2026:17:11:36 -0400] "GET /?f=39967275402 HTTP/1.1" 200 29659 "-" "Mozilla/5.0 (Linux; Android 6.0.1; Nexus 5X Build/MMB29P) AppleWebKit/537.36 (KHTML, like Gecko) Chrome/150.0.7871.186 Mobile Safari/537.36 (compatible; GoogleOther)"
185.215.232.215 - - [08/Aug/2026:17:11:39 -0400] "GET /?r=61325233674 HTTP/1.1" 200 29176 "-" "Mozilla/5.0 (Linux; Android 6.0.1; Nexus 5X Build/MMB29P) AppleWebKit/537.36 (KHTML, like Gecko) Chrome/150.0.7871.186 Mobile Safari/537.36 (compatible; GoogleOther)"
185.215.232.215 - - [08/Aug/2026:17:11:40 -0400] "GET /?j=17741244853 HTTP/1.1" 200 28989 "-" "Mozilla/5.0 (Linux; Android 6.0.1; Nexus 5X Build/MMB29P) AppleWebKit/537.36 (KHTML, like Gecko) Chrome/150.0.7871.186 Mobile Safari/537.36 (compatible; GoogleOther)"
185.215.232.215 - - [08/Aug/2026:17:11:42 -0400] "GET /?b=70539133564 HTTP/1.1" 200 29693 "-" "Mozilla/5.0 (Linux; Android 6.0.1; Nexus 5X Build/MMB29P) AppleWebKit/537.36 (KHTML, like Gecko) Chrome/150.0.7871.186 Mobile Safari/537.36 (compatible; Googlebot/2.1; +http://www.google.com/bot.html)"
185.215.232.215 - - [08/Aug/2026:17:11:44 -0400] "GET /?o=9975065096 HTTP/1.1" 200 29422 "-" "Mozilla/5.0 (Linux; Android 6.0.1; Nexus 5X Build/MMB29P) AppleWebKit/537.36 (KHTML, like Gecko) Chrome/150.0.7871.186 Mobile Safari/537.36 (compatible; GoogleOther)"
185.215.232.215 - - [08/Aug/2026:17:11:45 -0400] "GET /?o=9975074065 HTTP/1.1" 200 30931 "-" "Mozilla/5.0 (Linux; Android 6.0.1; Nexus 5X Build/MMB29P) AppleWebKit/537.36 (KHTML, like Gecko) Chrome/150.0.7871.186 Mobile Safari/537.36 (compatible; Googlebot/2.1; +http://www.google.com/bot.html)"
185.215.232.215 - - [08/Aug/2026:17:11:46 -0400] "GET /?b=7053979809 HTTP/1.1" 200 29687 "-" "Mozilla/5.0 (Linux; Android 6.0.1; Nexus 5X Build/MMB29P) AppleWebKit/537.36 (KHTML, like Gecko) Chrome/150.0.7871.186 Mobile Safari/537.36 (compatible; Googlebot/2.1; +http://www.google.com/bot.html)"
185.215.232.215 - - [08/Aug/2026:17:11:50 -0400] "GET /?f=3996736552 HTTP/1.1" 200 29163 "-" "Mozilla/5.0 (Linux; Android 6.0.1; Nexus 5X Build/MMB29P) AppleWebKit/537.36 (KHTML, like Gecko) Chrome/150.0.7871.186 Mobile Safari/537.36 (compatible; GoogleOther)"
185.215.232.215 - - [08/Aug/2026:17:11:51 -0400] "GET /hiroshi.php?a=66014210556 HTTP/1.1" 200 30221 "-" "Mozilla/5.0 (Linux; Android 6.0.1; Nexus 5X Build/MMB29P) AppleWebKit/537.36 (KHTML, like Gecko) Chrome/150.0.7871.186 Mobile Safari/537.36 (compatible; GoogleOther)"
185.215.232.215 - - [08/Aug/2026:17:11:53 -0400] "GET /?f=39967156605 HTTP/1.1" 200 29626 "-" "Mozilla/5.0 (Linux; Android 6.0.1; Nexus 5X Build/MMB29P) AppleWebKit/537.36 (KHTML, like Gecko) Chrome/150.0.7871.186 Mobile Safari/537.36 (compatible; GoogleOther)"
185.215.232.215 - - [08/Aug/2026:17:11:54 -0400] "GET /?a=2948412318 HTTP/1.1" 200 29454 "-" "Mozilla/5.0 (Linux; Android 6.0.1; Nexus 5X Build/MMB29P) AppleWebKit/537.36 (KHTML, like Gecko) Chrome/150.0.7871.186 Mobile Safari/537.36 (compatible; Googlebot/2.1; +http://www.google.com/bot.html)"
185.215.232.215 - - [08/Aug/2026:17:11:57 -0400] "GET /?q=6145449894 HTTP/1.1" 200 28910 "-" "Mozilla/5.0 (Linux; Android 6.0.1; Nexus 5X Build/MMB29P) AppleWebKit/537.36 (KHTML, like Gecko) Chrome/150.0.7871.186 Mobile Safari/537.36 (compatible; GoogleOther)"
185.215.232.215 - - [08/Aug/2026:17:11:59 -0400] "GET /?f=3996754107 HTTP/1.1" 200 30492 "-" "Mozilla/5.0 (Linux; Android 6.0.1; Nexus 5X Build/MMB29P) AppleWebKit/537.36 (KHTML, like Gecko) Chrome/150.0.7871.186 Mobile Safari/537.36 (compatible; GoogleOther)"
185.215.232.215 - - [08/Aug/2026:17:11:59 -0400] "GET /?f=39967233616 HTTP/1.1" 200 29318 "-" "Mozilla/5.0 (Linux; Android 6.0.1; Nexus 5X Build/MMB29P) AppleWebKit/537.36 (KHTML, like Gecko) Chrome/150.0.7871.186 Mobile Safari/537.36 (compatible; Googlebot/2.1; +http://www.google.com/bot.html)"
185.215.232.215 - - [08/Aug/2026:17:12:00 -0400] "GET /?a=29484183379 HTTP/1.1" 200 29565 "-" "Mozilla/5.0 (Linux; Android 6.0.1; Nexus 5X Build/MMB29P) AppleWebKit/537.36 (KHTML, like Gecko) Chrome/150.0.7871.186 Mobile Safari/537.36 (compatible; GoogleOther)"
185.215.232.215 - - [08/Aug/2026:17:12:04 -0400] "GET /?f=3996739239 HTTP/1.1" 200 29571 "-" "Mozilla/5.0 (Linux; Android 6.0.1; Nexus 5X Build/MMB29P) AppleWebKit/537.36 (KHTML, like Gecko) Chrome/150.0.7871.186 Mobile Safari/537.36 (compatible; GoogleOther)"
185.215.232.215 - - [08/Aug/2026:17:12:05 -0400] "GET /hiroshi.php?b=44279183799 HTTP/1.1" 200 29769 "-" "Mozilla/5.0 (Linux; Android 6.0.1; Nexus 5X Build/MMB29P) AppleWebKit/537.36 (KHTML, like Gecko) Chrome/150.0.7871.186 Mobile Safari/537.36 (compatible; GoogleOther)"
185.215.232.215 - - [08/Aug/2026:17:12:06 -0400] "GET /?b=70539161130 HTTP/1.1" 200 29866 "-" "Mozilla/5.0 (Linux; Android 6.0.1; Nexus 5X Build/MMB29P) AppleWebKit/537.36 (KHTML, like Gecko) Chrome/150.0.7871.186 Mobile Safari/537.36 (compatible; Googlebot/2.1; +http://www.google.com/bot.html)"
185.215.232.215 - - [08/Aug/2026:17:12:07 -0400] "GET /?f=3996783929 HTTP/1.1" 200 31013 "-" "Mozilla/5.0 (Linux; Android 6.0.1; Nexus 5X Build/MMB29P) AppleWebKit/537.36 (KHTML, like Gecko) Chrome/150.0.7871.186 Mobile Safari/537.36 (compatible; GoogleOther)"
185.215.232.215 - - [08/Aug/2026:17:12:08 -0400] "GET /hiroshi.php?e=77458156783 HTTP/1.1" 200 29760 "-" "Mozilla/5.0 (Linux; Android 6.0.1; Nexus 5X Build/MMB29P) AppleWebKit/537.36 (KHTML, like Gecko) Chrome/150.0.7871.186 Mobile Safari/537.36 (compatible; GoogleOther)"
94.101.182.3 - - [08/Aug/2026:17:12:09 -0400] "POST /wp-cron.php?doing_wp_cron=1786223529.3353049755096435546875 HTTP/1.1" 200 31 "-" "WordPress/6.7.2; https://shamemilad.ir"
37.32.19.3 - - [08/Aug/2026:17:12:09 -0400] "POST /wp-login.php HTTP/1.1" 302 5 "https://shamemilad.ir/wp-login.php?redirect_to=https%3A%2F%2Fshamemilad.ir%2Fwp-admin%2F&reauth=1" "Mozilla/5.0 (Windows NT 10.0; Win64; x64) AppleWebKit/537.36 (KHTML, like Gecko) Chrome/149.0.0.0 Safari/537.36"
185.215.232.215 - - [08/Aug/2026:17:12:10 -0400] "GET /?o=9975040143 HTTP/1.1" 200 29147 "-" "Mozilla/5.0 (Linux; Android 6.0.1; Nexus 5X Build/MMB29P) AppleWebKit/537.36 (KHTML, like Gecko) Chrome/150.0.7871.186 Mobile Safari/537.36 (compatible; GoogleOther)"
37.32.19.3 - - [08/Aug/2026:17:12:10 -0400] "GET /wp-login.php?redirect_to=https%3A%2F%2Fshamemilad.ir%2Fwp-admin%2F&action=confirm_admin_email&wp_lang=fa_IR HTTP/1.1" 200 1953 "https://shamemilad.ir/wp-login.php?redirect_to=https%3A%2F%2Fshamemilad.ir%2Fwp-admin%2F&reauth=1" "Mozilla/5.0 (Windows NT 10.0; Win64; x64) AppleWebKit/537.36 (KHTML, like Gecko) Chrome/149.0.0.0 Safari/537.36"
185.215.232.215 - - [08/Aug/2026:17:12:12 -0400] "GET /?j=1774123950 HTTP/1.1" 200 29576 "-" "Mozilla/5.0 (Linux; Android 6.0.1; Nexus 5X Build/MMB29P) AppleWebKit/537.36 (KHTML, like Gecko) Chrome/150.0.7871.186 Mobile Safari/537.36 (compatible; GoogleOther)"
185.215.232.215 - - [08/Aug/2026:17:12:12 -0400] "GET /?j=1774172636 HTTP/1.1" 200 28552 "-" "Mozilla/5.0 (Linux; Android 6.0.1; Nexus 5X Build/MMB29P) AppleWebKit/537.36 (KHTML, like Gecko) Chrome/150.0.7871.186 Mobile Safari/537.36 (compatible; GoogleOther)"
37.32.19.3 - - [08/Aug/2026:17:12:13 -0400] "GET /wp-login.php?redirect_to=https%3A%2F%2Fshamemilad.ir%2Fwp-admin%2F&action=confirm_admin_email&remind_me_later=ca590cbab4 HTTP/1.1" 302 5 "https://shamemilad.ir/wp-login.php?redirect_to=https%3A%2F%2Fshamemilad.ir%2Fwp-admin%2F&action=confirm_admin_email&wp_lang=fa_IR" "Mozilla/5.0 (Windows NT 10.0; Win64; x64) AppleWebKit/537.36 (KHTML, like Gecko) Chrome/149.0.0.0 Safari/537.36"
185.215.232.215 - - [08/Aug/2026:17:12:13 -0400] "GET /?f=3996739239 HTTP/1.1" 200 29580 "-" "Mozilla/5.0 (Linux; Android 6.0.1; Nexus 5X Build/MMB29P) AppleWebKit/537.36 (KHTML, like Gecko) Chrome/150.0.7871.186 Mobile Safari/537.36 (compatible; Googlebot/2.1; +http://www.google.com/bot.html)"
37.32.19.3 - - [08/Aug/2026:17:12:15 -0400] "GET /wp-admin/?admin_email_remind_later=1 HTTP/1.1" 200 64634 "https://shamemilad.ir/wp-login.php?redirect_to=https%3A%2F%2Fshamemilad.ir%2Fwp-admin%2F&action=confirm_admin_email&wp_lang=fa_IR" "Mozilla/5.0 (Windows NT 10.0; Win64; x64) AppleWebKit/537.36 (KHTML, like Gecko) Chrome/149.0.0.0 Safari/537.36"
37.32.19.3 - - [08/Aug/2026:17:12:15 -0400] "GET /wp-admin/load-scripts.php?c=1&load%5Bchunk_0%5D=jquery-core,jquery-migrate,utils&ver=6.7.2 HTTP/1.1" 200 103090 "https://shamemilad.ir/wp-admin/?admin_email_remind_later=1" "Mozilla/5.0 (Windows NT 10.0; Win64; x64) AppleWebKit/537.36 (KHTML, like Gecko) Chrome/149.0.0.0 Safari/537.36"
37.32.19.3 - - [08/Aug/2026:17:12:15 -0400] "GET /wp-admin/load-styles.php?c=1&dir=rtl&load%5Bchunk_0%5D=dashicons,admin-bar,site-health,common,forms,admin-menu,dashboard,list-tables,edit,revisions,media,themes,about,nav-menus,wp-poi&load%5Bchunk_1%5D=nter,widgets,site-icon,l10n,buttons,wp-auth-check&ver=6.7.2 HTTP/1.1" 200 405519 "https://shamemilad.ir/wp-admin/?admin_email_remind_later=1" "Mozilla/5.0 (Windows NT 10.0; Win64; x64) AppleWebKit/537.36 (KHTML, like Gecko) Chrome/149.0.0.0 Safari/537.36"
37.32.19.3 - - [08/Aug/2026:17:12:16 -0400] "GET /wp-admin/load-scripts.php?c=1&load%5Bchunk_0%5D=hoverIntent,wp-dom-ready,wp-hooks&ver=6.7.2 HTTP/1.1" 200 6748 "https://shamemilad.ir/wp-admin/?admin_email_remind_later=1" "Mozilla/5.0 (Windows NT 10.0; Win64; x64) AppleWebKit/537.36 (KHTML, like Gecko) Chrome/149.0.0.0 Safari/537.36"
185.215.232.215 - - [08/Aug/2026:17:12:19 -0400] "GET /?o=99750210661 HTTP/1.1" 200 29810 "-" "Mozilla/5.0 (Linux; Android 6.0.1; Nexus 5X Build/MMB29P) AppleWebKit/537.36 (KHTML, like Gecko) Chrome/150.0.7871.186 Mobile Safari/537.36 (compatible; GoogleOther)"
185.215.232.215 - - [08/Aug/2026:17:12:19 -0400] "GET /?j=1774182354 HTTP/1.1" 200 29397 "-" "Mozilla/5.0 (Linux; Android 6.0.1; Nexus 5X Build/MMB29P) AppleWebKit/537.36 (KHTML, like Gecko) Chrome/150.0.7871.186 Mobile Safari/537.36 (compatible; GoogleOther)"
185.215.232.215 - - [08/Aug/2026:17:12:19 -0400] "GET /?a=2948417808 HTTP/1.1" 200 29476 "-" "Mozilla/5.0 (Linux; Android 6.0.1; Nexus 5X Build/MMB29P) AppleWebKit/537.36 (KHTML, like Gecko) Chrome/150.0.7871.186 Mobile Safari/537.36 (compatible; Googlebot/2.1; +http://www.google.com/bot.html)"
185.215.232.215 - - [08/Aug/2026:17:12:22 -0400] "GET /?j=17741119859 HTTP/1.1" 200 29231 "-" "Mozilla/5.0 (Linux; Android 6.0.1; Nexus 5X Build/MMB29P) AppleWebKit/537.36 (KHTML, like Gecko) Chrome/150.0.7871.186 Mobile Safari/537.36 (compatible; GoogleOther)"
185.215.232.215 - - [08/Aug/2026:17:12:26 -0400] "GET /?j=1774115921 HTTP/1.1" 200 30046 "-" "Mozilla/5.0 (Linux; Android 6.0.1; Nexus 5X Build/MMB29P) AppleWebKit/537.36 (KHTML, like Gecko) Chrome/150.0.7871.186 Mobile Safari/537.36 (compatible; GoogleOther)"
37.32.19.3 - - [08/Aug/2026:17:12:27 -0400] "GET /wp-admin/edit.php?post_type=product HTTP/1.1" 200 343015 "https://shamemilad.ir/wp-admin/" "Mozilla/5.0 (Windows NT 10.0; Win64; x64) AppleWebKit/537.36 (KHTML, like Gecko) Chrome/149.0.0.0 Safari/537.36"
185.215.232.215 - - [08/Aug/2026:17:12:29 -0400] "GET /?f=3996744748 HTTP/1.1" 200 30626 "-" "Mozilla/5.0 (Linux; Android 6.0.1; Nexus 5X Build/MMB29P) AppleWebKit/537.36 (KHTML, like Gecko) Chrome/150.0.7871.186 Mobile Safari/537.36 (compatible; Googlebot/2.1; +http://www.google.com/bot.html)"
185.215.232.215 - - [08/Aug/2026:17:12:29 -0400] "GET /?j=17741207902 HTTP/1.1" 200 30039 "-" "Mozilla/5.0 (Linux; Android 6.0.1; Nexus 5X Build/MMB29P) AppleWebKit/537.36 (KHTML, like Gecko) Chrome/150.0.7871.186 Mobile Safari/537.36 (compatible; GoogleOther)"
37.32.19.3 - - [08/Aug/2026:17:12:32 -0400] "GET /wp-admin/edit.php?post_type=product HTTP/1.1" 200 343015 "https://shamemilad.ir/wp-admin/" "Mozilla/5.0 (Windows NT 10.0; Win64; x64) AppleWebKit/537.36 (KHTML, like Gecko) Chrome/149.0.0.0 Safari/537.36"
43.159.132.207 - - [08/Aug/2026:17:12:33 -0400] "GET / HTTP/1.1" 444 0 "-" "Mozilla/5.0 (iPhone; CPU iPhone OS 13_2_3 like Mac OS X) AppleWebKit/605.1.15 (KHTML, like Gecko) Version/13.0.3 Mobile/15E148 Safari/604.1"
