94.101.183.2 - - [08/Aug/2026:17:23:10 -0400] "POST /wp-cron.php?doing_wp_cron=1786224189.1975049972534179687500 HTTP/1.1" 200 31 "-" "WordPress/6.7.2; https://shamemilad.ir"
37.32.19.3 - - [08/Aug/2026:17:23:10 -0400] "GET /wp-json/wc-analytics/products/reviews?page=1&per_page=1&status=hold&_embed=1&_fields%5B0%5D=id&_locale=user HTTP/1.1" 200 12 "https://shamemilad.ir/wp-admin/post.php?post=1898&action=edit" "Mozilla/5.0 (Windows NT 10.0; Win64; x64) AppleWebKit/537.36 (KHTML, like Gecko) Chrome/149.0.0.0 Safari/537.36"
94.101.182.3 - - [08/Aug/2026:17:23:10 -0400] "POST /wp-cron.php?doing_wp_cron=1786224189.2261660099029541015625 HTTP/1.1" 200 31 "-" "WordPress/6.7.2; https://shamemilad.ir"
94.101.183.2 - - [08/Aug/2026:17:23:10 -0400] "POST /wp-cron.php?doing_wp_cron=1786224189.6601839065551757812500 HTTP/1.1" 200 31 "-" "WordPress/6.7.2; https://shamemilad.ir"
37.32.19.3 - - [08/Aug/2026:17:23:11 -0400] "GET /wp-json/jetpack/v4/connection/data?_locale=user HTTP/1.1" 200 340 "https://shamemilad.ir/wp-admin/post.php?post=1898&action=edit" "Mozilla/5.0 (Windows NT 10.0; Win64; x64) AppleWebKit/537.36 (KHTML, like Gecko) Chrome/149.0.0.0 Safari/537.36"
185.215.232.215 - - [08/Aug/2026:17:23:11 -0400] "GET /?o=9975015759 HTTP/1.1" 200 29678 "-" "Mozilla/5.0 (Linux; Android 6.0.1; Nexus 5X Build/MMB29P) AppleWebKit/537.36 (KHTML, like Gecko) Chrome/150.0.7871.186 Mobile Safari/537.36 (compatible; GoogleOther)"
37.32.19.3 - - [08/Aug/2026:17:23:11 -0400] "GET /shop/ HTTP/1.1" 200 39488 "https://shamemilad.ir/" "Mozilla/5.0 (Windows NT 10.0; Win64; x64) AppleWebKit/537.36 (KHTML, like Gecko) Chrome/149.0.0.0 Safari/537.36"
37.32.19.3 - - [08/Aug/2026:17:23:11 -0400] "GET /wp-admin/admin-ajax.php?action=oembed-cache&post=1898 HTTP/1.1" 200 32 "https://shamemilad.ir/wp-admin/post.php?post=1898&action=edit" "Mozilla/5.0 (Windows NT 10.0; Win64; x64) AppleWebKit/537.36 (KHTML, like Gecko) Chrome/149.0.0.0 Safari/537.36"
37.32.19.3 - - [08/Aug/2026:17:23:11 -0400] "POST /wp-admin/admin-ajax.php HTTP/1.1" 200 121 "https://shambazaar.ir/" "Mozilla/5.0 (Windows NT 10.0; Win64; x64) AppleWebKit/537.36 (KHTML, like Gecko) Chrome/149.0.0.0 Safari/537.36"
185.215.232.215 - - [08/Aug/2026:17:23:12 -0400] "GET /?s=77056166163 HTTP/1.1" 200 29151 "-" "Mozilla/5.0 (Linux; Android 6.0.1; Nexus 5X Build/MMB29P) AppleWebKit/537.36 (KHTML, like Gecko) Chrome/150.0.7871.186 Mobile Safari/537.36 (compatible; Googlebot/2.1; +http://www.google.com/bot.html)"
37.32.19.3 - - [08/Aug/2026:17:23:12 -0400] "GET /wp-json/wc-analytics/admin/notes?page=1&per_page=25&type=error%2Cupdate&status=unactioned&_locale=user HTTP/1.1" 200 12 "https://shamemilad.ir/wp-admin/post.php?post=1898&action=edit" "Mozilla/5.0 (Windows NT 10.0; Win64; x64) AppleWebKit/537.36 (KHTML, like Gecko) Chrome/149.0.0.0 Safari/537.36"
37.32.19.3 - - [08/Aug/2026:17:23:13 -0400] "GET /wp-json/wc-admin/options?options=woocommerce_task_list_reminder_bar_hidden&_locale=user HTTP/1.1" 200 62 "https://shamemilad.ir/wp-admin/post.php?post=1898&action=edit" "Mozilla/5.0 (Windows NT 10.0; Win64; x64) AppleWebKit/537.36 (KHTML, like Gecko) Chrome/149.0.0.0 Safari/537.36"
185.215.232.215 - - [08/Aug/2026:17:23:13 -0400] "GET /?r=61325274227 HTTP/1.1" 200 29626 "-" "Mozilla/5.0 (Linux; Android 6.0.1; Nexus 5X Build/MMB29P) AppleWebKit/537.36 (KHTML, like Gecko) Chrome/150.0.7871.186 Mobile Safari/537.36 (compatible; GoogleOther)"
185.215.232.215 - - [08/Aug/2026:17:23:15 -0400] "GET /hiroshi.php?a=6601438775 HTTP/1.1" 200 29104 "-" "Mozilla/5.0 (Linux; Android 6.0.1; Nexus 5X Build/MMB29P) AppleWebKit/537.36 (KHTML, like Gecko) Chrome/150.0.7871.186 Mobile Safari/537.36 (compatible; GoogleOther)"
185.215.232.215 - - [08/Aug/2026:17:23:17 -0400] "GET /?b=7053968494 HTTP/1.1" 200 29555 "-" "Mozilla/5.0 (Linux; Android 6.0.1; Nexus 5X Build/MMB29P) AppleWebKit/537.36 (KHTML, like Gecko) Chrome/150.0.7871.186 Mobile Safari/537.36 (compatible; Googlebot/2.1; +http://www.google.com/bot.html)"
185.215.232.215 - - [08/Aug/2026:17:23:18 -0400] "GET /?b=70539160797 HTTP/1.1" 200 29682 "-" "Mozilla/5.0 (Linux; Android 6.0.1; Nexus 5X Build/MMB29P) AppleWebKit/537.36 (KHTML, like Gecko) Chrome/150.0.7871.186 Mobile Safari/537.36 (compatible; GoogleOther)"
94.101.182.3 - - [08/Aug/2026:17:23:18 -0400] "POST /wp-admin/admin-ajax.php?action=as_async_request_queue_runner&nonce=4d71cdbea1 HTTP/1.1" 200 31 "-" "WordPress/6.7.2; https://shamemilad.ir"
185.215.232.215 - - [08/Aug/2026:17:23:18 -0400] "GET /?s=77056133702 HTTP/1.1" 200 29590 "-" "Mozilla/5.0 (Linux; Android 6.0.1; Nexus 5X Build/MMB29P) AppleWebKit/537.36 (KHTML, like Gecko) Chrome/150.0.7871.186 Mobile Safari/537.36 (compatible; Googlebot/2.1; +http://www.google.com/bot.html)"
185.215.232.215 - - [08/Aug/2026:17:23:22 -0400] "GET /?b=70539124252 HTTP/1.1" 200 29000 "-" "Mozilla/5.0 (Linux; Android 6.0.1; Nexus 5X Build/MMB29P) AppleWebKit/537.36 (KHTML, like Gecko) Chrome/150.0.7871.186 Mobile Safari/537.36 (compatible; GoogleOther)"
185.215.232.215 - - [08/Aug/2026:17:23:24 -0400] "GET /?p=28381178643 HTTP/1.1" 200 28910 "-" "Mozilla/5.0 (Linux; Android 6.0.1; Nexus 5X Build/MMB29P) AppleWebKit/537.36 (KHTML, like Gecko) Chrome/150.0.7871.186 Mobile Safari/537.36 (compatible; Googlebot/2.1; +http://www.google.com/bot.html)"
185.215.232.215 - - [08/Aug/2026:17:23:25 -0400] "GET /?a=29484218595 HTTP/1.1" 200 29156 "-" "Mozilla/5.0 (Linux; Android 6.0.1; Nexus 5X Build/MMB29P) AppleWebKit/537.36 (KHTML, like Gecko) Chrome/150.0.7871.186 Mobile Safari/537.36 (compatible; Googlebot/2.1; +http://www.google.com/bot.html)"
185.215.232.215 - - [08/Aug/2026:17:23:25 -0400] "GET /?b=70539115560 HTTP/1.1" 200 30663 "-" "Mozilla/5.0 (Linux; Android 6.0.1; Nexus 5X Build/MMB29P) AppleWebKit/537.36 (KHTML, like Gecko) Chrome/150.0.7871.186 Mobile Safari/537.36 (compatible; Googlebot/2.1; +http://www.google.com/bot.html)"
185.215.232.215 - - [08/Aug/2026:17:23:26 -0400] "GET /?f=3996712655 HTTP/1.1" 200 29178 "-" "Mozilla/5.0 (Linux; Android 6.0.1; Nexus 5X Build/MMB29P) AppleWebKit/537.36 (KHTML, like Gecko) Chrome/150.0.7871.186 Mobile Safari/537.36 (compatible; GoogleOther)"
185.215.232.215 - - [08/Aug/2026:17:23:26 -0400] "GET /hiroshi.php?l=3162769172 HTTP/1.1" 200 29108 "-" "Mozilla/5.0 (Linux; Android 6.0.1; Nexus 5X Build/MMB29P) AppleWebKit/537.36 (KHTML, like Gecko) Chrome/150.0.7871.186 Mobile Safari/537.36 (compatible; GoogleOther)"
185.215.232.215 - - [08/Aug/2026:17:23:27 -0400] "GET /?f=39967206432 HTTP/1.1" 200 29408 "-" "Mozilla/5.0 (Linux; Android 6.0.1; Nexus 5X Build/MMB29P) AppleWebKit/537.36 (KHTML, like Gecko) Chrome/150.0.7871.186 Mobile Safari/537.36 (compatible; Googlebot/2.1; +http://www.google.com/bot.html)"
185.215.232.215 - - [08/Aug/2026:17:23:28 -0400] "GET /shop/pg/1005024010/ HTTP/1.1" 200 29318 "-" "Mozilla/5.0 (Linux; Android 6.0.1; Nexus 5X Build/MMB29P) AppleWebKit/537.36 (KHTML, like Gecko) Chrome/150.0.7871.186 Mobile Safari/537.36 (compatible; Googlebot/2.1; +http://www.google.com/bot.html)"
185.215.232.215 - - [08/Aug/2026:17:23:28 -0400] "GET /?o=9975010140 HTTP/1.1" 200 29593 "-" "Mozilla/5.0 (Linux; Android 6.0.1; Nexus 5X Build/MMB29P) AppleWebKit/537.36 (KHTML, like Gecko) Chrome/150.0.7871.186 Mobile Safari/537.36 (compatible; Googlebot/2.1; +http://www.google.com/bot.html)"
185.215.232.215 - - [08/Aug/2026:17:23:30 -0400] "GET /?j=1774191032 HTTP/1.1" 200 29966 "-" "Mozilla/5.0 (Linux; Android 6.0.1; Nexus 5X Build/MMB29P) AppleWebKit/537.36 (KHTML, like Gecko) Chrome/150.0.7871.186 Mobile Safari/537.36 (compatible; GoogleOther)"
185.215.232.215 - - [08/Aug/2026:17:23:30 -0400] "GET /?b=70539120615 HTTP/1.1" 200 29751 "-" "Mozilla/5.0 (Linux; Android 6.0.1; Nexus 5X Build/MMB29P) AppleWebKit/537.36 (KHTML, like Gecko) Chrome/150.0.7871.186 Mobile Safari/537.36 (compatible; Googlebot/2.1; +http://www.google.com/bot.html)"
185.215.232.215 - - [08/Aug/2026:17:23:30 -0400] "GET /?f=3996711288 HTTP/1.1" 200 30997 "-" "Mozilla/5.0 (Linux; Android 6.0.1; Nexus 5X Build/MMB29P) AppleWebKit/537.36 (KHTML, like Gecko) Chrome/150.0.7871.186 Mobile Safari/537.36 (compatible; Googlebot/2.1; +http://www.google.com/bot.html)"
185.215.232.215 - - [08/Aug/2026:17:23:31 -0400] "GET /?q=614543980 HTTP/1.1" 200 30106 "-" "Mozilla/5.0 (Linux; Android 6.0.1; Nexus 5X Build/MMB29P) AppleWebKit/537.36 (KHTML, like Gecko) Chrome/150.0.7871.186 Mobile Safari/537.36 (compatible; Googlebot/2.1; +http://www.google.com/bot.html)"
185.215.232.215 - - [08/Aug/2026:17:23:33 -0400] "GET /?r=61325171886 HTTP/1.1" 200 29480 "-" "Mozilla/5.0 (Linux; Android 6.0.1; Nexus 5X Build/MMB29P) AppleWebKit/537.36 (KHTML, like Gecko) Chrome/150.0.7871.186 Mobile Safari/537.36 (compatible; Googlebot/2.1; +http://www.google.com/bot.html)"
185.215.232.215 - - [08/Aug/2026:17:23:34 -0400] "GET /?r=6132539062 HTTP/1.1" 200 29313 "-" "Mozilla/5.0 (Linux; Android 6.0.1; Nexus 5X Build/MMB29P) AppleWebKit/537.36 (KHTML, like Gecko) Chrome/150.0.7871.186 Mobile Safari/537.36 (compatible; GoogleOther)"
185.215.232.215 - - [08/Aug/2026:17:23:35 -0400] "GET /?r=61325280089 HTTP/1.1" 200 28974 "-" "Mozilla/5.0 (Linux; Android 6.0.1; Nexus 5X Build/MMB29P) AppleWebKit/537.36 (KHTML, like Gecko) Chrome/150.0.7871.186 Mobile Safari/537.36 (compatible; Googlebot/2.1; +http://www.google.com/bot.html)"
185.215.232.215 - - [08/Aug/2026:17:23:38 -0400] "GET /hiroshi.php?r=22507101280 HTTP/1.1" 200 29683 "-" "Mozilla/5.0 (Linux; Android 6.0.1; Nexus 5X Build/MMB29P) AppleWebKit/537.36 (KHTML, like Gecko) Chrome/150.0.7871.186 Mobile Safari/537.36 (compatible; GoogleOther)"
185.215.232.215 - - [08/Aug/2026:17:23:38 -0400] "GET /?r=6132529534 HTTP/1.1" 200 29193 "-" "Mozilla/5.0 (Linux; Android 6.0.1; Nexus 5X Build/MMB29P) AppleWebKit/537.36 (KHTML, like Gecko) Chrome/150.0.7871.186 Mobile Safari/537.36 (compatible; Googlebot/2.1; +http://www.google.com/bot.html)"
185.215.232.215 - - [08/Aug/2026:17:23:38 -0400] "GET /hiroshi.php?l=2458113164 HTTP/1.1" 200 28320 "-" "Mozilla/5.0 (Linux; Android 6.0.1; Nexus 5X Build/MMB29P) AppleWebKit/537.36 (KHTML, like Gecko) Chrome/150.0.7871.186 Mobile Safari/537.36 (compatible; Googlebot/2.1; +http://www.google.com/bot.html)"
94.101.183.2 - - [08/Aug/2026:17:23:39 -0400] "POST /wp-cron.php?doing_wp_cron=1786224219.2839050292968750000000 HTTP/1.1" 200 31 "-" "WordPress/6.7.6; https://shambazaar.ir"
37.32.19.3 - - [08/Aug/2026:17:23:39 -0400] "POST /wp-admin/admin-ajax.php HTTP/1.1" 200 121 "https://shambazaar.ir/" "Mozilla/5.0 (Windows NT 10.0; Win64; x64) AppleWebKit/537.36 (KHTML, like Gecko) Chrome/149.0.0.0 Safari/537.36"
185.215.232.215 - - [08/Aug/2026:17:23:39 -0400] "GET /?s=77056252479 HTTP/1.1" 200 29257 "-" "Mozilla/5.0 (Linux; Android 6.0.1; Nexus 5X Build/MMB29P) AppleWebKit/537.36 (KHTML, like Gecko) Chrome/150.0.7871.186 Mobile Safari/537.36 (compatible; Googlebot/2.1; +http://www.google.com/bot.html)"
94.101.183.2 - - [08/Aug/2026:17:23:40 -0400] "POST /wp-cron.php?doing_wp_cron=1786224220.2169110774993896484375 HTTP/1.1" 200 31 "-" "WordPress/6.7.2; https://shamemilad.ir"
37.32.19.3 - - [08/Aug/2026:17:23:40 -0400] "POST /wp-admin/admin-ajax.php HTTP/1.1" 200 109 "https://shamemilad.ir/wp-admin/post.php?post=1898&action=edit" "Mozilla/5.0 (Windows NT 10.0; Win64; x64) AppleWebKit/537.36 (KHTML, like Gecko) Chrome/149.0.0.0 Safari/537.36"
185.215.232.215 - - [08/Aug/2026:17:23:42 -0400] "GET /hiroshi.php?l=24581256229 HTTP/1.1" 200 30049 "-" "Mozilla/5.0 (Linux; Android 6.0.1; Nexus 5X Build/MMB29P) AppleWebKit/537.36 (KHTML, like Gecko) Chrome/150.0.7871.186 Mobile Safari/537.36 (compatible; GoogleOther)"
185.215.232.215 - - [08/Aug/2026:17:23:43 -0400] "GET /?o=9975094030 HTTP/1.1" 200 29251 "-" "Mozilla/5.0 (Linux; Android 6.0.1; Nexus 5X Build/MMB29P) AppleWebKit/537.36 (KHTML, like Gecko) Chrome/150.0.7871.186 Mobile Safari/537.36 (compatible; GoogleOther)"
185.215.232.215 - - [08/Aug/2026:17:23:43 -0400] "GET /?a=294842212 HTTP/1.1" 200 29363 "-" "Mozilla/5.0 (Linux; Android 6.0.1; Nexus 5X Build/MMB29P) AppleWebKit/537.36 (KHTML, like Gecko) Chrome/150.0.7871.186 Mobile Safari/537.36 (compatible; Googlebot/2.1; +http://www.google.com/bot.html)"
185.215.232.215 - - [08/Aug/2026:17:23:44 -0400] "GET /?s=77056121240 HTTP/1.1" 200 29107 "-" "Mozilla/5.0 (Linux; Android 6.0.1; Nexus 5X Build/MMB29P) AppleWebKit/537.36 (KHTML, like Gecko) Chrome/150.0.7871.186 Mobile Safari/537.36 (compatible; Googlebot/2.1; +http://www.google.com/bot.html)"
185.215.232.215 - - [08/Aug/2026:17:23:45 -0400] "GET /hiroshi.php?r=22507145219 HTTP/1.1" 200 31934 "-" "Mozilla/5.0 (Linux; Android 6.0.1; Nexus 5X Build/MMB29P) AppleWebKit/537.36 (KHTML, like Gecko) Chrome/150.0.7871.186 Mobile Safari/537.36 (compatible; GoogleOther)"
185.215.232.215 - - [08/Aug/2026:17:23:46 -0400] "GET /?q=61454188027 HTTP/1.1" 200 30058 "-" "Mozilla/5.0 (Linux; Android 6.0.1; Nexus 5X Build/MMB29P) AppleWebKit/537.36 (KHTML, like Gecko) Chrome/150.0.7871.186 Mobile Safari/537.36 (compatible; GoogleOther)"
37.32.19.3 - - [08/Aug/2026:17:23:46 -0400] "GET /wp-admin/post-new.php?post_type=product HTTP/1.1" 200 394646 "https://shamemilad.ir/wp-admin/post.php?post=1898&action=edit" "Mozilla/5.0 (Windows NT 10.0; Win64; x64) AppleWebKit/537.36 (KHTML, like Gecko) Chrome/149.0.0.0 Safari/537.36"
185.215.232.215 - - [08/Aug/2026:17:23:48 -0400] "GET /?b=7053986258 HTTP/1.1" 200 29406 "-" "Mozilla/5.0 (Linux; Android 6.0.1; Nexus 5X Build/MMB29P) AppleWebKit/537.36 (KHTML, like Gecko) Chrome/150.0.7871.186 Mobile Safari/537.36 (compatible; GoogleOther)"
185.215.232.215 - - [08/Aug/2026:17:23:49 -0400] "GET /?r=61325258129 HTTP/1.1" 200 29011 "-" "Mozilla/5.0 (Linux; Android 6.0.1; Nexus 5X Build/MMB29P) AppleWebKit/537.36 (KHTML, like Gecko) Chrome/150.0.7871.186 Mobile Safari/537.36 (compatible; GoogleOther)"
185.215.232.215 - - [08/Aug/2026:17:23:51 -0400] "GET /?q=61454114893 HTTP/1.1" 200 29589 "-" "Mozilla/5.0 (Linux; Android 6.0.1; Nexus 5X Build/MMB29P) AppleWebKit/537.36 (KHTML, like Gecko) Chrome/150.0.7871.186 Mobile Safari/537.36 (compatible; Googlebot/2.1; +http://www.google.com/bot.html)"
185.215.232.215 - - [08/Aug/2026:17:23:52 -0400] "GET /?r=61325183334 HTTP/1.1" 200 28916 "-" "Mozilla/5.0 (Linux; Android 6.0.1; Nexus 5X Build/MMB29P) AppleWebKit/537.36 (KHTML, like Gecko) Chrome/150.0.7871.186 Mobile Safari/537.36 (compatible; GoogleOther)"
185.215.232.215 - - [08/Aug/2026:17:23:54 -0400] "GET /hiroshi.php?u=87848220610 HTTP/1.1" 200 29777 "-" "Mozilla/5.0 (Linux; Android 6.0.1; Nexus 5X Build/MMB29P) AppleWebKit/537.36 (KHTML, like Gecko) Chrome/150.0.7871.186 Mobile Safari/537.36 (compatible; GoogleOther)"
185.215.232.215 - - [08/Aug/2026:17:23:54 -0400] "GET /?o=99750181488 HTTP/1.1" 200 29137 "-" "Mozilla/5.0 (Linux; Android 6.0.1; Nexus 5X Build/MMB29P) AppleWebKit/537.36 (KHTML, like Gecko) Chrome/150.0.7871.186 Mobile Safari/537.36 (compatible; Googlebot/2.1; +http://www.google.com/bot.html)"
185.215.232.215 - - [08/Aug/2026:17:23:55 -0400] "GET /?b=7053914965 HTTP/1.1" 200 29464 "-" "Mozilla/5.0 (Linux; Android 6.0.1; Nexus 5X Build/MMB29P) AppleWebKit/537.36 (KHTML, like Gecko) Chrome/150.0.7871.186 Mobile Safari/537.36 (compatible; GoogleOther)"
37.32.19.3 - - [08/Aug/2026:17:23:56 -0400] "POST /wp-admin/admin-ajax.php HTTP/1.1" 200 32 "https://shamemilad.ir/wp-admin/post.php?post=1898&action=edit" "Mozilla/5.0 (Windows NT 10.0; Win64; x64) AppleWebKit/537.36 (KHTML, like Gecko) Chrome/149.0.0.0 Safari/537.36"
37.32.19.3 - - [08/Aug/2026:17:23:57 -0400] "GET /wp-json/wc-analytics/products/count-low-in-stock?status=publish&page=1&per_page=1&_locale=user HTTP/1.1" 200 21 "https://shamemilad.ir/wp-admin/post-new.php?post_type=product" "Mozilla/5.0 (Windows NT 10.0; Win64; x64) AppleWebKit/537.36 (KHTML, like Gecko) Chrome/149.0.0.0 Safari/537.36"
37.32.19.3 - - [08/Aug/2026:17:23:57 -0400] "GET /wp-json/wc-admin/options?options=woocommerce_ces_tracks_queue&_locale=user HTTP/1.1" 200 49 "https://shamemilad.ir/wp-admin/post-new.php?post_type=product" "Mozilla/5.0 (Windows NT 10.0; Win64; x64) AppleWebKit/537.36 (KHTML, like Gecko) Chrome/149.0.0.0 Safari/537.36"
37.32.19.3 - - [08/Aug/2026:17:23:57 -0400] "GET /wp-json/wc-analytics/products/reviews?page=1&per_page=1&status=hold&_embed=1&_fields%5B0%5D=id&_locale=user HTTP/1.1" 200 12 "https://shamemilad.ir/wp-admin/post-new.php?post_type=product" "Mozilla/5.0 (Windows NT 10.0; Win64; x64) AppleWebKit/537.36 (KHTML, like Gecko) Chrome/149.0.0.0 Safari/537.36"
37.32.19.3 - - [08/Aug/2026:17:23:57 -0400] "GET /wp-json/wc-admin/onboarding/tasks?_locale=user HTTP/1.1" 200 11228 "https://shamemilad.ir/wp-admin/post-new.php?post_type=product" "Mozilla/5.0 (Windows NT 10.0; Win64; x64) AppleWebKit/537.36 (KHTML, like Gecko) Chrome/149.0.0.0 Safari/537.36"
37.32.19.3 - - [08/Aug/2026:17:23:57 -0400] "GET /wp-json/wc-analytics/orders?page=1&per_page=1&status%5B0%5D=processing&status%5B1%5D=on-hold&_fields%5B0%5D=id&_locale=user HTTP/1.1" 200 12 "https://shamemilad.ir/wp-admin/post-new.php?post_type=product" "Mozilla/5.0 (Windows NT 10.0; Win64; x64) AppleWebKit/537.36 (KHTML, like Gecko) Chrome/149.0.0.0 Safari/537.36"
94.101.182.3 - - [08/Aug/2026:17:23:57 -0400] "POST /wp-cron.php?doing_wp_cron=1786224237.3565959930419921875000 HTTP/1.1" 200 31 "-" "WordPress/6.7.2; https://shamemilad.ir"
37.32.19.3 - - [08/Aug/2026:17:23:57 -0400] "GET /wp-json/wc-analytics/admin/notes?page=1&per_page=25&type=error%2Cupdate&status=unactioned&_locale=user HTTP/1.1" 200 12 "https://shamemilad.ir/wp-admin/post-new.php?post_type=product" "Mozilla/5.0 (Windows NT 10.0; Win64; x64) AppleWebKit/537.36 (KHTML, like Gecko) Chrome/149.0.0.0 Safari/537.36"
37.32.19.3 - - [08/Aug/2026:17:23:57 -0400] "GET /wp-json/jetpack/v4/connection/data?_locale=user HTTP/1.1" 200 340 "https://shamemilad.ir/wp-admin/post-new.php?post_type=product" "Mozilla/5.0 (Windows NT 10.0; Win64; x64) AppleWebKit/537.36 (KHTML, like Gecko) Chrome/149.0.0.0 Safari/537.36"
185.215.232.215 - - [08/Aug/2026:17:23:58 -0400] "GET /?o=9975074474 HTTP/1.1" 200 29350 "-" "Mozilla/5.0 (Linux; Android 6.0.1; Nexus 5X Build/MMB29P) AppleWebKit/537.36 (KHTML, like Gecko) Chrome/150.0.7871.186 Mobile Safari/537.36 (compatible; Googlebot/2.1; +http://www.google.com/bot.html)"
37.32.19.3 - - [08/Aug/2026:17:23:58 -0400] "GET /wp-json/wc-admin/options?options=woocommerce_admin_transient_notices_queue%2Cwoocommerce_admin_install_timestamp&_locale=user HTTP/1.1" 200 113 "https://shamemilad.ir/wp-admin/post-new.php?post_type=product" "Mozilla/5.0 (Windows NT 10.0; Win64; x64) AppleWebKit/537.36 (KHTML, like Gecko) Chrome/149.0.0.0 Safari/537.36"
37.32.19.3 - - [08/Aug/2026:17:23:59 -0400] "GET /wp-json/wc-admin/options?options=woocommerce_task_list_reminder_bar_hidden&_locale=user HTTP/1.1" 200 62 "https://shamemilad.ir/wp-admin/post-new.php?post_type=product" "Mozilla/5.0 (Windows NT 10.0; Win64; x64) AppleWebKit/537.36 (KHTML, like Gecko) Chrome/149.0.0.0 Safari/537.36"
185.215.232.215 - - [08/Aug/2026:17:24:00 -0400] "GET /?r=61325170445 HTTP/1.1" 200 29809 "-" "Mozilla/5.0 (Linux; Android 6.0.1; Nexus 5X Build/MMB29P) AppleWebKit/537.36 (KHTML, like Gecko) Chrome/150.0.7871.186 Mobile Safari/537.36 (compatible; GoogleOther)"
185.215.232.215 - - [08/Aug/2026:17:24:01 -0400] "GET /?r=61325114277 HTTP/1.1" 200 28926 "-" "Mozilla/5.0 (Linux; Android 6.0.1; Nexus 5X Build/MMB29P) AppleWebKit/537.36 (KHTML, like Gecko) Chrome/150.0.7871.186 Mobile Safari/537.36 (compatible; Googlebot/2.1; +http://www.google.com/bot.html)"
185.215.232.215 - - [08/Aug/2026:17:24:02 -0400] "GET /?f=3996732584 HTTP/1.1" 200 29671 "-" "Mozilla/5.0 (Linux; Android 6.0.1; Nexus 5X Build/MMB29P) AppleWebKit/537.36 (KHTML, like Gecko) Chrome/150.0.7871.186 Mobile Safari/537.36 (compatible; GoogleOther)"
37.32.19.3 - - [08/Aug/2026:17:24:03 -0400] "POST /wp-admin/admin-ajax.php HTTP/1.1" 200 121 "https://shambazaar.ir/" "Mozilla/5.0 (Windows NT 10.0; Win64; x64) AppleWebKit/537.36 (KHTML, like Gecko) Chrome/149.0.0.0 Safari/537.36"
185.215.232.215 - - [08/Aug/2026:17:24:03 -0400] "GET /?q=61454169175 HTTP/1.1" 200 30288 "-" "Mozilla/5.0 (Linux; Android 6.0.1; Nexus 5X Build/MMB29P) AppleWebKit/537.36 (KHTML, like Gecko) Chrome/150.0.7871.186 Mobile Safari/537.36 (compatible; Googlebot/2.1; +http://www.google.com/bot.html)"
185.215.232.215 - - [08/Aug/2026:17:24:04 -0400] "GET /hiroshi.php?r=22507277036 HTTP/1.1" 200 29029 "-" "Mozilla/5.0 (Linux; Android 6.0.1; Nexus 5X Build/MMB29P) AppleWebKit/537.36 (KHTML, like Gecko) Chrome/150.0.7871.186 Mobile Safari/537.36 (compatible; Googlebot/2.1; +http://www.google.com/bot.html)"
37.32.19.3 - - [08/Aug/2026:17:24:04 -0400] "POST /wp-admin/admin-ajax.php HTTP/1.1" 200 58 "https://shambazaar.ir/wp-admin/admin.php?page=kamangir-smart-login" "Mozilla/5.0 (Windows NT 10.0; Win64; x64) AppleWebKit/537.36 (KHTML, like Gecko) Chrome/149.0.0.0 Safari/537.36"
185.215.232.215 - - [08/Aug/2026:17:24:05 -0400] "GET /?o=99750302776 HTTP/1.1" 200 29028 "-" "Mozilla/5.0 (Linux; Android 6.0.1; Nexus 5X Build/MMB29P) AppleWebKit/537.36 (KHTML, like Gecko) Chrome/150.0.7871.186 Mobile Safari/537.36 (compatible; Googlebot/2.1; +http://www.google.com/bot.html)"
37.32.19.3 - - [08/Aug/2026:17:24:06 -0400] "POST /wp-admin/admin-ajax.php HTTP/1.1" 200 109 "https://shamemilad.ir/wp-admin/post-new.php?post_type=product" "Mozilla/5.0 (Windows NT 10.0; Win64; x64) AppleWebKit/537.36 (KHTML, like Gecko) Chrome/149.0.0.0 Safari/537.36"
185.215.232.215 - - [08/Aug/2026:17:24:06 -0400] "GET /hiroshi.php?r=22507101280 HTTP/1.1" 200 29687 "-" "Mozilla/5.0 (Linux; Android 6.0.1; Nexus 5X Build/MMB29P) AppleWebKit/537.36 (KHTML, like Gecko) Chrome/150.0.7871.186 Mobile Safari/537.36 (compatible; Googlebot/2.1; +http://www.google.com/bot.html)"
185.215.232.215 - - [08/Aug/2026:17:24:06 -0400] "GET /?b=70539136197 HTTP/1.1" 200 30106 "-" "Mozilla/5.0 (Linux; Android 6.0.1; Nexus 5X Build/MMB29P) AppleWebKit/537.36 (KHTML, like Gecko) Chrome/150.0.7871.186 Mobile Safari/537.36 (compatible; GoogleOther)"
185.215.232.215 - - [08/Aug/2026:17:24:08 -0400] "GET /?q=614541826 HTTP/1.1" 200 29356 "-" "Mozilla/5.0 (Linux; Android 6.0.1; Nexus 5X Build/MMB29P) AppleWebKit/537.36 (KHTML, like Gecko) Chrome/150.0.7871.186 Mobile Safari/537.36 (compatible; Googlebot/2.1; +http://www.google.com/bot.html)"
94.101.183.2 - - [08/Aug/2026:17:24:08 -0400] "POST /wp-cron.php?doing_wp_cron=1786224248.1736559867858886718750 HTTP/1.1" 200 31 "-" "WordPress/6.7.2; https://shamemilad.ir"
185.215.232.215 - - [08/Aug/2026:17:24:08 -0400] "GET /?r=61325210734 HTTP/1.1" 200 29598 "-" "Mozilla/5.0 (Linux; Android 6.0.1; Nexus 5X Build/MMB29P) AppleWebKit/537.36 (KHTML, like Gecko) Chrome/150.0.7871.186 Mobile Safari/537.36 (compatible; GoogleOther)"
37.32.19.3 - - [08/Aug/2026:17:24:08 -0400] "POST /wp-admin/admin-ajax.php HTTP/1.1" 200 121818 "https://shamemilad.ir/wp-admin/post-new.php?post_type=product" "Mozilla/5.0 (Windows NT 10.0; Win64; x64) AppleWebKit/537.36 (KHTML, like Gecko) Chrome/149.0.0.0 Safari/537.36"
185.215.232.215 - - [08/Aug/2026:17:24:09 -0400] "GET /?g=74444214356 HTTP/1.1" 200 29226 "-" "Mozilla/5.0 (Linux; Android 6.0.1; Nexus 5X Build/MMB29P) AppleWebKit/537.36 (KHTML, like Gecko) Chrome/150.0.7871.186 Mobile Safari/537.36 (compatible; Googlebot/2.1; +http://www.google.com/bot.html)"
185.215.232.215 - - [08/Aug/2026:17:24:12 -0400] "GET /?a=2948418102 HTTP/1.1" 200 29787 "-" "Mozilla/5.0 (Linux; Android 6.0.1; Nexus 5X Build/MMB29P) AppleWebKit/537.36 (KHTML, like Gecko) Chrome/150.0.7871.186 Mobile Safari/537.36 (compatible; GoogleOther)"
185.215.232.215 - - [08/Aug/2026:17:24:15 -0400] "GET /?b=70539510 HTTP/1.1" 200 31149 "-" "Mozilla/5.0 (Linux; Android 6.0.1; Nexus 5X Build/MMB29P) AppleWebKit/537.36 (KHTML, like Gecko) Chrome/150.0.7871.186 Mobile Safari/537.36 (compatible; Googlebot/2.1; +http://www.google.com/bot.html)"
185.215.232.215 - - [08/Aug/2026:17:24:15 -0400] "GET /?j=17741215727 HTTP/1.1" 200 29505 "-" "Mozilla/5.0 (Linux; Android 6.0.1; Nexus 5X Build/MMB29P) AppleWebKit/537.36 (KHTML, like Gecko) Chrome/150.0.7871.186 Mobile Safari/537.36 (compatible; GoogleOther)"
37.32.19.3 - - [08/Aug/2026:17:24:16 -0400] "POST /wp-admin/admin-ajax.php HTTP/1.1" 200 109 "https://shamemilad.ir/wp-admin/post-new.php?post_type=product" "Mozilla/5.0 (Windows NT 10.0; Win64; x64) AppleWebKit/537.36 (KHTML, like Gecko) Chrome/149.0.0.0 Safari/537.36"
185.215.232.215 - - [08/Aug/2026:17:24:16 -0400] "GET /hiroshi.php?l=2458112198 HTTP/1.1" 200 29017 "-" "Mozilla/5.0 (Linux; Android 6.0.1; Nexus 5X Build/MMB29P) AppleWebKit/537.36 (KHTML, like Gecko) Chrome/150.0.7871.186 Mobile Safari/537.36 (compatible; GoogleOther)"
185.215.232.215 - - [08/Aug/2026:17:24:17 -0400] "GET /?b=70539167987 HTTP/1.1" 200 29803 "-" "Mozilla/5.0 (Linux; Android 6.0.1; Nexus 5X Build/MMB29P) AppleWebKit/537.36 (KHTML, like Gecko) Chrome/150.0.7871.186 Mobile Safari/537.36 (compatible; Googlebot/2.1; +http://www.google.com/bot.html)"
185.215.232.215 - - [08/Aug/2026:17:24:18 -0400] "GET /?a=29484172635 HTTP/1.1" 200 30172 "-" "Mozilla/5.0 (Linux; Android 6.0.1; Nexus 5X Build/MMB29P) AppleWebKit/537.36 (KHTML, like Gecko) Chrome/150.0.7871.186 Mobile Safari/537.36 (compatible; Googlebot/2.1; +http://www.google.com/bot.html)"
185.215.232.215 - - [08/Aug/2026:17:24:21 -0400] "GET /hiroshi.php?l=2458148327 HTTP/1.1" 200 30799 "-" "Mozilla/5.0 (Linux; Android 6.0.1; Nexus 5X Build/MMB29P) AppleWebKit/537.36 (KHTML, like Gecko) Chrome/150.0.7871.186 Mobile Safari/537.36 (compatible; GoogleOther)"
185.215.232.215 - - [08/Aug/2026:17:24:21 -0400] "GET /?o=99750180112 HTTP/1.1" 200 29723 "-" "Mozilla/5.0 (Linux; Android 6.0.1; Nexus 5X Build/MMB29P) AppleWebKit/537.36 (KHTML, like Gecko) Chrome/150.0.7871.186 Mobile Safari/537.36 (compatible; Googlebot/2.1; +http://www.google.com/bot.html)"
185.215.232.215 - - [08/Aug/2026:17:24:21 -0400] "GET /?a=29484188073 HTTP/1.1" 200 29660 "-" "Mozilla/5.0 (Linux; Android 6.0.1; Nexus 5X Build/MMB29P) AppleWebKit/537.36 (KHTML, like Gecko) Chrome/150.0.7871.186 Mobile Safari/537.36 (compatible; Googlebot/2.1; +http://www.google.com/bot.html)"
185.215.232.215 - - [08/Aug/2026:17:24:21 -0400] "GET /?a=29484232500 HTTP/1.1" 200 29570 "-" "Mozilla/5.0 (Linux; Android 6.0.1; Nexus 5X Build/MMB29P) AppleWebKit/537.36 (KHTML, like Gecko) Chrome/150.0.7871.186 Mobile Safari/537.36 (compatible; GoogleOther)"
185.215.232.215 - - [08/Aug/2026:17:24:24 -0400] "GET /?o=99750181160 HTTP/1.1" 200 30678 "-" "Mozilla/5.0 (Linux; Android 6.0.1; Nexus 5X Build/MMB29P) AppleWebKit/537.36 (KHTML, like Gecko) Chrome/150.0.7871.186 Mobile Safari/537.36 (compatible; GoogleOther)"
185.215.232.215 - - [08/Aug/2026:17:24:29 -0400] "GET /?f=39967246842 HTTP/1.1" 200 29185 "-" "Mozilla/5.0 (Linux; Android 6.0.1; Nexus 5X Build/MMB29P) AppleWebKit/537.36 (KHTML, like Gecko) Chrome/150.0.7871.186 Mobile Safari/537.36 (compatible; Googlebot/2.1; +http://www.google.com/bot.html)"
185.215.232.215 - - [08/Aug/2026:17:24:31 -0400] "GET /?f=39967161806 HTTP/1.1" 200 28746 "-" "Mozilla/5.0 (Linux; Android 6.0.1; Nexus 5X Build/MMB29P) AppleWebKit/537.36 (KHTML, like Gecko) Chrome/150.0.7871.186 Mobile Safari/537.36 (compatible; GoogleOther)"
185.215.232.215 - - [08/Aug/2026:17:24:32 -0400] "GET /?f=3996710970 HTTP/1.1" 200 30152 "-" "Mozilla/5.0 (Linux; Android 6.0.1; Nexus 5X Build/MMB29P) AppleWebKit/537.36 (KHTML, like Gecko) Chrome/150.0.7871.186 Mobile Safari/537.36 (compatible; Googlebot/2.1; +http://www.google.com/bot.html)"
185.215.232.215 - - [08/Aug/2026:17:24:34 -0400] "GET /?r=61325169797 HTTP/1.1" 200 30255 "-" "Mozilla/5.0 (Linux; Android 6.0.1; Nexus 5X Build/MMB29P) AppleWebKit/537.36 (KHTML, like Gecko) Chrome/150.0.7871.186 Mobile Safari/537.36 (compatible; Googlebot/2.1; +http://www.google.com/bot.html)"
185.215.232.215 - - [08/Aug/2026:17:24:34 -0400] "GET /hiroshi.php?b=9419925931 HTTP/1.1" 200 29433 "-" "Mozilla/5.0 (Linux; Android 6.0.1; Nexus 5X Build/MMB29P) AppleWebKit/537.36 (KHTML, like Gecko) Chrome/150.0.7871.186 Mobile Safari/537.36 (compatible; GoogleOther)"
185.215.232.215 - - [08/Aug/2026:17:24:36 -0400] "GET /?a=29484234804 HTTP/1.1" 200 30471 "-" "Mozilla/5.0 (Linux; Android 6.0.1; Nexus 5X Build/MMB29P) AppleWebKit/537.36 (KHTML, like Gecko) Chrome/150.0.7871.186 Mobile Safari/537.36 (compatible; GoogleOther)"
185.215.232.215 - - [08/Aug/2026:17:24:37 -0400] "GET /?f=3996728165 HTTP/1.1" 200 29624 "-" "Mozilla/5.0 (Linux; Android 6.0.1; Nexus 5X Build/MMB29P) AppleWebKit/537.36 (KHTML, like Gecko) Chrome/150.0.7871.186 Mobile Safari/537.36 (compatible; GoogleOther)"
185.215.232.215 - - [08/Aug/2026:17:24:39 -0400] "GET /?q=61454130365 HTTP/1.1" 200 29276 "-" "Mozilla/5.0 (Linux; Android 6.0.1; Nexus 5X Build/MMB29P) AppleWebKit/537.36 (KHTML, like Gecko) Chrome/150.0.7871.186 Mobile Safari/537.36 (compatible; Googlebot/2.1; +http://www.google.com/bot.html)"
185.215.232.215 - - [08/Aug/2026:17:24:39 -0400] "GET /?j=1774172311 HTTP/1.1" 200 29445 "-" "Mozilla/5.0 (Linux; Android 6.0.1; Nexus 5X Build/MMB29P) AppleWebKit/537.36 (KHTML, like Gecko) Chrome/150.0.7871.186 Mobile Safari/537.36 (compatible; GoogleOther)"
185.215.232.215 - - [08/Aug/2026:17:24:42 -0400] "GET /?o=99750298199 HTTP/1.1" 200 29201 "-" "Mozilla/5.0 (Linux; Android 6.0.1; Nexus 5X Build/MMB29P) AppleWebKit/537.36 (KHTML, like Gecko) Chrome/150.0.7871.186 Mobile Safari/537.36 (compatible; GoogleOther)"
185.215.232.215 - - [08/Aug/2026:17:24:43 -0400] "GET /?o=9975023739 HTTP/1.1" 200 29690 "-" "Mozilla/5.0 (Linux; Android 6.0.1; Nexus 5X Build/MMB29P) AppleWebKit/537.36 (KHTML, like Gecko) Chrome/150.0.7871.186 Mobile Safari/537.36 (compatible; Googlebot/2.1; +http://www.google.com/bot.html)"
185.215.232.215 - - [08/Aug/2026:17:24:45 -0400] "GET /hiroshi.php?a=66014226603 HTTP/1.1" 200 29460 "-" "Mozilla/5.0 (Linux; Android 6.0.1; Nexus 5X Build/MMB29P) AppleWebKit/537.36 (KHTML, like Gecko) Chrome/150.0.7871.186 Mobile Safari/537.36 (compatible; GoogleOther)"
185.215.232.215 - - [08/Aug/2026:17:24:48 -0400] "GET /?q=6145496121 HTTP/1.1" 200 29488 "-" "Mozilla/5.0 (Linux; Android 6.0.1; Nexus 5X Build/MMB29P) AppleWebKit/537.36 (KHTML, like Gecko) Chrome/150.0.7871.186 Mobile Safari/537.36 (compatible; Googlebot/2.1; +http://www.google.com/bot.html)"
185.215.232.215 - - [08/Aug/2026:17:24:49 -0400] "GET /?r=6132593844 HTTP/1.1" 200 29132 "-" "Mozilla/5.0 (Linux; Android 6.0.1; Nexus 5X Build/MMB29P) AppleWebKit/537.36 (KHTML, like Gecko) Chrome/150.0.7871.186 Mobile Safari/537.36 (compatible; Googlebot/2.1; +http://www.google.com/bot.html)"
185.215.232.215 - - [08/Aug/2026:17:24:50 -0400] "GET /?a=2948488355 HTTP/1.1" 200 29005 "-" "Mozilla/5.0 (Linux; Android 6.0.1; Nexus 5X Build/MMB29P) AppleWebKit/537.36 (KHTML, like Gecko) Chrome/150.0.7871.186 Mobile Safari/537.36 (compatible; Googlebot/2.1; +http://www.google.com/bot.html)"
185.215.232.215 - - [08/Aug/2026:17:24:50 -0400] "GET /?f=3996710698 HTTP/1.1" 200 29810 "-" "Mozilla/5.0 (Linux; Android 6.0.1; Nexus 5X Build/MMB29P) AppleWebKit/537.36 (KHTML, like Gecko) Chrome/150.0.7871.186 Mobile Safari/537.36 (compatible; GoogleOther)"
185.215.232.215 - - [08/Aug/2026:17:24:54 -0400] "GET /?b=70539276379 HTTP/1.1" 200 29415 "-" "Mozilla/5.0 (Linux; Android 6.0.1; Nexus 5X Build/MMB29P) AppleWebKit/537.36 (KHTML, like Gecko) Chrome/150.0.7871.186 Mobile Safari/537.36 (compatible; GoogleOther)"
185.215.232.215 - - [08/Aug/2026:17:24:55 -0400] "GET /?q=6145482916 HTTP/1.1" 200 30210 "-" "Mozilla/5.0 (Linux; Android 6.0.1; Nexus 5X Build/MMB29P) AppleWebKit/537.36 (KHTML, like Gecko) Chrome/150.0.7871.186 Mobile Safari/537.36 (compatible; Googlebot/2.1; +http://www.google.com/bot.html)"
185.215.232.215 - - [08/Aug/2026:17:24:56 -0400] "GET /?r=61325242733 HTTP/1.1" 200 29516 "-" "Mozilla/5.0 (Linux; Android 6.0.1; Nexus 5X Build/MMB29P) AppleWebKit/537.36 (KHTML, like Gecko) Chrome/150.0.7871.186 Mobile Safari/537.36 (compatible; GoogleOther)"
185.215.232.215 - - [08/Aug/2026:17:24:56 -0400] "GET /?a=29484205759 HTTP/1.1" 200 29066 "-" "Mozilla/5.0 (Linux; Android 6.0.1; Nexus 5X Build/MMB29P) AppleWebKit/537.36 (KHTML, like Gecko) Chrome/150.0.7871.186 Mobile Safari/537.36 (compatible; GoogleOther)"
94.101.182.3 - - [08/Aug/2026:17:24:58 -0400] "POST /wp-cron.php?doing_wp_cron=1786224297.9910850524902343750000 HTTP/1.1" 200 31 "-" "WordPress/6.7.2; https://shamemilad.ir"
37.32.19.3 - - [08/Aug/2026:17:24:58 -0400] "POST /wp-admin/admin-ajax.php HTTP/1.1" 200 109 "https://shamemilad.ir/wp-admin/post-new.php?post_type=product" "Mozilla/5.0 (Windows NT 10.0; Win64; x64) AppleWebKit/537.36 (KHTML, like Gecko) Chrome/149.0.0.0 Safari/537.36"
185.215.232.215 - - [08/Aug/2026:17:24:59 -0400] "GET /hiroshi.php?l=31627191568 HTTP/1.1" 200 29774 "-" "Mozilla/5.0 (Linux; Android 6.0.1; Nexus 5X Build/MMB29P) AppleWebKit/537.36 (KHTML, like Gecko) Chrome/150.0.7871.186 Mobile Safari/537.36 (compatible; GoogleOther)"
185.215.232.215 - - [08/Aug/2026:17:24:59 -0400] "GET /?o=9975098163 HTTP/1.1" 200 29224 "-" "Mozilla/5.0 (Linux; Android 6.0.1; Nexus 5X Build/MMB29P) AppleWebKit/537.36 (KHTML, like Gecko) Chrome/150.0.7871.186 Mobile Safari/537.36 (compatible; Googlebot/2.1; +http://www.google.com/bot.html)"
185.215.232.215 - - [08/Aug/2026:17:24:59 -0400] "GET /?p=28381133617 HTTP/1.1" 200 29864 "-" "Mozilla/5.0 (Linux; Android 6.0.1; Nexus 5X Build/MMB29P) AppleWebKit/537.36 (KHTML, like Gecko) Chrome/150.0.7871.186 Mobile Safari/537.36 (compatible; Googlebot/2.1; +http://www.google.com/bot.html)"
185.215.232.215 - - [08/Aug/2026:17:24:59 -0400] "GET /?f=3996718233 HTTP/1.1" 200 29368 "-" "Mozilla/5.0 (Linux; Android 6.0.1; Nexus 5X Build/MMB29P) AppleWebKit/537.36 (KHTML, like Gecko) Chrome/150.0.7871.186 Mobile Safari/537.36 (compatible; GoogleOther)"
185.215.232.215 - - [08/Aug/2026:17:25:02 -0400] "GET /?j=1774138856 HTTP/1.1" 200 29545 "-" "Mozilla/5.0 (Linux; Android 6.0.1; Nexus 5X Build/MMB29P) AppleWebKit/537.36 (KHTML, like Gecko) Chrome/150.0.7871.186 Mobile Safari/537.36 (compatible; GoogleOther)"
185.215.232.215 - - [08/Aug/2026:17:25:04 -0400] "GET /?b=70539134203 HTTP/1.1" 200 29629 "-" "Mozilla/5.0 (Linux; Android 6.0.1; Nexus 5X Build/MMB29P) AppleWebKit/537.36 (KHTML, like Gecko) Chrome/150.0.7871.186 Mobile Safari/537.36 (compatible; Googlebot/2.1; +http://www.google.com/bot.html)"
185.215.232.215 - - [08/Aug/2026:17:25:05 -0400] "GET /?b=7053971047 HTTP/1.1" 200 29621 "-" "Mozilla/5.0 (Linux; Android 6.0.1; Nexus 5X Build/MMB29P) AppleWebKit/537.36 (KHTML, like Gecko) Chrome/150.0.7871.186 Mobile Safari/537.36 (compatible; Googlebot/2.1; +http://www.google.com/bot.html)"
37.32.19.3 - - [08/Aug/2026:17:25:06 -0400] "POST /wp-admin/async-upload.php HTTP/1.1" 200 2160 "https://shamemilad.ir/wp-admin/post-new.php?post_type=product" "Mozilla/5.0 (Windows NT 10.0; Win64; x64) AppleWebKit/537.36 (KHTML, like Gecko) Chrome/149.0.0.0 Safari/537.36"
185.215.232.215 - - [08/Aug/2026:17:25:06 -0400] "GET /?j=17741139087 HTTP/1.1" 200 29030 "-" "Mozilla/5.0 (Linux; Android 6.0.1; Nexus 5X Build/MMB29P) AppleWebKit/537.36 (KHTML, like Gecko) Chrome/150.0.7871.186 Mobile Safari/537.36 (compatible; Googlebot/2.1; +http://www.google.com/bot.html)"
185.215.232.215 - - [08/Aug/2026:17:25:06 -0400] "GET /?j=1774192114 HTTP/1.1" 200 29432 "-" "Mozilla/5.0 (Linux; Android 6.0.1; Nexus 5X Build/MMB29P) AppleWebKit/537.36 (KHTML, like Gecko) Chrome/150.0.7871.186 Mobile Safari/537.36 (compatible; GoogleOther)"
185.215.232.215 - - [08/Aug/2026:17:25:07 -0400] "GET /?s=7705663734 HTTP/1.1" 200 29322 "-" "Mozilla/5.0 (Linux; Android 6.0.1; Nexus 5X Build/MMB29P) AppleWebKit/537.36 (KHTML, like Gecko) Chrome/150.0.7871.186 Mobile Safari/537.36 (compatible; Googlebot/2.1; +http://www.google.com/bot.html)"
37.32.19.3 - - [08/Aug/2026:17:25:08 -0400] "POST /wp-admin/admin-ajax.php HTTP/1.1" 200 109 "https://shamemilad.ir/wp-admin/post-new.php?post_type=product" "Mozilla/5.0 (Windows NT 10.0; Win64; x64) AppleWebKit/537.36 (KHTML, like Gecko) Chrome/149.0.0.0 Safari/537.36"
185.215.232.215 - - [08/Aug/2026:17:25:11 -0400] "GET /?j=17741251166 HTTP/1.1" 200 30327 "-" "Mozilla/5.0 (Linux; Android 6.0.1; Nexus 5X Build/MMB29P) AppleWebKit/537.36 (KHTML, like Gecko) Chrome/150.0.7871.186 Mobile Safari/537.36 (compatible; GoogleOther)"
185.215.232.215 - - [08/Aug/2026:17:25:11 -0400] "GET /hiroshi.php?u=87848158065 HTTP/1.1" 200 30013 "-" "Mozilla/5.0 (Linux; Android 6.0.1; Nexus 5X Build/MMB29P) AppleWebKit/537.36 (KHTML, like Gecko) Chrome/150.0.7871.186 Mobile Safari/537.36 (compatible; GoogleOther)"
37.32.19.3 - - [08/Aug/2026:17:25:12 -0400] "POST /wp-admin/admin-ajax.php HTTP/1.1" 200 27 "https://shamemilad.ir/wp-admin/post-new.php?post_type=product" "Mozilla/5.0 (Windows NT 10.0; Win64; x64) AppleWebKit/537.36 (KHTML, like Gecko) Chrome/149.0.0.0 Safari/537.36"
185.215.232.215 - - [08/Aug/2026:17:25:12 -0400] "GET /?o=9975075442 HTTP/1.1" 200 30415 "-" "Mozilla/5.0 (Linux; Android 6.0.1; Nexus 5X Build/MMB29P) AppleWebKit/537.36 (KHTML, like Gecko) Chrome/150.0.7871.186 Mobile Safari/537.36 (compatible; Googlebot/2.1; +http://www.google.com/bot.html)"
37.32.19.3 - - [08/Aug/2026:17:25:12 -0400] "POST /wp-admin/admin-ajax.php HTTP/1.1" 200 27 "https://shamemilad.ir/wp-admin/post-new.php?post_type=product" "Mozilla/5.0 (Windows NT 10.0; Win64; x64) AppleWebKit/537.36 (KHTML, like Gecko) Chrome/149.0.0.0 Safari/537.36"
185.215.232.215 - - [08/Aug/2026:17:25:13 -0400] "GET /?o=99750270931 HTTP/1.1" 200 29668 "-" "Mozilla/5.0 (Linux; Android 6.0.1; Nexus 5X Build/MMB29P) AppleWebKit/537.36 (KHTML, like Gecko) Chrome/150.0.7871.186 Mobile Safari/537.36 (compatible; Googlebot/2.1; +http://www.google.com/bot.html)"
185.215.232.215 - - [08/Aug/2026:17:25:18 -0400] "GET /?q=61454104994 HTTP/1.1" 200 29916 "-" "Mozilla/5.0 (Linux; Android 6.0.1; Nexus 5X Build/MMB29P) AppleWebKit/537.36 (KHTML, like Gecko) Chrome/150.0.7871.186 Mobile Safari/537.36 (compatible; GoogleOther)"
185.215.232.215 - - [08/Aug/2026:17:25:18 -0400] "GET /?r=61325141004 HTTP/1.1" 200 29109 "-" "Mozilla/5.0 (Linux; Android 6.0.1; Nexus 5X Build/MMB29P) AppleWebKit/537.36 (KHTML, like Gecko) Chrome/150.0.7871.186 Mobile Safari/537.36 (compatible; GoogleOther)"
37.32.19.3 - - [08/Aug/2026:17:25:18 -0400] "POST /wp-admin/admin-ajax.php HTTP/1.1" 200 27 "https://shamemilad.ir/wp-admin/post-new.php?post_type=product" "Mozilla/5.0 (Windows NT 10.0; Win64; x64) AppleWebKit/537.36 (KHTML, like Gecko) Chrome/149.0.0.0 Safari/537.36"
37.32.19.3 - - [08/Aug/2026:17:25:18 -0400] "POST /wp-admin/admin-ajax.php HTTP/1.1" 200 2476 "https://shamemilad.ir/wp-admin/post-new.php?post_type=product" "Mozilla/5.0 (Windows NT 10.0; Win64; x64) AppleWebKit/537.36 (KHTML, like Gecko) Chrome/149.0.0.0 Safari/537.36"
37.32.19.3 - - [08/Aug/2026:17:25:18 -0400] "POST /wp-admin/admin-ajax.php HTTP/1.1" 200 313 "https://shamemilad.ir/wp-admin/post-new.php?post_type=product" "Mozilla/5.0 (Windows NT 10.0; Win64; x64) AppleWebKit/537.36 (KHTML, like Gecko) Chrome/149.0.0.0 Safari/537.36"
185.215.232.215 - - [08/Aug/2026:17:25:19 -0400] "GET /?b=70539217716 HTTP/1.1" 200 30115 "-" "Mozilla/5.0 (Linux; Android 6.0.1; Nexus 5X Build/MMB29P) AppleWebKit/537.36 (KHTML, like Gecko) Chrome/150.0.7871.186 Mobile Safari/537.36 (compatible; Googlebot/2.1; +http://www.google.com/bot.html)"
185.215.232.215 - - [08/Aug/2026:17:25:21 -0400] "GET /?b=70539225917 HTTP/1.1" 200 30593 "-" "Mozilla/5.0 (Linux; Android 6.0.1; Nexus 5X Build/MMB29P) AppleWebKit/537.36 (KHTML, like Gecko) Chrome/150.0.7871.186 Mobile Safari/537.36 (compatible; GoogleOther)"
185.215.232.215 - - [08/Aug/2026:17:25:23 -0400] "GET /?j=17741253491 HTTP/1.1" 200 28952 "-" "Mozilla/5.0 (Linux; Android 6.0.1; Nexus 5X Build/MMB29P) AppleWebKit/537.36 (KHTML, like Gecko) Chrome/150.0.7871.186 Mobile Safari/537.36 (compatible; GoogleOther)"
185.215.232.215 - - [08/Aug/2026:17:25:25 -0400] "GET /jukyuban/ HTTP/1.1" 200 30043 "-" "Mozilla/5.0 (Linux; Android 6.0.1; Nexus 5X Build/MMB29P) AppleWebKit/537.36 (KHTML, like Gecko) Chrome/150.0.7871.186 Mobile Safari/537.36 (compatible; GoogleOther)"
185.215.232.215 - - [08/Aug/2026:17:25:25 -0400] "GET /?f=39967149504 HTTP/1.1" 200 29336 "-" "Mozilla/5.0 (Linux; Android 6.0.1; Nexus 5X Build/MMB29P) AppleWebKit/537.36 (KHTML, like Gecko) Chrome/150.0.7871.186 Mobile Safari/537.36 (compatible; Googlebot/2.1; +http://www.google.com/bot.html)"
185.215.232.215 - - [08/Aug/2026:17:25:26 -0400] "GET /hiroshi.php?b=44279140025 HTTP/1.1" 200 29481 "-" "Mozilla/5.0 (Linux; Android 6.0.1; Nexus 5X Build/MMB29P) AppleWebKit/537.36 (KHTML, like Gecko) Chrome/150.0.7871.186 Mobile Safari/537.36 (compatible; GoogleOther)"
185.215.232.215 - - [08/Aug/2026:17:25:26 -0400] "GET /?f=39967218283 HTTP/1.1" 200 29486 "-" "Mozilla/5.0 (Linux; Android 6.0.1; Nexus 5X Build/MMB29P) AppleWebKit/537.36 (KHTML, like Gecko) Chrome/150.0.7871.186 Mobile Safari/537.36 (compatible; Googlebot/2.1; +http://www.google.com/bot.html)"
37.32.19.3 - - [08/Aug/2026:17:25:28 -0400] "POST /wp-admin/admin-ajax.php HTTP/1.1" 200 109 "https://shamemilad.ir/wp-admin/post-new.php?post_type=product&wp-post-new-reload=true" "Mozilla/5.0 (Windows NT 10.0; Win64; x64) AppleWebKit/537.36 (KHTML, like Gecko) Chrome/149.0.0.0 Safari/537.36"
37.32.19.3 - - [08/Aug/2026:17:25:28 -0400] "POST /wp-admin/post.php HTTP/1.1" 302 5 "https://shamemilad.ir/wp-admin/post-new.php?post_type=product&wp-post-new-reload=true" "Mozilla/5.0 (Windows NT 10.0; Win64; x64) AppleWebKit/537.36 (KHTML, like Gecko) Chrome/149.0.0.0 Safari/537.36"
185.215.232.215 - - [08/Aug/2026:17:25:28 -0400] "GET /?a=29484179030 HTTP/1.1" 200 29338 "-" "Mozilla/5.0 (Linux; Android 6.0.1; Nexus 5X Build/MMB29P) AppleWebKit/537.36 (KHTML, like Gecko) Chrome/150.0.7871.186 Mobile Safari/537.36 (compatible; Googlebot/2.1; +http://www.google.com/bot.html)"
94.101.182.3 - - [08/Aug/2026:17:25:29 -0400] "POST /wp-cron.php?doing_wp_cron=1786224329.1020228862762451171875 HTTP/1.1" 200 31 "-" "WordPress/6.7.6; https://shambazaar.ir"
37.32.19.3 - - [08/Aug/2026:17:25:29 -0400] "POST /wp-admin/admin-ajax.php HTTP/1.1" 200 58 "https://shambazaar.ir/wp-admin/admin.php?page=kamangir-smart-login" "Mozilla/5.0 (Windows NT 10.0; Win64; x64) AppleWebKit/537.36 (KHTML, like Gecko) Chrome/149.0.0.0 Safari/537.36"
185.215.232.215 - - [08/Aug/2026:17:25:29 -0400] "GET /?a=29484123232 HTTP/1.1" 200 29419 "-" "Mozilla/5.0 (Linux; Android 6.0.1; Nexus 5X Build/MMB29P) AppleWebKit/537.36 (KHTML, like Gecko) Chrome/150.0.7871.186 Mobile Safari/537.36 (compatible; GoogleOther)"
37.32.19.3 - - [08/Aug/2026:17:25:30 -0400] "POST /wp-admin/admin-ajax.php HTTP/1.1" 200 121 "https://shambazaar.ir/" "Mozilla/5.0 (Windows NT 10.0; Win64; x64) AppleWebKit/537.36 (KHTML, like Gecko) Chrome/149.0.0.0 Safari/537.36"
37.32.19.3 - - [08/Aug/2026:17:25:30 -0400] "GET /wp-admin/post.php?post=1901&action=edit&message=6 HTTP/1.1" 200 397185 "https://shamemilad.ir/wp-admin/post-new.php?post_type=product&wp-post-new-reload=true" "Mozilla/5.0 (Windows NT 10.0; Win64; x64) AppleWebKit/537.36 (KHTML, like Gecko) Chrome/149.0.0.0 Safari/537.36"
185.215.232.215 - - [08/Aug/2026:17:25:31 -0400] "GET /?f=3996745858 HTTP/1.1" 200 29444 "-" "Mozilla/5.0 (Linux; Android 6.0.1; Nexus 5X Build/MMB29P) AppleWebKit/537.36 (KHTML, like Gecko) Chrome/150.0.7871.186 Mobile Safari/537.36 (compatible; Googlebot/2.1; +http://www.google.com/bot.html)"
185.215.232.215 - - [08/Aug/2026:17:25:31 -0400] "GET /?j=1774199111 HTTP/1.1" 200 28892 "-" "Mozilla/5.0 (Linux; Android 6.0.1; Nexus 5X Build/MMB29P) AppleWebKit/537.36 (KHTML, like Gecko) Chrome/150.0.7871.186 Mobile Safari/537.36 (compatible; GoogleOther)"
37.32.19.3 - - [08/Aug/2026:17:25:33 -0400] "GET /shop/ HTTP/1.1" 200 39799 "https://shamemilad.ir/" "Mozilla/5.0 (Windows NT 10.0; Win64; x64) AppleWebKit/537.36 (KHTML, like Gecko) Chrome/149.0.0.0 Safari/537.36"
185.215.232.215 - - [08/Aug/2026:17:25:35 -0400] "GET /?r=6132535848 HTTP/1.1" 200 30818 "-" "Mozilla/5.0 (Linux; Android 6.0.1; Nexus 5X Build/MMB29P) AppleWebKit/537.36 (KHTML, like Gecko) Chrome/150.0.7871.186 Mobile Safari/537.36 (compatible; GoogleOther)"
37.32.19.3 - - [08/Aug/2026:17:25:35 -0400] "POST /wp-admin/admin-ajax.php HTTP/1.1" 200 121 "https://shambazaar.ir/" "Mozilla/5.0 (Windows NT 10.0; Win64; x64) AppleWebKit/537.36 (KHTML, like Gecko) Chrome/149.0.0.0 Safari/537.36"
185.215.232.215 - - [08/Aug/2026:17:25:36 -0400] "GET /?o=99750165443 HTTP/1.1" 200 29839 "-" "Mozilla/5.0 (Linux; Android 6.0.1; Nexus 5X Build/MMB29P) AppleWebKit/537.36 (KHTML, like Gecko) Chrome/150.0.7871.186 Mobile Safari/537.36 (compatible; Googlebot/2.1; +http://www.google.com/bot.html)"
37.32.19.3 - - [08/Aug/2026:17:25:38 -0400] "GET /wp-json/wc-admin/options?options=woocommerce_ces_tracks_queue&_locale=user HTTP/1.1" 200 49 "https://shamemilad.ir/wp-admin/post.php?post=1901&action=edit" "Mozilla/5.0 (Windows NT 10.0; Win64; x64) AppleWebKit/537.36 (KHTML, like Gecko) Chrome/149.0.0.0 Safari/537.36"
37.32.19.3 - - [08/Aug/2026:17:25:38 -0400] "GET /wp-json/wc-admin/onboarding/tasks?_locale=user HTTP/1.1" 200 11228 "https://shamemilad.ir/wp-admin/post.php?post=1901&action=edit" "Mozilla/5.0 (Windows NT 10.0; Win64; x64) AppleWebKit/537.36 (KHTML, like Gecko) Chrome/149.0.0.0 Safari/537.36"
37.32.19.3 - - [08/Aug/2026:17:25:38 -0400] "GET /wp-json/wc-analytics/orders?page=1&per_page=1&status%5B0%5D=processing&status%5B1%5D=on-hold&_fields%5B0%5D=id&_locale=user HTTP/1.1" 200 12 "https://shamemilad.ir/wp-admin/post.php?post=1901&action=edit" "Mozilla/5.0 (Windows NT 10.0; Win64; x64) AppleWebKit/537.36 (KHTML, like Gecko) Chrome/149.0.0.0 Safari/537.36"
37.32.19.3 - - [08/Aug/2026:17:25:38 -0400] "GET /wp-json/wc-analytics/products/reviews?page=1&per_page=1&status=hold&_embed=1&_fields%5B0%5D=id&_locale=user HTTP/1.1" 200 12 "https://shamemilad.ir/wp-admin/post.php?post=1901&action=edit" "Mozilla/5.0 (Windows NT 10.0; Win64; x64) AppleWebKit/537.36 (KHTML, like Gecko) Chrome/149.0.0.0 Safari/537.36"
37.32.19.3 - - [08/Aug/2026:17:25:38 -0400] "GET /wp-json/wc-analytics/products/count-low-in-stock?status=publish&page=1&per_page=1&_locale=user HTTP/1.1" 200 21 "https://shamemilad.ir/wp-admin/post.php?post=1901&action=edit" "Mozilla/5.0 (Windows NT 10.0; Win64; x64) AppleWebKit/537.36 (KHTML, like Gecko) Chrome/149.0.0.0 Safari/537.36"
185.215.232.215 - - [08/Aug/2026:17:25:39 -0400] "GET /?r=61325250782 HTTP/1.1" 200 29290 "-" "Mozilla/5.0 (Linux; Android 6.0.1; Nexus 5X Build/MMB29P) AppleWebKit/537.36 (KHTML, like Gecko) Chrome/150.0.7871.186 Mobile Safari/537.36 (compatible; Googlebot/2.1; +http://www.google.com/bot.html)"
185.215.232.215 - - [08/Aug/2026:17:25:39 -0400] "GET /?a=2948447639 HTTP/1.1" 200 29182 "-" "Mozilla/5.0 (Linux; Android 6.0.1; Nexus 5X Build/MMB29P) AppleWebKit/537.36 (KHTML, like Gecko) Chrome/150.0.7871.186 Mobile Safari/537.36 (compatible; GoogleOther)"
37.32.19.3 - - [08/Aug/2026:17:25:39 -0400] "GET /wp-admin/admin-ajax.php?action=oembed-cache&post=1901 HTTP/1.1" 200 32 "https://shamemilad.ir/wp-admin/post.php?post=1901&action=edit" "Mozilla/5.0 (Windows NT 10.0; Win64; x64) AppleWebKit/537.36 (KHTML, like Gecko) Chrome/149.0.0.0 Safari/537.36"
37.32.19.3 - - [08/Aug/2026:17:25:39 -0400] "GET /wp-json/wc-analytics/admin/notes?page=1&per_page=25&type=error%2Cupdate&status=unactioned&_locale=user HTTP/1.1" 200 12 "https://shamemilad.ir/wp-admin/post.php?post=1901&action=edit" "Mozilla/5.0 (Windows NT 10.0; Win64; x64) AppleWebKit/537.36 (KHTML, like Gecko) Chrome/149.0.0.0 Safari/537.36"
37.32.19.3 - - [08/Aug/2026:17:25:39 -0400] "GET /wp-json/wc-admin/options?options=woocommerce_admin_transient_notices_queue%2Cwoocommerce_admin_install_timestamp&_locale=user HTTP/1.1" 200 113 "https://shamemilad.ir/wp-admin/post.php?post=1901&action=edit" "Mozilla/5.0 (Windows NT 10.0; Win64; x64) AppleWebKit/537.36 (KHTML, like Gecko) Chrome/149.0.0.0 Safari/537.36"
37.32.19.3 - - [08/Aug/2026:17:25:39 -0400] "GET /wp-json/jetpack/v4/connection/data?_locale=user HTTP/1.1" 200 340 "https://shamemilad.ir/wp-admin/post.php?post=1901&action=edit" "Mozilla/5.0 (Windows NT 10.0; Win64; x64) AppleWebKit/537.36 (KHTML, like Gecko) Chrome/149.0.0.0 Safari/537.36"
37.32.19.3 - - [08/Aug/2026:17:25:40 -0400] "GET /wp-json/wc-admin/options?options=woocommerce_task_list_reminder_bar_hidden&_locale=user HTTP/1.1" 200 62 "https://shamemilad.ir/wp-admin/post.php?post=1901&action=edit" "Mozilla/5.0 (Windows NT 10.0; Win64; x64) AppleWebKit/537.36 (KHTML, like Gecko) Chrome/149.0.0.0 Safari/537.36"
185.215.232.215 - - [08/Aug/2026:17:25:41 -0400] "GET /?p=28381148474 HTTP/1.1" 200 28912 "-" "Mozilla/5.0 (Linux; Android 6.0.1; Nexus 5X Build/MMB29P) AppleWebKit/537.36 (KHTML, like Gecko) Chrome/150.0.7871.186 Mobile Safari/537.36 (compatible; GoogleOther)"
185.215.232.215 - - [08/Aug/2026:17:25:43 -0400] "GET /?s=77056193443 HTTP/1.1" 200 30388 "-" "Mozilla/5.0 (Linux; Android 6.0.1; Nexus 5X Build/MMB29P) AppleWebKit/537.36 (KHTML, like Gecko) Chrome/150.0.7871.186 Mobile Safari/537.36 (compatible; GoogleOther)"
185.215.232.215 - - [08/Aug/2026:17:25:43 -0400] "GET /?a=29484281277 HTTP/1.1" 200 29794 "-" "Mozilla/5.0 (Linux; Android 6.0.1; Nexus 5X Build/MMB29P) AppleWebKit/537.36 (KHTML, like Gecko) Chrome/150.0.7871.186 Mobile Safari/537.36 (compatible; Googlebot/2.1; +http://www.google.com/bot.html)"
185.215.232.215 - - [08/Aug/2026:17:25:45 -0400] "GET /?f=39967128649 HTTP/1.1" 200 31350 "-" "Mozilla/5.0 (Linux; Android 6.0.1; Nexus 5X Build/MMB29P) AppleWebKit/537.36 (KHTML, like Gecko) Chrome/150.0.7871.186 Mobile Safari/537.36 (compatible; GoogleOther)"
37.32.19.3 - - [08/Aug/2026:17:25:46 -0400] "GET /wp-admin/edit.php?post_type=product HTTP/1.1" 200 344400 "https://shamemilad.ir/wp-admin/post.php?post=1901&action=edit" "Mozilla/5.0 (Windows NT 10.0; Win64; x64) AppleWebKit/537.36 (KHTML, like Gecko) Chrome/149.0.0.0 Safari/537.36"
